347
CXUS51 KILN 011156
CLMDAY


CLIMATE REPORT
NATIONAL WEATHER SERVICE WILMINGTON OH
750 AM EDT THU SEP 1 2016

...................................

...THE DAYTON CLIMATE SUMMARY FOR THE MONTH OF AUGUST 2016...

CLIMATE NORMAL PERIOD 1981 TO 2010
CLIMATE RECORD PERIOD 1869 TO 2016

WEATHER         OBSERVED          NORMAL  DEPART  LAST YEAR`S
                 VALUE   DATE(S)  VALUE   FROM    VALUE  DATE(S)
                                          NORMAL
................................................................
TEMPERATURE (F)
RECORD
 HIGH             103   08/05/1918
 LOW               40   08/03/1965
                        08/28/1910
                        08/28/1894
HIGHEST            91   08/11        83       8       87  08/16
                        08/09
LOWEST             56   08/22        63      -7       51  08/25
AVG. MAXIMUM     85.7              82.6     3.1     80.6
AVG. MINIMUM     67.9              62.7     5.2     60.8
MEAN             76.8              72.7     4.1     70.7
DAYS MAX >= 90      7               3.2     3.8        0
DAYS MAX <= 32      0               0.0     0.0        0
DAYS MIN <= 32      0               0.0     0.0        0
DAYS MIN <= 0       0               0.0     0.0        0

PRECIPITATION (INCHES)
TOTALS           3.74              2.99    0.75     1.94
DAILY AVG.       0.12              0.10    0.02     0.06
DAYS >= .01        13               8.4     4.6        9
DAYS >= .10         8               4.8     3.2        4
DAYS >= .50         2               2.0     0.0        1
DAYS >= 1.00        1               0.9     0.1        0
GREATEST
 24 HR. TOTAL    1.16   08/13 TO 08/14

SNOWFALL (INCHES)
TOTALS            0.0               0.0     0.0      0.0
SINCE 7/1         0.0               0.0     0.0      0.0
DAYS >= TRACE       0               0.0     0.0        0
DAYS >= 1.0         0               0.0     0.0        0
GREATEST
 24 HR TOTAL      0.0   08/31 TO 08/31

DEGREE_DAYS
HEATING TOTAL       0                 2      -2        9
 SINCE 7/1          3                 2       1        9
COOLING TOTAL     372               243     129      193
 SINCE 1/1       1028               782     246      901
..................................................

WIND (MPH)
AVERAGE WIND SPEED              6.7
RESULTANT WIND SPEED/DIRECTION   2/213
HIGHEST WIND SPEED/DIRECTION    39/250    DATE  08/27
HIGHEST GUST SPEED/DIRECTION    53/250    DATE  08/27

SKY COVER
AVERAGE SKY COVER           0.60

AVERAGE RH (PERCENT)     75

WEATHER CONDITIONS. NUMBER OF DAYS WITH
THUNDERSTORM             11     MIXED PRECIP               0
HEAVY RAIN                5     RAIN                       8
LIGHT RAIN               18     FREEZING RAIN              0
LT FREEZING RAIN          0     HAIL                       0
HEAVY SNOW                0     SNOW                       0
LIGHT SNOW                0     SLEET                      0
FOG                      14     FOG W/VIS <= 1/4 MILE      2
HAZE                      5

-  INDICATES NEGATIVE NUMBERS.
R  INDICATES RECORD WAS SET OR TIED.
MM INDICATES DATA IS MISSING.
T  INDICATES TRACE AMOUNT.

$$
