000
CXUS51 KILN 011141
CLMDAY


CLIMATE REPORT
NATIONAL WEATHER SERVICE WILMINGTON OH
734 AM EDT WED JUL 1 2015

...................................

...THE DAYTON CLIMATE SUMMARY FOR THE MONTH OF JUNE 2015...

CLIMATE NORMAL PERIOD 1981 TO 2010
CLIMATE RECORD PERIOD 1869 TO 2015

WEATHER         OBSERVED          NORMAL  DEPART  LAST YEAR`S
                 VALUE   DATE(S)  VALUE   FROM    VALUE  DATE(S)
                                          NORMAL
................................................................
TEMPERATURE (F)
RECORD
 HIGH             102   06/28/2012
                        06/25/1988
                        06/28/1944
 LOW               40   06/05/1990
                        06/11/1972
                        06/03/1929
HIGHEST            91   06/14        81      10       91  06/18
                        06/13                             06/17
                        06/12
LOWEST             48   06/02        60     -12       49  06/14
AVG. MAXIMUM     81.4              80.2     1.2     82.5
AVG. MINIMUM     63.7              60.9     2.8     64.6
MEAN             72.5              70.6     1.9     73.6
DAYS MAX >= 90      5               1.6     3.4        3
DAYS MAX <= 32      0               0.0     0.0        0
DAYS MIN <= 32      0               0.0     0.0        0
DAYS MIN <= 0       0               0.0     0.0        0

PRECIPITATION (INCHES)
TOTALS           7.88              4.17    3.71     3.53
DAILY AVG.       0.26              0.14    0.12     0.12
DAYS >= .01        14              11.8     2.2       14
DAYS >= .10        12               7.3     4.7       10
DAYS >= .50         6               2.8     3.2        2
DAYS >= 1.00        2               0.9     1.1        0
GREATEST
 24 HR. TOTAL    1.94   06/17 TO 06/17           06/18 TO 06/19
                                                          06/30 TO 06/30
                                                          06/30 TO 06/30
 STORM TOTAL       MM                                 MM
 (MM/DD(HH))            MM                    06/19(00) TO 06/19(00)
                                                 06/30(00) TO 06/30(00)0
                                                 06/30(00) TO 06/30(00)0

SNOWFALL (INCHES)
TOTALS            0.0               0.0     0.0      0.0
SINCE 7/1        27.7              23.3     4.4     53.6
DAYS >= TRACE       0               0.0     0.0        0
DAYS >= 1.0         0               0.0     0.0        0
GREATEST
 24 HR TOTAL      0.0   06/30 TO 06/30           06/30 TO 06/30
                                                          06/30 TO 06/30
                                                          06/30 TO 06/30
 STORM TOTAL       MM                                 MM
 (MM/DD(HH))            MM                    06/30(00) TO 06/30(00)
                                                 06/30(00) TO 06/30(00)0
                                                 06/30(00) TO 06/30(00)0

DEGREE_DAYS
HEATING TOTAL      20                22      -2        2
 SINCE 7/1       5784              5642     142     5940
COOLING TOTAL     254               190      64      263
 SINCE 1/1        429               260     169      392
.................................................

WIND (MPH)
AVERAGE WIND SPEED              9.1
RESULTANT WIND SPEED/DIRECTION   4/238
HIGHEST WIND SPEED/DIRECTION    35/320    DATE  06/08
HIGHEST GUST SPEED/DIRECTION    45/320    DATE  06/08

SKY COVER
AVERAGE SKY COVER           0.70

AVERAGE RH (PERCENT)     74

WEATHER CONDITIONS. NUMBER OF DAYS WITH
THUNDERSTORM              0     MIXED PRECIP               0
HEAVY RAIN                8     RAIN                      12
LIGHT RAIN               18     FREEZING RAIN              0
LT FREEZING RAIN          0     HAIL                       0
HEAVY SNOW                0     SNOW                       0
LIGHT SNOW                0     SLEET                      0
FOG                      23     FOG W/VIS <= 1/4 MILE      2
HAZE                     13

-  INDICATES NEGATIVE NUMBERS.
R  INDICATES RECORD WAS SET OR TIED.
MM INDICATES DATA IS MISSING.
T  INDICATES TRACE AMOUNT.

The 7.88 inches of precipitation is the 4th wettest June on record. The top
3 wettest Junes on record are: 10.89 inches in 1958, 9.54 inches in 1980 and
9.09 inches in 2003.

$$
