000
CXUS54 KFWD 010850
CLMDFW

CLIMATE REPORT
NATIONAL WEATHER SERVICE FORT WORTH TX
350 AM CDT TUE JUL 1 2014

...................................

...THE DALLAS FORT WORTH CLIMATE SUMMARY FOR THE MONTH OF JUNE 2014...

CLIMATE NORMAL PERIOD 1981 TO 2010
CLIMATE RECORD PERIOD 1898 TO 2014

WEATHER         OBSERVED          NORMAL  DEPART  LAST YEAR`S
                 VALUE   DATE(S)  VALUE   FROM    VALUE  DATE(S)
                                          NORMAL
................................................................
TEMPERATURE (F)
RECORD
 HIGH             113   06/27/1980
                        06/26/1980
 LOW               48   06/01/1903
HIGHEST            96   06/18        99      -3      103  06/28
                        06/16
                        06/07
LOWEST             65   06/11        61       4       62  06/03
                        06/09
AVG. MAXIMUM     91.2              91.3    -0.1     92.6
AVG. MINIMUM     73.5              71.4     2.1     72.6
MEAN             82.4              81.3     1.1     82.6
DAYS MAX >= 90     21              19.4     1.6       23
DAYS MAX <= 32      0               0.0     0.0        0
DAYS MAX >= 100     0                                  2
DAYS MIN <= 32      0               0.0     0.0        0
DAYS MIN <= 0       0               0.0     0.0        0
DAYS MIN >= 80      0                                  0

PRECIPITATION (INCHES)
RECORD
 MAXIMUM        11.58   1928
 MINIMUM            T   1952
                        1934
TOTALS           3.26              3.79   -0.53     2.14
DAILY AVG.       0.11              0.13   -0.02     0.07
DAYS >= .01         8               8.0     0.0        4
DAYS >= .10         4               5.8    -1.8        3
DAYS >= .50         4               2.8     1.2        2
DAYS >= 1.00        1               1.1    -0.1        1
GREATEST
 24 HR. TOTAL    1.08   06/24 TO 06/25              1.12

DEGREE_DAYS
HEATING TOTAL       0                 0       0        0
 SINCE 7/1       2603              2284     319     2045
COOLING TOTAL     527               491      36      538
 SINCE 1/1       1003               913      90      927
.................................................................

WIND (MPH)
AVERAGE WIND SPEED              13.4
HIGHEST WIND SPEED/DIRECTION    39/320    DATE  06/09
HIGHEST GUST SPEED/DIRECTION    49/320    DATE  06/09

SKY COVER
POSSIBLE SUNSHINE (PERCENT)   MM
AVERAGE SKY COVER           0.60
NUMBER OF DAYS FAIR            5
NUMBER OF DAYS PC             16
NUMBER OF DAYS CLOUDY          9

AVERAGE RH (PERCENT)     66

WEATHER CONDITIONS. NUMBER OF DAYS WITH
THUNDERSTORM              7     MIXED PRECIP               0
HEAVY RAIN                2     RAIN                       6
LIGHT RAIN               10     FREEZING RAIN              0
LT FREEZING RAIN          0     HAIL                       0
HEAVY SNOW                0     SNOW                       0
LIGHT SNOW                0     SLEET                      0
FOG                       8     FOG W/VIS <= 1/4 MILE      0
HAZE                      3

-  INDICATES NEGATIVE NUMBERS.
R  INDICATES RECORD WAS SET OR TIED.
MM INDICATES DATA IS MISSING.
T  INDICATES TRACE AMOUNT.

$$
