000
CXUS55 KCYS 061513
CLMDGW


CLIMATE REPORT
NATIONAL WEATHER SERVICE CHEYENNE WY
913 AM MDT MON JUL 6 2015

...................................

...THE DOUGLAS WY AIRPORT CLIMATE SUMMARY FOR THE MONTH OF JUNE 2015...

CLIMATE NORMAL PERIOD 1981 TO 2010
CLIMATE RECORD PERIOD 1998 TO 2015

WEATHER         OBSERVED          NORMAL  DEPART  LAST YEAR`S
                 VALUE   DATE(S)  VALUE   FROM    VALUE
                                          NORMAL
.............................................................
TEMPERATURE (F)
RECORD
 HIGH             102   06/26/2012
                        06/24/2012
                        06/23/2012
 LOW               29   06/08/2007
                        06/05/2001
HIGHEST            92   06/30        MM      MM       91
                        06/19
LOWEST             45   06/08        MM      MM       32
AVG. MAXIMUM     81.5              79.7     1.8     77.1
AVG. MINIMUM     52.1              47.7     4.4     44.7
MEAN             66.8              63.7     3.1     60.9
DAYS MAX >= 90      5               5.2                3
DAYS MAX <= 32      0               0.0                0
DAYS MIN <= 32      0               0.2                1
DAYS MIN <= 0       0               0.0                0

PRECIPITATION (INCHES)
RECORD
 MAXIMUM           MM   MM
 MINIMUM           MM   MM
TOTALS           2.08              1.91    0.17     1.06
DAYS >= .01        12                MM      MM        8
DAYS >= .10         6                MM      MM        4
DAYS >= .50         1                MM      MM        0
DAYS >= 1.00        0                MM      MM        0
GREATEST
 24 HR. TOTAL    1.05   06/14 TO 06/15

DEGREE_DAYS
HEATING TOTAL      22               110     -88      143
 SINCE 7/1       6845              7441    -596     7616
COOLING TOTAL      84                71      13       27
 SINCE 1/1         85                77       8       32
..............................................................

WIND (MPH)
AVERAGE WIND SPEED              7.9
HIGHEST WIND SPEED/DIRECTION    38/350    DATE  06/21
HIGHEST GUST SPEED/DIRECTION    53/360    DATE  06/21

SKY COVER
POSSIBLE SUNSHINE (PERCENT)   MM
AVERAGE SKY COVER           0.20
NUMBER OF DAYS FAIR           20
NUMBER OF DAYS PC             10
NUMBER OF DAYS CLOUDY          0

AVERAGE RH (PERCENT)     66

WEATHER CONDITIONS. NUMBER OF DAYS WITH
THUNDERSTORM              0     MIXED PRECIP               0
HEAVY RAIN                5     RAIN                       6
LIGHT RAIN               15     FREEZING RAIN              0
LT FREEZING RAIN          0     HAIL                       0
HEAVY SNOW                0     SNOW                       0
LIGHT SNOW                0     SLEET                      0
FOG                      14     FOG W/VIS <= 1/4 MILE      5
HAZE                      0

-  INDICATES NEGATIVE NUMBERS.
R  INDICATES RECORD WAS SET OR TIED.
MM INDICATES DATA IS MISSING.
T  INDICATES TRACE AMOUNT.

$$
