000
CXUS54 KAMA 011628
CLMDHT


CLIMATE REPORT
NATIONAL WEATHER SERVICE AMARILLO TX
1122 AM CDT SAT AUG 1 2015

...................................

...THE DALHART CLIMATE SUMMARY FOR THE MONTH OF JULY 2015...

CLIMATE NORMAL PERIOD 1981 TO 2010
CLIMATE RECORD PERIOD 1894 TO 2015

WEATHER         OBSERVED          NORMAL  DEPART  LAST YEAR`S
                 VALUE   DATE(S)  VALUE   FROM    VALUE  DATE(S)
                                          NORMAL
................................................................
TEMPERATURE (F)
RECORD
 HIGH             107   07/09/2011
 LOW               49   07/31/2005
                        07/28/2005
                        07/13/1987
HIGHEST           101   07/27                        105  07/25
                        07/26
                        07/25
LOWEST             57   07/08                         57  07/31
AVG. MAXIMUM     93.7              91.4     2.3     90.2
AVG. MINIMUM     65.9              62.1     3.8     63.6
MEAN             79.8              76.7     3.1     76.9
DAYS MAX >= 90     23              20.1     2.9       18
DAYS MAX <= 32      0               0.0     0.0        0
DAYS MIN <= 32      0               0.0     0.0        0
DAYS MIN <= 0       0               0.0     0.0        0

PRECIPITATION (INCHES)
TOTALS           4.15              2.79    1.36     2.15
DAILY AVG.       0.13              0.09    0.04     0.07
DAYS >= .01         8               7.6     0.4        4
DAYS >= .10         6               4.9     1.1        3
DAYS >= .50         2               2.0     0.0        2
DAYS >= 1.00        2               0.9     1.1        1
GREATEST
 24 HR. TOTAL    2.19   07/08

SNOWFALL (INCHES)
TOTALS            0.0               0.0     0.0      0.0
SINCE 7/1         0.0               0.0     0.0      0.0
DAYS >= TRACE       0               0.0     0.0
DAYS >= 1.0         0               0.0     0.0        0
GREATEST
 SNOW DEPTH         0
 24 HR TOTAL      0.0

DEGREE_DAYS
HEATING TOTAL       0                 1      -1        0
 SINCE 7/1          0                 1      -1        0
COOLING TOTAL     466               365     101      377
 SINCE 1/1        821               677     144      793
.................................................................

WIND (MPH)
AVERAGE WIND SPEED              10.7
HIGHEST WIND SPEED/DIRECTION    53/290    DATE  07/08
HIGHEST GUST SPEED/DIRECTION    67/280    DATE  07/08

SKY COVER
POSSIBLE SUNSHINE (PERCENT)   MM
NUMBER OF DAYS FAIR           26
NUMBER OF DAYS PC              5
NUMBER OF DAYS CLOUDY          0

AVERAGE RH (PERCENT)     58

WEATHER CONDITIONS. NUMBER OF DAYS WITH
THUNDERSTORM             17     MIXED PRECIP               0
HEAVY RAIN                3     RAIN                       7
LIGHT RAIN               17     FREEZING RAIN              0
LT FREEZING RAIN          0     HEAVY SNOW                 0
SNOW                      0     LIGHT SNOW                 0
SLEET                     0     FOG                       11
FOG W/VIS <= 1/4 MILE     1     HAZE                      12

-  INDICATES NEGATIVE NUMBERS.
R  INDICATES RECORD WAS SET OR TIED.
MM INDICATES DATA IS MISSING.
T  INDICATES TRACE AMOUNT.

$$
