000
CXUS55 KGJT 011138
CLMDRO


CLIMATE REPORT
NATIONAL WEATHER SERVICE GRAND JUNCTION CO
442 AM MDT FRI JUL 1 2016

...................................

...THE DURANGO AIRPORT CO CLIMATE SUMMARY FOR THE MONTH OF JUNE 2016...

CLIMATE NORMAL PERIOD 1981 TO 2010
CLIMATE RECORD PERIOD 9999 TO 9999

WEATHER         OBSERVED          NORMAL  DEPART  LAST YEAR`S
                 VALUE   DATE(S)  VALUE   FROM    VALUE  DATE(S)
                                          NORMAL
................................................................
TEMPERATURE (F)
HIGHEST            96   06/20        MM      MM       93  06/23
                                                          06/22
                                                          06/21
LOWEST             35   06/16        MM      MM       35  06/04
                        06/15
AVG. MAXIMUM     86.6              81.5     5.1     82.3
AVG. MINIMUM     47.1              42.7     4.4     46.3
MEAN             66.8              62.1     4.7     64.3
DAYS MAX >= 90      9               1.8     7.2        6
DAYS MAX <= 32      0               0.0     0.0        0
DAYS MIN <= 32      0               1.2    -1.2        0
DAYS MIN <= 0       0               0.0     0.0        0

PRECIPITATION (INCHES)
TOTALS           0.36              0.64   -0.28     1.66
DAILY AVG.       0.01              0.02   -0.01     0.06
DAYS >= .01         2                MM      MM        8
DAYS >= .10         1                MM      MM        5
DAYS >= .50         0                MM      MM        1
DAYS >= 1.00        0                MM      MM        0
GREATEST
 24 HR. TOTAL    0.30   06/29 TO 06/29              0.77

SNOWFALL (INCHES)
TOTALS             MM                MM      MM       MM
SINCE 7/1          MM                MM      MM       MM
SNOWDEPTH AVG.     MM                MM      MM       MM
DAYS >= 1.0        MM                MM      MM       MM
GREATEST
 SNOW DEPTH        MM                                 MM  MM
 24 HR TOTAL       MM                                 MM

DEGREE_DAYS
HEATING TOTAL      37               115     -78       81
 SINCE 7/1       7195              7123      72     6262
COOLING TOTAL     101                28      73       69
 SINCE 1/1        101                29      72       69
.................................................................

WIND (MPH)
AVERAGE WIND SPEED              6.3
HIGHEST WIND SPEED/DIRECTION    38/010    DATE  06/28
HIGHEST GUST SPEED/DIRECTION    50/020    DATE  06/09

SKY COVER
POSSIBLE SUNSHINE (PERCENT)   MM
AVERAGE SKY COVER           0.10
NUMBER OF DAYS FAIR           29
NUMBER OF DAYS PC              1
NUMBER OF DAYS CLOUDY          0

AVERAGE RH (PERCENT)     38

WEATHER CONDITIONS. NUMBER OF DAYS WITH
THUNDERSTORM              9     MIXED PRECIP               0
HEAVY RAIN                1     RAIN                       0
LIGHT RAIN                9     FREEZING RAIN              0
LT FREEZING RAIN          0     HAIL                       0
HEAVY SNOW                0     SNOW                       0
LIGHT SNOW                0     SLEET                      0
FOG                       0     FOG W/VIS <= 1/4 MILE      0
HAZE                      1

-  INDICATES NEGATIVE NUMBERS.
R  INDICATES RECORD WAS SET OR TIED.
MM INDICATES DATA IS MISSING.
T  INDICATES TRACE AMOUNT.

$$
