000
CXUS55 KTWC 021503
CLMDUG
CLIMATE REPORT
NATIONAL WEATHER SERVICE TUCSON AZ
803 AM MST SAT MAR 02 2024
...................................
...THE DOUGLAS AZ CLIMATE SUMMARY FOR THE MONTH OF FEBRUARY 2024...
CLIMATE NORMAL PERIOD 1991 TO 2020
CLIMATE RECORD PERIOD 1948 TO 2024
WEATHER OBSERVED NORMAL DEPART LAST YEAR`S
VALUE DATE(S) VALUE FROM VALUE
NORMAL
..............................................................
TEMPERATURE (F)
RECORD
HIGH 86 02/10/2017
02/23/2009
02/14/1957
LOW 0 02/04/2011
HIGHEST 81 02/25 78 3
LOWEST 22 02/12 20 2
AVG. MAXIMUM 66.2 65.7 0.5
AVG. MINIMUM 33.9 31.5 2.4
MEAN 50.1 48.6 1.5
DAYS MAX >= 90 0 0.0 0.0
DAYS MAX >= 100 0
DAYS MIN <= 32 16 13.8 2.2
DAYS MIN >= 80 0
PRECIPITATION (INCHES)
RECORD
MAXIMUM 2.33 1980
MINIMUM 0.00 2022
TOTALS 0.86 0.56 0.30 0.31
DAILY AVG. 0.03 NAN NAN 0.01
DAYS >= .01 5 4.2 0.8 5
DAYS >= .10 3 1.8 1.2 1
DAYS >= .50 0 0.1 -0.1 0
DAYS >= 1.00 0 0.0 0.0 0
GREATEST
24 HR. TOTAL 0.37 02/28 TO 02/28 0.14
DEGREE DAYS
HEATING TOTAL 426 459 -33 543
SINCE 7/1 1944 2186 -242 MM
COOLING TOTAL 0 0 0 0
SINCE 1/1 0 0 0 MM
..............................................................
WIND (MPH)
AVERAGE WIND SPEED 7.6
HIGHEST WIND SPEED/DIRECTION 44/210 DATE 02/06
HIGHEST GUST SPEED/DIRECTION 59/220 DATE 02/06
AVERAGE RH (PERCENT) 51
- INDICATES NEGATIVE NUMBERS.
R INDICATES RECORD WAS SET OR TIED.
MM INDICATES DATA IS MISSING.
T INDICATES TRACE AMOUNT.
$$