000
CXUS53 KGID 011423
CLMEAR

OMACLMEAR 000
TTAA00 KGID 011416


CLIMATE REPORT
NATIONAL WEATHER SERVICE HASTINGS NE
923 AM CDT MON MAY 1 2017

...................................

...THE KEARNEY CLIMATE SUMMARY FOR THE MONTH OF APRIL 2017...

CLIMATE NORMAL PERIOD 1981 TO 2010
CLIMATE RECORD PERIOD 1894 TO 2017

WEATHER         OBSERVED          NORMAL  DEPART  LAST YEAR`S
                 VALUE   DATE(S)  VALUE   FROM    VALUE  DATE(S)
                                          NORMAL
................................................................
TEMPERATURE (F)
HIGHEST            81   04/14        85      -4       81  04/23
LOWEST             27   04/27        20       7       27  04/08
                        04/11
AVG. MAXIMUM     63.1              62.1     1.0     63.7
AVG. MINIMUM     40.1              35.3     4.8     40.5
MEAN             51.6              48.7     2.9     52.1
DAYS MAX >= 90      0               0.3    -0.3        0
DAYS MAX <= 32      0               0.3    -0.3        0
DAYS MIN <= 32      4              11.1    -7.1        4
DAYS MIN <= 0       0               0.0     0.0        0

PRECIPITATION (INCHES)
TOTALS           2.25              2.23    0.02     5.18
DAILY AVG.       0.08              0.07    0.01
DAYS >= .01         8               7.7     0.3
DAYS >= .10         3               4.4    -1.4
DAYS >= .50         2               1.4     0.6
DAYS >= 1.00        1               0.6     0.4
GREATEST
 24 HR. TOTAL    1.07   04/30 TO 04/30

DEGREE_DAYS
HEATING TOTAL     404               496     -92      379
COOLING TOTAL       8                 7       1        1
.................................................................

WIND (MPH)
AVERAGE WIND SPEED              MM
HIGHEST WIND SPEED/DIRECTION    MM               MM
HIGHEST GUST SPEED/DIRECTION    MM               MM

AVERAGE RH (PERCENT)     62


-  INDICATES NEGATIVE NUMBERS.
R  INDICATES RECORD WAS SET OR TIED.
MM INDICATES DATA IS MISSING.
T  INDICATES TRACE AMOUNT.

&&

THE PRECIPITATION DATA SHOWN ABOVE IS RECORDED BY THE AUTOMATED
WEATHER OBSERVING SYSTEM AT THE KEARNEY AIRPORT. THE
PRECIPITATION IS DEPICTED FOR A CALENDAR DAY FROM MIDNIGHT TO
MIDNIGHT. SNOWFALL IS NOT RECORDED BY THAT SYSTEM.

THE OFFICIAL PRECIPITATION...SNOWFALL...AND SNOW DEPTH
OBSERVATION FOR KEARNEY IS RECORDED DAILY BY THE
COOPERATIVE OBSERVER AT 7 AM.  THAT INFORMATION FOLLOWS...

...KEARNEY 4NE COOPERATIVE OBSERVER REPORT FOR APRIL 2017...

PRECIPITATION (IN)
MONTH TO DATE...........................  1.87
YEAR TO DATE............................  4.70

SNOWFALL (IN)
     MONTH TO DATE......................  T
     SEASONAL TOTAL (SINCE JULY 1ST).... 11.6

$$

WESELY
