000
CXUS56 KOTX 020438 CCA
CLMEAT

CLIMATE REPORT
NATIONAL WEATHER SERVICE SPOKANE, WA
443 AM PDT SAT JUL 1 2017

...................................

...THE WENATCHEE WA PANGBORN FIELD CLIMATE SUMMARY FOR THE MONTH OF JUNE 2017...

CLIMATE NORMAL PERIOD 1981 TO 2010
CLIMATE RECORD PERIOD 1959 TO 2017

WEATHER         OBSERVED          NORMAL  DEPART  LAST YEAR`S
                 VALUE   DATE(S)  VALUE   FROM    VALUE  DATE(S)
                                          NORMAL
................................................................
TEMPERATURE (F)
RECORD
 HIGH             109   06/28/2015
 LOW               38   06/03/1976
HIGHEST            95   06/25        MM      MM      101  06/06
LOWEST             47   06/09        MM      MM       43  06/15
AVG. MAXIMUM     79.9              78.3     1.6     81.2
AVG. MINIMUM     55.2              55.1     0.1     56.6
MEAN             67.5              66.7     0.8     68.9
DAYS MAX >= 90      4               2.9     1.1        8
DAYS MAX <= 32      0               0.0     0.0        0
DAYS MIN <= 32      0               0.0     0.0        0
DAYS MIN <= 0       0               0.0     0.0        0

PRECIPITATION (INCHES)
RECORD
 MAXIMUM         1.87   1972
 MINIMUM         0.01   1999
TOTALS           0.20              0.60   -0.40     0.66
DAILY AVG.       0.01              0.02   -0.01     0.02
DAYS >= .01         3               4.4    -1.4        4
DAYS >= .10         1               1.9    -0.9        1
DAYS >= .50         0               0.2    -0.2        1
DAYS >= 1.00        0               0.0     0.0        0
GREATEST
 24 HR. TOTAL    0.11   06/08 TO 06/08           06/18 TO 06/18

DEGREE_DAYS
COOLING TOTAL     124               292    -168      180
 SINCE 1/1        180               439    -259      222
.........................................................

WIND (MPH)
AVERAGE WIND SPEED              10.2
HIGHEST WIND SPEED/DIRECTION    33/310    DATE  06/13
HIGHEST GUST SPEED/DIRECTION    44/290    DATE  06/12

SKY COVER
POSSIBLE SUNSHINE (PERCENT)   MM
AVERAGE SKY COVER           0.10
NUMBER OF DAYS FAIR           26
NUMBER OF DAYS PC              4
NUMBER OF DAYS CLOUDY          0

AVERAGE RH (PERCENT)     44

WEATHER CONDITIONS. NUMBER OF DAYS WITH
THUNDERSTORM              1     MIXED PRECIP               0
HEAVY RAIN                0     RAIN                       1
LIGHT RAIN                5     FREEZING RAIN              0
LT FREEZING RAIN          0     HAIL                       0
HEAVY SNOW                0     SNOW                       0
LIGHT SNOW                0     SLEET                      0
FOG                       0     FOG W/VIS <= 1/4 MILE      0
HAZE                      0

-  INDICATES NEGATIVE NUMBERS.
R  INDICATES RECORD WAS SET OR TIED.
MM INDICATES DATA IS MISSING.
T  INDICATES TRACE AMOUNT.

$$

JUNE 2017 ENDED WITH NEAR NORMAL TEMPERATURES AND BELOW NORMAL
PRECIPITATION ACROSS NORTH CENTRAL WASHINGTON.  THERE WERE A COUPLE
NOTEWORTHY EVENTS DURING THE MONTH.  THE FIRST WAS A STRONG COLD
FRONT EARLY ON THE 8TH WHICH WAS FOLLOWED BY AFTERNOON THUNDERSTORMS
ON BANKS LAKE.  A GUST FRONT FROM THE STORM WENT THROUGH EPHRATA
WITH A 47 MPH WIND GUST.  A PERIOD OF QUIETER WEATHER OCCURRED FOR
THE MIDDLE OF THE MONTH EXCEPT FOR WINDY CONDITIONS ON THE
12TH...13TH...AND 15TH WITH A PEAK WIND OF 40-45 MPH EACH OF THESE
DAYS AT THE WENATCHEE AIRPORT.  HIGH PRESSURE BROUGHT A PERIOD OF
WARM WEATHER ON THE 24TH AND 25TH WITH HIGHS IN THE MID 90S.  THIS
WAS SHORT LIVED AS A WEATHER DISTURBANCE BROUGHT THUNDERSTORMS ON
THE 26TH FROM MISSION RIDGE TO PALISADES WHICH STARTED SEVERAL FIRES
SOUTH AND EAST OF WENATCHEE.  THESE FIRES BURNED ACTIVE ON THE 27TH
AND 28TH DUE TO GUSTY WINDS...WARM TEMPERATURES...AND LOW RELATIVE
HUMIDITY.

NO RECORDS WERE SET DURING THE MONTH AT THE WENATCHEE AIRPORT.
