000
CXUS56 KEKA 071732
CLMEKA

CLIMATE REPORT
NATIONAL WEATHER SERVICE EUREKA CA
1030 AM PDT SUN AUG 7 2016

...................................

...THE EUREKA CA CLIMATE SUMMARY FOR THE MONTH OF JULY 2016...

CLIMATE NORMAL PERIOD 1981 TO 2010
CLIMATE RECORD PERIOD 1886 TO 2016

WEATHER         OBSERVED          NORMAL  DEPART  LAST YEAR`S
                 VALUE   DATE(S)  VALUE   FROM    VALUE
                                          NORMAL
.............................................................
TEMPERATURE (F)
RECORD
 HIGH              77   07/28/2015
 LOW               46   07/04/2010
                        07/01/2010
                        12/12/1932
HIGHEST            67   07/21                MM
LOWEST             49   07/05                MM
AVG. MAXIMUM     63.2                      -0.2
AVG. MINIMUM     53.1                       1.1
MEAN             58.1                       0.4

PRECIPITATION (INCHES)
RECORD
 MAXIMUM         1.34   1916
 MINIMUM         0.00   1967
TOTALS           0.54              0.18    0.36
DAYS >= .01         4               2.7     1.3        5
DAYS >= .10         2               0.3     1.7        0
DAYS >= .50         0               0.1    -0.1        0
DAYS >= 1.00        0               0.0     0.0        0
GREATEST
 24 HR. TOTAL    0.44   07/08 TO 07/09

SNOWFALL (INCHES)
 LIQUID 7/1      0.00                      0.00

DEGREE_DAYS
HEATING TOTAL     204               226     -22      117
 SINCE 7/1        204               226     -22      117
COOLING TOTAL       0                 0       0        1
 SINCE 1/1          0                 0       0        1
..............................................................

WIND (MPH)
AVERAGE WIND SPEED              4.8
HIGHEST WIND SPEED/DIRECTION    14/MM     DATE  07/16
                                                07/15
                                                07/12
HIGHEST GUST SPEED/DIRECTION    24/360    DATE  07/15

SKY COVER
POSSIBLE SUNSHINE (PERCENT)   MM
AVERAGE SKY COVER           0.60
NUMBER OF DAYS FAIR            3
NUMBER OF DAYS PC             17
NUMBER OF DAYS CLOUDY         11


WEATHER CONDITIONS. NUMBER OF DAYS WITH
THUNDERSTORM              0     HEAVY RAIN                 0
RAIN                      0     LIGHT RAIN                 4
HAIL                      0     SLEET                      0
FOG                      27     FOG W/VIS <= 1/4 MILE      0
HAZE                      2

-  INDICATES NEGATIVE NUMBERS.
R  INDICATES RECORD WAS SET OR TIED.
MM INDICATES DATA IS MISSING.
T  INDICATES TRACE AMOUNT.

&&

TOTAL RAINFALL...............  0.54 DEPARTURE FROM NORMAL..... +0.36
TOTAL SINCE JANUARY 1ST...... 27.31 DEPARTURE FROM NORMAL.....  3.85
TOTAL SINCE OCT 1ST.......... 48.03 DEPARTURE FROM NORMAL.....  8.60

HIGHEST SLP......... 30.24 ON 22 LOWEST SLP........29.78 ON 30

...REMARKS...TEMPERATURES THIS MONTH WERE VERY CLOSE TO NORMAL.
THIS WAS DUE IN PART TO PERSISTENT HIGH PRESSURE OVER THE INLAND
AREAS WHICH BROUGHT STRONG NORTHERLIES TO THE COASTAL WATERS. THIS
CAUSES UPWELLING WHICH BRINGS COOL WATER TO THE OCEAN SURFACE.

HIGH TEMPERATURES WERE WITHIN A DEGREE OF NORMAL AND LOW
TEMPERATURES WERE ONE DEGREE ABOVE NORMAL. THIS IS IN FAIRLY STARK
CONTRAST TO A YEAR AGO. IN JULY 2015 HIGH TEMPERATURES WERE 3.6
DEGREES ABOVE NORMAL AND LOW TEMPERATURES WERE 3.1 DEGREES ABOVE
NORMAL. THE RANGE OF TEMPERATURES THIS YEAR WAS ALSO VERY SMALL
WHICH IS TYPICAL IN JULY. THE WARMEST DAY WAS 67 DEGREES AND THE
COOLEST NIGHT WAS 49 DEGREES.

RAINFALL WAS ABOVE NORMAL FOR THE MONTH WITH SLIGHTLY OVER A HALF
INCH OF RAIN. MOST OF THIS RAIN FELL ON THE 8TH THROUGH THE 9TH WITH
A RECORD OF 0.30 INCHES MEASURED ON THE 8TH. THIS BROKE THE OLD
RECORD OF 0.22 INCHES SET IN 1964.

$$
