000
CXUS51 KRLX 011020
CLMEKN


CLIMATE REPORT
NATIONAL WEATHER SERVICE CHARLESTON WV
519 AM EST THU FEB 1 2018

...................................

...THE ELKINS WV CLIMATE SUMMARY FOR THE MONTH OF JANUARY 2018...

CLIMATE NORMAL PERIOD 1981 TO 2010
CLIMATE RECORD PERIOD 1899 TO 2018

WEATHER         OBSERVED          NORMAL  DEPART  LAST YEAR`S
                 VALUE   DATE(S)  VALUE   FROM    VALUE  DATE(S)
                                          NORMAL
................................................................
TEMPERATURE (F)
RECORD
 HIGH              78   01/29/1914
 LOW              -24   01/20/1984
HIGHEST            66   01/22                         66
LOWEST            -14   01/07                         -4
                        01/03
AVG. MAXIMUM     38.0              39.0    -1.0     45.8
AVG. MINIMUM     14.5              19.4    -4.9     28.3
MEAN             26.3              29.2    -2.9     37.0
DAYS MAX >= 90      0               0.0     0.0        0
DAYS MAX <= 32     11               9.6     1.4
DAYS MIN <= 32     25              25.3    -0.3       16
DAYS MIN <= 0       5               2.9     2.1        2

PRECIPITATION (INCHES)
RECORD
 MAXIMUM         8.93   1907
 MINIMUM         1.05   1967
TOTALS           2.68              3.23   -0.55     5.09
DAILY AVG.       0.10              0.10    0.00     0.16
DAYS >= .01        14              17.9    -3.9       25
DAYS >= .10         5               8.6    -3.6       13
DAYS >= .50         2               1.3     0.7        3
DAYS >= 1.00        1               0.3     0.7        1
GREATEST
 24 HR. TOTAL    2.62   12/31 TO 01/01           01/14 TO 01/14
                                                          01/14 TO 01/14
                                                          01/14 TO 01/14
 STORM TOTAL       MM                                 MM
 (MM/DD(HH))            MM                    01/14(00) TO 01/14(00)
                                                 01/14(00) TO 01/14(00)4
                                                 01/14(00) TO 01/14(00)4

SNOWFALL (INCHES)
RECORDS
 TOTAL           54.1   1985
 24 HR TOTAL     11.8   MM
 SNOW DEPTH        20   01/24/2016
TOTALS           19.4              24.4    -5.0     10.3
SINCE 7/1        35.5              46.8   -11.3     20.5
SNOWDEPTH AVG.      2                                  1
DAYS >= 1.0         8               7.2     0.8        4
GREATEST
 SNOW DEPTH         7   01/06                          5  01/30
                                                          01/06
 24 HR TOTAL      4.3   01/30 TO 01/30           01/14 TO 01/14
                                                          01/14 TO 01/14
                                                          01/14 TO 01/14

DEGREE_DAYS
HEATING TOTAL    1191              1110      81      862
 SINCE 7/1       3321              3401     -80     2725
COOLING TOTAL       0                 0       0        0
 SINCE 1/1          0                 0       0        0
.....................................................

WIND (MPH)
AVERAGE WIND SPEED              5.5
HIGHEST WIND SPEED/DIRECTION    26/160    DATE  01/11
HIGHEST GUST SPEED/DIRECTION    42/170    DATE  01/11

SKY COVER
POSSIBLE SUNSHINE (PERCENT)   MM
AVERAGE SKY COVER           0.60
NUMBER OF DAYS FAIR            8
NUMBER OF DAYS PC              9
NUMBER OF DAYS CLOUDY         14

AVERAGE RH (PERCENT)     71

WEATHER CONDITIONS. NUMBER OF DAYS WITH
THUNDERSTORM              0     MIXED PRECIP               0
HEAVY RAIN                2     RAIN                       4
LIGHT RAIN                9     FREEZING RAIN              0
LT FREEZING RAIN          0     HAIL                       0
HEAVY SNOW                0     SNOW                       4
LIGHT SNOW               14     SLEET                      0
FOG                      19     FOG W/VIS <= 1/4 MILE      1
HAZE                     11

-  INDICATES NEGATIVE NUMBERS.
R  INDICATES RECORD WAS SET OR TIED.
MM INDICATES DATA IS MISSING.
T  INDICATES TRACE AMOUNT.

$$
