000
CXUS54 KEPZ 030324 CCB
CLMELP

CLIMATE REPORT...COR TSTM DAYS
NATIONAL WEATHER SERVICE EL PASO, TX
824 PM MDT SUN NOV 2 2014

...................................

...THE EL PASO     CLIMATE SUMMARY FOR THE MONTH OF OCTOBER 2014...

CLIMATE NORMAL PERIOD 1981 TO 2010
CLIMATE RECORD PERIOD 1879 TO 2014

WEATHER         OBSERVED          NORMAL  DEPART  LAST YEAR`S
                 VALUE   DATE(S)  VALUE   FROM    VALUE  DATE(S)
                                          NORMAL
................................................................
TEMPERATURE (F)
RECORD
 HIGH              96   10/05/1994
                        10/11/1979
                        10/07/1979
 LOW               25   10/30/1970
                        10/29/1970
HIGHEST            88   10/16        83       5       89  10/01
                        10/08
LOWEST             46   10/14        44       2       38  10/20
AVG. MAXIMUM     81.8              78.2     3.6     78.6
AVG. MINIMUM     55.7              52.0     3.7     52.3
MEAN             68.8              65.1     3.7     65.5
DAYS MAX >= 90      0               0.6    -0.6        0
DAYS MAX <= 32      0               0.0     0.0        0
DAYS MIN <= 32      0               0.2    -0.2        0
DAYS MIN <= 0       0               0.0     0.0        0

PRECIPITATION (INCHES)
RECORD
 MAXIMUM         5.15
 MINIMUM         0.00
TOTALS           0.98              0.61    0.37        T
DAYS >= .01         2                                  0
DAYS >= .10         2                                  0
DAYS >= .50         1                                  0
DAYS >= 1.00        0                                  0
GREATEST
 24 HR. TOTAL    0.88   10/18 TO 10/19
                        10/19 TO 10/19
                        10/19 TO 10/20
 STORM TOTAL       MM
 (MM/DD(HH))            MM

SNOWFALL (INCHES)
TOTALS            0.0                                0.0
SNOWDEPTH AVG.      0                                  0
DAYS >= TRACE       0                                  0
GREATEST
 SNOW DEPTH         0   MM
 24 HR TOTAL      0.0   10/31 TO 10/31
 STORM TOTAL       MM
 (MM/DD(HH))            MM

DEGREE_DAYS
HEATING TOTAL       5                79     -74       58
 SINCE 7/1          5                83     -78       58
COOLING TOTAL     130                82      48       79
 SINCE 1/1       2665              2328     337     2694

FREEZE DATES
RECORD
 EARLIEST     10/16/1880
 LATEST       05/02/1967
EARLIEST                        12/06
LATEST                          02/07
.................................................................

WIND (MPH)
AVERAGE WIND SPEED              6.2
HIGHEST WIND SPEED/DIRECTION    44/240    DATE  10/19
HIGHEST GUST SPEED/DIRECTION    53/240    DATE  10/19

SKY COVER
POSSIBLE SUNSHINE (PERCENT)   MM
AVERAGE SKY COVER           0.20
NUMBER OF DAYS FAIR           22
NUMBER OF DAYS PC              8
NUMBER OF DAYS CLOUDY          1

AVERAGE RH (PERCENT)     44

WEATHER CONDITIONS. NUMBER OF DAYS WITH
THUNDERSTORM              2     MIXED PRECIP               0
HEAVY RAIN                1     RAIN                       1
LIGHT RAIN                4     FREEZING RAIN              0
LT FREEZING RAIN          0     HAIL                       0
HEAVY SNOW                0     SNOW                       0
LIGHT SNOW                0     SLEET                      0
FOG                       1     FOG W/VIS <= 1/4 MILE      0
HAZE                      0

-  INDICATES NEGATIVE NUMBERS.
R  INDICATES RECORD WAS SET OR TIED.
MM INDICATES DATA IS MISSING.
T  INDICATES TRACE AMOUNT.

$$
