000
CXUS54 KEPZ 040947 CCA
CLMELP

CLIMATE REPORT
NATIONAL WEATHER SERVICE EL PASO, TX
349 AM MDT FRI SEP 1 2017

...................................

...THE EL PASO CLIMATE SUMMARY FOR THE MONTH OF AUGUST 2017...

CLIMATE NORMAL PERIOD 1981 TO 2010
CLIMATE RECORD PERIOD 1879 TO 2017

WEATHER         OBSERVED          NORMAL  DEPART  LAST YEAR`S
                 VALUE   DATE(S)  VALUE   FROM    VALUE  DATE(S)
                                          NORMAL
................................................................
TEMPERATURE (F)
RECORD
 HIGH             108   08/02/1980
 LOW               52   08/10/1880
HIGHEST            99   08/07        95       4      102  08/12
                                                          08/08
LOWEST             64   08/31        65      -1       63  08/21
AVG. MAXIMUM     92.8              92.4     0.4     92.0
AVG. MINIMUM     70.0              69.7     0.3     69.3
MEAN             81.4              81.1     0.3     80.6
DAYS MAX >= 90     25              22.4     2.6       22
DAYS MAX <= 32      0               0.0     0.0        0
DAYS MIN <= 32      0               0.0     0.0        0
DAYS MIN <= 0       0               0.0     0.0        0

PRECIPITATION (INCHES)
RECORD
 MAXIMUM         6.85
 MINIMUM         0.00
TOTALS           2.01              2.01    0.00     4.76
DAYS >= .01        11                                 13
DAYS >= .10         4                                  9
DAYS >= .50         1                                  2
DAYS >= 1.00        1                                  2
GREATEST
 24 HR. TOTAL    1.33   08/14 TO 08/15
 STORM TOTAL       MM
 (MM/DD(HH))            MM

DEGREE_DAYS
HEATING TOTAL       0                 0       0        0
 SINCE 7/1          0                 0       0        0
COOLING TOTAL     516               498      18      494
 SINCE 1/1       2287              1929     358     2224

FREEZE DATES
RECORD
 EARLIEST     10/16/1880
 LATEST       05/02/1967
EARLIEST                        12/06
LATEST                          02/07
.................................................................

WIND (MPH)
AVERAGE WIND SPEED              7.0
HIGHEST WIND SPEED/DIRECTION    36/330    DATE  08/11
HIGHEST GUST SPEED/DIRECTION    44/320    DATE  08/11

SKY COVER
POSSIBLE SUNSHINE (PERCENT)   MM
AVERAGE SKY COVER           0.40
NUMBER OF DAYS FAIR            9
NUMBER OF DAYS PC             21
NUMBER OF DAYS CLOUDY          1

AVERAGE RH (PERCENT)     52

WEATHER CONDITIONS. NUMBER OF DAYS WITH
THUNDERSTORM             14     MIXED PRECIP               0
HEAVY RAIN                3     RAIN                       5
LIGHT RAIN               14     FREEZING RAIN              0
LT FREEZING RAIN          0     HAIL                       0
HEAVY SNOW                0     SNOW                       0
LIGHT SNOW                0     SLEET                      0
FOG                       5     FOG W/VIS <= 1/4 MILE      0
HAZE                      1

-  INDICATES NEGATIVE NUMBERS.
R  INDICATES RECORD WAS SET OR TIED.
MM INDICATES DATA IS MISSING.
T  INDICATES TRACE AMOUNT.

$$
