000
CXUS53 KTOP 011508
CLMEMP


CLIMATE REPORT
NATIONAL WEATHER SERVICE TOPEKA KS
1005 AM CDT FRI JUL 1 2016

...................................

...THE EMPORIA KS CLIMATE SUMMARY FOR THE MONTH OF JUNE 2016...

CLIMATE NORMAL PERIOD 1981 TO 2010
CLIMATE RECORD PERIOD 9999 TO 9999

WEATHER         OBSERVED          NORMAL  DEPART  LAST YEAR`S
                 VALUE   DATE(S)  VALUE   FROM    VALUE
                                          NORMAL
.............................................................
TEMPERATURE (F)
HIGHEST           101   06/22                         96
LOWEST             56   06/02                         51
AVG. MAXIMUM     89.9              84.0     5.9     86.7
AVG. MINIMUM     66.4              63.0     3.4     66.2
MEAN             78.2              73.5     4.7     76.5
DAYS MAX >= 90     18               4.8    13.2       12
DAYS MAX <= 32      0               0.0     0.0        0
DAYS MIN <= 32      0               0.0     0.0        0
DAYS MIN <= 0       0               0.0     0.0        0

PRECIPITATION (INCHES)
TOTALS           1.26              5.84   -4.58     2.52
DAILY AVG.       0.04                               0.08
DAYS >= .01         7                                 11
DAYS >= .10         4                                  4
DAYS >= .50         1                                  2
DAYS >= 1.00        0                                  0
GREATEST
 24 HR. TOTAL    0.54   06/15 TO 06/16              1.07

DEGREE_DAYS
HEATING TOTAL       0                 8      -8        3
 SINCE 7/1       3902              4819    -917     4875
COOLING TOTAL     402               263     139      356
 SINCE 1/1        478               382      96      424
..............................................................

WIND (MPH)
AVERAGE WIND SPEED              9.1
HIGHEST WIND SPEED/DIRECTION    33/150    DATE  06/12
HIGHEST GUST SPEED/DIRECTION    45/140    DATE  06/12

SKY COVER
POSSIBLE SUNSHINE (PERCENT)   MM
AVERAGE SKY COVER           0.10
NUMBER OF DAYS FAIR           30
NUMBER OF DAYS PC              0
NUMBER OF DAYS CLOUDY          0

AVERAGE RH (PERCENT)     66

WEATHER CONDITIONS. NUMBER OF DAYS WITH
THUNDERSTORM              0     MIXED PRECIP               0
HEAVY RAIN                3     RAIN                       1
LIGHT RAIN                9     FREEZING RAIN              0
LT FREEZING RAIN          0     HEAVY SNOW                 0
SNOW                      0     LIGHT SNOW                 0
FOG                       8     FOG W/VIS <= 1/4 MILE      1
HAZE                      3

-  INDICATES NEGATIVE NUMBERS.
R  INDICATES RECORD WAS SET OR TIED.
MM INDICATES DATA IS MISSING.
T  INDICATES TRACE AMOUNT.

$$
