000
CXUS56 KOTX 011050
CLMEPH


CLIMATE REPORT
NATIONAL WEATHER SERVICE SPOKANE, WA
350 AM PDT WED OCT 1 2014

...................................

...THE EPHRATA WA AIRPORT CLIMATE SUMMARY FOR THE MONTH OF SEPTEMBER 2014...

CLIMATE NORMAL PERIOD 1981 TO 2010
CLIMATE RECORD PERIOD 9999 TO 9999

WEATHER         OBSERVED          NORMAL  DEPART  LAST YEAR`S
                 VALUE   DATE(S)  VALUE   FROM    VALUE  DATE(S)
                                          NORMAL
................................................................
TEMPERATURE (F)
RECORD
 HIGH             106   09/03/1988
 LOW               30   09/29/1972
HIGHEST            90   09/21        MM      MM       98  09/13
LOWEST             43   09/11        MM      MM       38  09/27
AVG. MAXIMUM     80.2              77.9     2.3     79.0
AVG. MINIMUM     53.2              49.8     3.4     54.0
MEAN             66.7              63.8     2.9     66.5
DAYS MAX >= 90      1               2.9    -1.9        7
DAYS MAX <= 32      0               0.0     0.0        0
DAYS MIN <= 32      0               0.2    -0.2        0
DAYS MIN <= 0       0               0.0     0.0        0

PRECIPITATION (INCHES)
RECORD
 MAXIMUM         1.68   1986
 MINIMUM            T   2012
                        1999
TOTALS           0.29              0.36   -0.07     0.73
DAILY AVG.       0.01              0.01    0.00     0.02
DAYS >= .01         2               2.9    -0.9       10
DAYS >= .10         2               1.0     1.0        3
DAYS >= .50         0               0.1    -0.1        0
DAYS >= 1.00        0               0.0     0.0        0
GREATEST
 24 HR. TOTAL    0.27   09/24 TO 09/25           09/15 TO 09/16
                                                          09/16 TO 09/16
                                                          09/16 TO 09/16

SNOWFALL (INCHES)
RECORDS
 TOTAL              T   MM
 SNOW DEPTH        MM
TOTALS             MM               0.0      MM       MM
SINCE 7/1          MM               0.0      MM       MM
SNOWDEPTH AVG.     MM                MM      MM
DAYS >= 1.0         0               0.0     0.0        0
GREATEST
 SNOW DEPTH        MM                                 MM  MM
 24 HR TOTAL       MM                                 MM

DEGREE_DAYS
HEATING TOTAL      37               110     -73      108
 SINCE 7/1         38               127     -89      108
COOLING TOTAL      96                75      21      160
 SINCE 1/1       1129               769     360     1084
.......................................................

WIND (MPH)
AVERAGE WIND SPEED              7.6
HIGHEST WIND SPEED/DIRECTION    33/300    DATE  09/02
HIGHEST GUST SPEED/DIRECTION    40/300    DATE  09/02

SKY COVER
POSSIBLE SUNSHINE (PERCENT)   MM
AVERAGE SKY COVER           0.20
NUMBER OF DAYS FAIR           24
NUMBER OF DAYS PC              5
NUMBER OF DAYS CLOUDY          1

AVERAGE RH (PERCENT)     43

WEATHER CONDITIONS. NUMBER OF DAYS WITH
THUNDERSTORM              0     MIXED PRECIP               0
HEAVY RAIN                0     RAIN                       0
LIGHT RAIN                6     FREEZING RAIN              0
LT FREEZING RAIN          0     HAIL                       0
HEAVY SNOW                0     SNOW                       0
LIGHT SNOW                0     SLEET                      0
FOG                       3     FOG W/VIS <= 1/4 MILE      1
HAZE                      2

-  INDICATES NEGATIVE NUMBERS.
R  INDICATES RECORD WAS SET OR TIED.
MM INDICATES DATA IS MISSING.
T  INDICATES TRACE AMOUNT.

$$
