000
CXUS56 KPQR 011743
CLMEUG


CLIMATE REPORT
NATIONAL WEATHER SERVICE PORTLAND OREGON
943 AM PST MON FEB 1 2016

...................................

...THE EUGENE OR CLIMATE SUMMARY FOR THE MONTH OF JANUARY 2016...

CLIMATE NORMAL PERIOD 1981 TO 2010
CLIMATE RECORD PERIOD 1892 TO 2016

WEATHER         OBSERVED          NORMAL  DEPART  LAST YEAR`S
                 VALUE   DATE(S)  VALUE   FROM    VALUE  DATE(S)
                                          NORMAL
................................................................
TEMPERATURE (F)
HIGHEST            65                                 68  01/24
LOWEST             21                                 21  01/01
AVG. MAXIMUM     48.7              47.2     1.5     50.7
AVG. MINIMUM     37.5              34.2     3.3     36.6
MEAN             43.1              40.7     2.4     43.6
DAYS MAX >= 90      0               0.0     0.0        0
DAYS MAX <= 32      1               0.7     0.3        0
DAYS MIN <= 32      5              11.9    -6.9        6
DAYS MIN <= 0       0               0.0     0.0        0

PRECIPITATION (INCHES)
RECORD
 MAXIMUM        15.36   1995
 MINIMUM         0.31   1985
TOTALS           7.32              6.87    0.45     2.38
DAYS >= .01        25              17.9     7.1       10
DAYS >= .10        21              12.3     8.7        4
DAYS >= .50         5               4.9     0.1        2
DAYS >= 1.00        2               1.6     0.4        1
GREATEST
 24 HR. TOTAL    1.43   01/19 TO 01/20

DEGREE_DAYS
HEATING TOTAL     673               753     -80      655
 SINCE 7/1       2302              2710    -408     2100
COOLING TOTAL       0                 0       0        0
 SINCE 1/1          0                 0       0        0
.................................................................

WIND (MPH)
AVERAGE WIND SPEED              6.6
RESULTANT WIND SPEED/DIRECTION   3/173
HIGHEST WIND SPEED/DIRECTION    47/230    DATE  01/16
HIGHEST GUST SPEED/DIRECTION    63/230    DATE  01/16

SKY COVER
POSSIBLE SUNSHINE (PERCENT)   MM
AVERAGE SKY COVER           0.80
NUMBER OF DAYS FAIR            2
NUMBER OF DAYS PC              3
NUMBER OF DAYS CLOUDY         26

AVERAGE RH (PERCENT)     83

WEATHER CONDITIONS. NUMBER OF DAYS WITH
THUNDERSTORM              0     MIXED PRECIP               0
HEAVY RAIN                3     RAIN                      14
LIGHT RAIN               25     FREEZING RAIN              0
LT FREEZING RAIN          1     HAIL                       0
HEAVY SNOW                0     SNOW                       0
LIGHT SNOW                1     SLEET                      0
FOG                      26     FOG W/VIS <= 1/4 MILE      8
HAZE                      3

-  INDICATES NEGATIVE NUMBERS.
R  INDICATES RECORD WAS SET OR TIED.
MM INDICATES DATA IS MISSING.
T  INDICATES TRACE AMOUNT.

$$
