000
CXUS52 KMHX 021305
CLMEWN


CLIMATE REPORT
NATIONAL WEATHER SERVICE NEWPORT/MOREHEAD CITY NC
904 AM EDT SAT SEP 2 2017

...................................

...THE NEW BERN NC CLIMATE SUMMARY FOR THE MONTH OF AUGUST 2017...

CLIMATE NORMAL PERIOD 1981 TO 2010
CLIMATE RECORD PERIOD 1948 TO 2017

WEATHER         OBSERVED          NORMAL  DEPART  LAST YEAR`S
                 VALUE   DATE(S)  VALUE   FROM    VALUE  DATE(S)
                                          NORMAL
................................................................
TEMPERATURE (F)
RECORD
 HIGH             103   08/05/1954
 LOW               50   08/30/1965
HIGHEST            95   08/18                         95  08/15
LOWEST             58   08/01                         65  08/24
AVG. MAXIMUM     86.7              87.9    -1.2     90.3
AVG. MINIMUM     70.8              70.4     0.4     73.1
MEAN             78.7              79.1    -0.4     81.7
DAYS MAX >= 90      8              10.8    -2.8       19
DAYS MAX <= 32      0               0.0     0.0        0
DAYS MIN <= 32      0               0.0     0.0        0
DAYS MIN <= 0       0               0.0     0.0        0

PRECIPITATION (INCHES)
RECORD
 MAXIMUM        24.23   1955
 MINIMUM         1.19   2005
TOTALS           8.23              6.65    1.58     5.14
DAILY AVG.       0.27              0.21    0.06     0.17
DAYS >= .01        20              12.7     7.3       16
DAYS >= .10        16               8.8     7.2       10
DAYS >= .50         6               4.3     1.7        5
DAYS >= 1.00        2               2.2    -0.2        1
GREATEST
 24 HR. TOTAL    1.11   08/23 TO 08/23

DEGREE_DAYS
COOLING TOTAL     432               439      -7      527
 SINCE 1/1       1683              1529     154     1755
.................................................................

WIND (MPH)
AVERAGE WIND SPEED              5.6
RESULTANT WIND SPEED/DIRECTION   1/121
HIGHEST WIND SPEED/DIRECTION    33/350    DATE  08/23
HIGHEST GUST SPEED/DIRECTION    43/350    DATE  08/23

SKY COVER
POSSIBLE SUNSHINE (PERCENT)   MM
AVERAGE SKY COVER           0.40
NUMBER OF DAYS FAIR           13
NUMBER OF DAYS PC             16
NUMBER OF DAYS CLOUDY          2

AVERAGE RH (PERCENT)     81

WEATHER CONDITIONS. NUMBER OF DAYS WITH
THUNDERSTORM             11     MIXED PRECIP               0
HEAVY RAIN               16     RAIN                      17
LIGHT RAIN               20     FREEZING RAIN              0
LT FREEZING RAIN          0     HAIL                       0
HEAVY SNOW                0     SNOW                       0
LIGHT SNOW                0     SLEET                      0
FOG                      28     FOG W/VIS <= 1/4 MILE     10
HAZE                      4

-  INDICATES NEGATIVE NUMBERS.
R  INDICATES RECORD WAS SET OR TIED.
MM INDICATES DATA IS MISSING.
T  INDICATES TRACE AMOUNT.

$$
