000
CXUS53 KIND 011510
CLMEYE


CLIMATE REPORT
NATIONAL WEATHER SERVICE INDIANAPOLIS IN
1110 AM EDT TUE APR 1 2014

...................................

...THE INDIANAPOLIS EAGLE CREEK IN CLIMATE SUMMARY FOR THE MONTH OF MARCH 2014...

CLIMATE NORMAL PERIOD 1981 TO 2010
CLIMATE RECORD PERIOD 9999 TO 9999

WEATHER         OBSERVED          NORMAL  DEPART  LAST YEAR`S
                 VALUE   DATE(S)  VALUE   FROM    VALUE  DATE(S)
                                          NORMAL
................................................................
TEMPERATURE (F)
HIGHEST            69   03/11                         65  03/10
LOWEST              6   03/04                         16  03/21
AVG. MAXIMUM     46.4              51.5    -5.1     42.0
AVG. MINIMUM     25.1              33.4    -8.3     27.6
MEAN             35.8              42.4    -6.6     34.8
DAYS MAX >= 90      0               0.0     0.0        0
DAYS MAX <= 32      4               1.1     2.9        4
DAYS MIN <= 32     21              14.5     6.5       29
DAYS MIN <= 0       0               0.0     0.0        0

PRECIPITATION (INCHES)
TOTALS           0.98              3.30   -2.32     1.46
DAILY AVG.       0.03              0.11   -0.08     0.05
DAYS >= .01         4                MM      MM       13
DAYS >= .10         4                MM      MM        3
DAYS >= .50         0                MM      MM        0
DAYS >= 1.00        0                MM      MM        0
GREATEST
 24 HR. TOTAL    0.43   03/29 TO 03/29

DEGREE_DAYS
HEATING TOTAL     897               700     197      926
 SINCE 7/1       5723              4825     898     5040
COOLING TOTAL       0                 1      -1        0
 SINCE 1/1          0                 1      -1        0
.................................................................

WIND (MPH)
AVERAGE WIND SPEED              8.5
HIGHEST WIND SPEED/DIRECTION    30/210    DATE  03/14
HIGHEST GUST SPEED/DIRECTION    45/220    DATE  03/14

SKY COVER
POSSIBLE SUNSHINE (PERCENT)   MM
AVERAGE SKY COVER           0.40
NUMBER OF DAYS FAIR           18
NUMBER OF DAYS PC              6
NUMBER OF DAYS CLOUDY          7

AVERAGE RH (PERCENT)     63

WEATHER CONDITIONS. NUMBER OF DAYS WITH
THUNDERSTORM              1     MIXED PRECIP               0
HEAVY RAIN                0     RAIN                       2
LIGHT RAIN                4     FREEZING RAIN              0
LT FREEZING RAIN          1     HAIL                       0
HEAVY SNOW                2     SNOW                       3
LIGHT SNOW                3     SLEET                      0
FOG                      12     FOG W/VIS <= 1/4 MILE      0
HAZE                     15

-  INDICATES NEGATIVE NUMBERS.
R  INDICATES RECORD WAS SET OR TIED.
MM INDICATES DATA IS MISSING.
T  INDICATES TRACE AMOUNT.

$$
