000
CXUS53 KFGF 011527
CLMFAR

CLIMATE REPORT
NATIONAL WEATHER SERVICE EASTERN NORTH DAKOTA/GRAND
FORKS
1027 AM CDT MON JUN 1 2015

...................................

...THE FARGO HECTOR INTL AP ND CLIMATE SUMMARY FOR THE MONTH OF MAY 2015...

CLIMATE NORMAL PERIOD 1981 TO 2010
CLIMATE RECORD PERIOD 1881 TO 2015

WEATHER         OBSERVED          NORMAL  DEPART  LAST YEAR`S
                 VALUE   DATE(S)  VALUE   FROM    VALUE  DATE(S)
                                          NORMAL
................................................................
TEMPERATURE (F)
RECORD
 HIGH             104   05/30/1934
 LOW               17   05/12/1946
                        05/02/1907
HIGHEST            87   05/02        70      17       93  05/30
LOWEST             30   05/09        45     -15       30  05/04
AVG. MAXIMUM     66.1              69.3    -3.2     68.2
AVG. MINIMUM     43.9              44.9    -1.0     45.8
MEAN             55.0              57.1    -2.1     57.0
DAYS MAX >= 90      0               0.7    -0.7        3
DAYS MAX <= 32      0               0.0     0.0        0
DAYS MIN <= 32      2               2.5    -0.5        3
DAYS MIN <= 0       0               0.0     0.0        0

PRECIPITATION (INCHES)
RECORD
 MAXIMUM           MM   MM
 MINIMUM           MM   999
TOTALS           7.85              2.81    5.04     1.99
DAILY AVG.       0.25              0.09    0.16     0.06
DAYS >= .01        15              11.0     4.0       13
DAYS >= .10        11               5.9     5.1        7
DAYS >= .50         6               1.7     4.3        1
DAYS >= 1.00        1               0.7     0.3        0
GREATEST
 24 HR. TOTAL    2.75   05/17 TO 05/18           05/19 TO 05/19
                                                          05/31 TO 05/31
                                                          05/31 TO 05/31
 STORM TOTAL       MM                                 MM
 (MM/DD(HH))            MM                    05/19(00) TO 05/19(00)
                                                 05/31(00) TO 05/31(00)1
                                                 05/31(00) TO 05/31(00)1

SNOWFALL (INCHES)
RECORDS
 TOTAL             MM   MM
TOTALS              T                 T     0.0      0.0
SINCE 7/1        16.0              50.4   -34.4     34.9
SNOWDEPTH AVG.      0                MM      MM        0
DAYS >= 1.0         0               0.0     0.0        0
GREATEST
 SNOW DEPTH         0   MM                             0  MM
 24 HR TOTAL        T   05/18 TO 05/18
 STORM TOTAL       MM                                 MM
 (MM/DD(HH))            MM                    05/31(00) TO 05/31(00)
                                                 05/31(00) TO 05/31(00)1
                                                 05/31(00) TO 05/31(00)1

DEGREE_DAYS
HEATING TOTAL     319               273      46      323
 SINCE 7/1       8232              8729    -497     9649
COOLING TOTAL      15                28     -13       79
 SINCE 1/1         15                31     -16       79
..................................................

WIND (MPH)
AVERAGE WIND SPEED              12.0
HIGHEST WIND SPEED/DIRECTION    40/190    DATE  05/28
HIGHEST GUST SPEED/DIRECTION    53/180    DATE  05/28

SKY COVER
POSSIBLE SUNSHINE (PERCENT)   MM
AVERAGE SKY COVER           0.50
NUMBER OF DAYS FAIR           14
NUMBER OF DAYS PC              5
NUMBER OF DAYS CLOUDY         12

AVERAGE RH (PERCENT)     67

WEATHER CONDITIONS. NUMBER OF DAYS WITH
THUNDERSTORM              0     MIXED PRECIP               0
HEAVY RAIN                8     RAIN                      12
LIGHT RAIN               15     FREEZING RAIN              0
LT FREEZING RAIN          0     HAIL                       0
HEAVY SNOW                0     SNOW                       0
LIGHT SNOW                2     SLEET                      0
FOG                      14     FOG W/VIS <= 1/4 MILE      2
HAZE                      4

-  INDICATES NEGATIVE NUMBERS.
R  INDICATES RECORD WAS SET OR TIED.
MM INDICATES DATA IS MISSING.
T  INDICATES TRACE AMOUNT.

&& REMARKS... A COOL AND WET MAY OCCURRED AT FARGO ND. THE AVERAGE
TEMPERATURE FOR MAY WAS 55.0 DEGREES AND WAS COOLER THAN NORMAL BY
2.1 DEGREES. THE MONTHLY PRECIPITATION TOTAL WAS 7.85 INCHES AND WAS
5.04 INCHES ABOVE NORMAL. THE MONTH OF MAY WAS THE WETTEST MAY ON
RECORD. THE PREVIOUS RUNNERS UP FOR THE WETTEST MAY WERE 7.34 INCHES
IN 1998...7.30 INCHES IN 1977...AND 7.24 INCHES IN 1905.

A FEW RECORDS OCCURRED DURING THE MONTH. FOR TEMPERATURES...A LOW
MAXIMUM TEMPERATURE OCCURRED ON THE 18TH WITH A HIGH OF 40 DEGREES.
THE PREVIOUS RECORD WAS 44 DEGREES IN 1890.

FOR PRECIPITATION...A DAILY RECORD OF 2.60 INCHES OF RAIN FELL ON
THE 17TH. THE PREVIOUS RECORD WAS 2.10 INCHES WHICH OCCURRED IN
1996. ALSO A TRACE OF SNOW FELL THE NEXT DAY ON THE 18TH. THE TRACE
OF SNOW WAS A THREE WAY TIE SET IN 2015...1968 AND 1895.

REMEMBER...THIS DATA IS PROVISIONAL AND SUBJECT TO CHANGE. THE FINAL
AND OFFICIAL RECORDS WILL BE AVAILABLE FROM THE NATIONAL CLIMATIC
DATA CENTER.

$$
