000
CXUS56 KHNX 021250
CLMFAT


CLIMATE REPORT
NATIONAL WEATHER SERVICE SAN JOAQUIN VALLEY - HANFORD CA
450 AM PST MON MAR 2 2015

...................................

...THE FRESNO CA CLIMATE SUMMARY FOR THE MONTH OF FEBRUARY 2015...

CLIMATE NORMAL PERIOD 1981 TO 2010
CLIMATE RECORD PERIOD 1887 TO 2015

WEATHER         OBSERVED          NORMAL  DEPART  LAST YEAR`S
                 VALUE   DATE(S)  VALUE   FROM    VALUE  DATE(S)
                                          NORMAL
................................................................
TEMPERATURE (F)
RECORD
 HIGH              84   02/18/1930
                        02/17/1930
 LOW               24   02/15/1990
                        02/07/1989
                        02/13/1949
HIGHEST            77   02/04        MM      MM       80  02/25
LOWEST             38   02/24        MM      MM       36  02/04
                                                          02/01
AVG. MAXIMUM     67.6              61.6     6.0     66.7
AVG. MINIMUM     46.3              41.5     4.8     46.9
MEAN             57.0              51.5     5.5     56.8
DAYS MAX >= 90      0               0.0     0.0        0
DAYS MIN <= 32      0               1.6    -1.6        0

PRECIPITATION (INCHES)
RECORD
 MAXIMUM         6.12   2000
TOTALS           1.13              2.03   -0.90     2.11
DAYS >= .01         6               8.6    -2.6        9
DAYS >= .10         4               5.4    -1.4        4
DAYS >= .50         0               1.3    -1.3        2
DAYS >= 1.00        0               0.2    -0.2        0
GREATEST
 24 HR. TOTAL    0.63   02/22 TO 02/23

SNOWFALL (INCHES)
RECORDS
 TOTAL              T   02/05/1976
                        02/28/1911
                        02/26/1911
TOTALS            0.0               0.0

DEGREE_DAYS
HEATING TOTAL     217               377    -160      223
 SINCE 7/1       1326              1912    -586     1345
COOLING TOTAL       0                 0       0        0
 SINCE 1/1          0                 0       0        0
.................................................................

WIND (MPH)
AVERAGE WIND SPEED              3.9
HIGHEST WIND SPEED/DIRECTION    23/080    DATE  02/07
HIGHEST GUST SPEED/DIRECTION    31/080    DATE  02/07

AVERAGE RH (PERCENT)     71

WEATHER CONDITIONS. NUMBER OF DAYS WITH
THUNDERSTORM              0     RAIN                       6
HAIL                      0     FOG                       24
FOG W/VIS <= 1/4 MILE     7     HAZE                      20

-  INDICATES NEGATIVE NUMBERS.
R  INDICATES RECORD WAS SET OR TIED.
MM INDICATES DATA IS MISSING.
T  INDICATES TRACE AMOUNT.

$$

SANGER/OCHS

WEATHER.GOV/HANFORD
