000
CXUS52 KRAH 011959
CLMFAY


CLIMATE REPORT
NATIONAL WEATHER SERVICE RALEIGH NC
242 PM EST THU JAN 1 2015

...................................

...THE FAYETTEVILLE REGL AIRPORT NC CLIMATE SUMMARY FOR THE MONTH OF DECEMBER 2014...

CLIMATE NORMAL PERIOD 1981 TO 2010
CLIMATE RECORD PERIOD 1910 TO 2014

WEATHER         OBSERVED          NORMAL  DEPART  LAST YEAR`S
                 VALUE   DATE(S)  VALUE   FROM    VALUE
                                          NORMAL
.............................................................
TEMPERATURE (F)
RECORD
 HIGH              86   12/20/1931
 LOW                2   12/30/1917
HIGHEST            73   12/01                         81
LOWEST             27   12/12                         24
                        12/11
AVG. MAXIMUM     57.1              55.6     1.5     60.7
AVG. MINIMUM     37.6              35.1     2.5     37.9
MEAN             47.4              45.4     2.0     49.3
DAYS MAX >= 90      0                                  0
DAYS MAX <= 32      0                                  0
DAYS MIN <= 32      8                                 11
DAYS MIN <= 0       0                                  0

PRECIPITATION (INCHES)
RECORD
 MAXIMUM           MM   MM
TOTALS           4.22              2.65    1.57     4.28
DAYS >= .01        12
DAYS >= .10         6
DAYS >= .50         3
DAYS >= 1.00        1
GREATEST
 24 HR. TOTAL    2.33   12/23 TO 12/24

DEGREE_DAYS
HEATING TOTAL     540               611     -71      497
 SINCE 7/1       1084              1059      25     1013
..............................................................

WIND (MPH)
AVERAGE WIND SPEED              6.6
HIGHEST WIND SPEED/DIRECTION    30/020    DATE  12/07
HIGHEST GUST SPEED/DIRECTION    37/240    DATE  12/25

SKY COVER
POSSIBLE SUNSHINE (PERCENT)   MM
AVERAGE SKY COVER           0.50
NUMBER OF DAYS FAIR           13
NUMBER OF DAYS PC              9
NUMBER OF DAYS CLOUDY          9

AVERAGE RH (PERCENT)     73

WEATHER CONDITIONS. NUMBER OF DAYS WITH
THUNDERSTORM              0     MIXED PRECIP               0
HEAVY RAIN                4     RAIN                       6
LIGHT RAIN               13     FREEZING RAIN              0
LT FREEZING RAIN          0     HAIL                       0
HEAVY SNOW                0     SNOW                       0
LIGHT SNOW                0     SLEET                      0
FOG                      18     FOG W/VIS <= 1/4 MILE      5
HAZE                      4

-  INDICATES NEGATIVE NUMBERS.
R  INDICATES RECORD WAS SET OR TIED.
MM INDICATES DATA IS MISSING.
T  INDICATES TRACE AMOUNT.

&&

DECEMBER 24TH: A RECORD RAINFALL OF 1.66 INCHES WAS SET AT THE
FAYETTEVILLE REGIONAL AIRPORT. THIS BROKE THE PREVIOUS RECORD OF
1.45 INCHES SET IN 1941.


$$
