000
CXUS53 KLMK 021418
CLMFFT


CLIMATE REPORT
NATIONAL WEATHER SERVICE LOUISVILLE KY
913 AM EST THU MAR 2 2017

...................................

...THE FRANKFORT KY CLIMATE SUMMARY FOR THE MONTH OF FEBRUARY 2017...

CLIMATE NORMAL PERIOD 1981 TO 2010
CLIMATE RECORD PERIOD 1895 TO 2017

WEATHER         OBSERVED          NORMAL  DEPART  LAST YEAR`S
                 VALUE   DATE(S)  VALUE   FROM    VALUE  DATE(S)
                                          NORMAL
................................................................
TEMPERATURE (F)
RECORD
 HIGH              80   02/24/2017
                        02/10/1932
                        07/28/1930
 LOW              -21   02/20/2015
HIGHEST            80R  02/24        MM      MM       73  02/20
LOWEST              9   02/04        MM      MM       13  02/13
AVG. MAXIMUM     57.4              46.2    11.2     47.4
AVG. MINIMUM     35.3              26.6     8.7     28.5
MEAN             46.3              36.4     9.9     38.0
DAYS MAX >= 90      0               0.0     0.0        0
DAYS MAX <= 32      1               3.0    -2.0        6
DAYS MIN <= 32     11              20.7    -9.7       17
DAYS MIN <= 0       0               0.1    -0.1        0

PRECIPITATION (INCHES)
RECORD
 MAXIMUM         9.97   1909
 MINIMUM         0.31   1947
TOTALS           2.16              3.29   -1.13     4.57
DAILY AVG.       0.08              0.12   -0.04     0.16
DAYS >= .01         9                MM      MM       12
DAYS >= .10         7                MM      MM       11
DAYS >= .50         1                MM      MM        3
DAYS >= 1.00        0                MM      MM        1
GREATEST
 24 HR. TOTAL    0.75   02/06 TO 02/07

SNOWFALL (INCHES)
RECORDS
 TOTAL             MM   MM
TOTALS             MM                MM      MM       MM
SINCE 7/1          MM                MM      MM       MM
SNOWDEPTH AVG.     MM                MM      MM       MM
DAYS >= 1.0         0                MM      MM        0
GREATEST
 SNOW DEPTH        MM                                 MM  MM
 24 HR TOTAL       MM

DEGREE_DAYS
HEATING TOTAL     519               801    -282      778
 SINCE 7/1       2770              3639    -869     3072
COOLING TOTAL       3                 0       3        0
 SINCE 1/1          3                 0       3        0
.................................................................

WIND (MPH)
AVERAGE WIND SPEED              7.4
HIGHEST WIND SPEED/DIRECTION    29/210    DATE  02/24
HIGHEST GUST SPEED/DIRECTION    41/220    DATE  02/24

SKY COVER
POSSIBLE SUNSHINE (PERCENT)   MM
AVERAGE SKY COVER           0.50
NUMBER OF DAYS FAIR            9
NUMBER OF DAYS PC             11
NUMBER OF DAYS CLOUDY          8

AVERAGE RH (PERCENT)     60

WEATHER CONDITIONS. NUMBER OF DAYS WITH
THUNDERSTORM              4     MIXED PRECIP               0
HEAVY RAIN                3     RAIN                       5
LIGHT RAIN                9     FREEZING RAIN              0
LT FREEZING RAIN          0     HAIL                       0
HEAVY SNOW                0     SNOW                       0
LIGHT SNOW                1     SLEET                      0
FOG                      10     FOG W/VIS <= 1/4 MILE      2
HAZE                      4

-  INDICATES NEGATIVE NUMBERS.
R  INDICATES RECORD WAS SET OR TIED.
MM INDICATES DATA IS MISSING.
T  INDICATES TRACE AMOUNT.

$$
