000
CXUS53 KLMK 011518
CLMFFT


CLIMATE REPORT
NATIONAL WEATHER SERVICE LOUISVILLE KY
1012 AM EST THU DEC 1 2016

...................................

...THE FRANKFORT KY CLIMATE SUMMARY FOR THE MONTH OF NOVEMBER 2016...

CLIMATE NORMAL PERIOD 1981 TO 2010
CLIMATE RECORD PERIOD 1895 TO 2016

WEATHER         OBSERVED          NORMAL  DEPART  LAST YEAR`S
                 VALUE   DATE(S)  VALUE   FROM    VALUE  DATE(S)
                                          NORMAL
................................................................
TEMPERATURE (F)
RECORD
 HIGH              84   11/01/2016
                        11/03/1987
                        11/01/1950
 LOW                    11/30/1929
HIGHEST            84R  11/01        MM      MM       77  11/05
LOWEST             20   11/21        MM      MM       19  11/23
AVG. MAXIMUM     62.4              56.4     6.0     60.0
AVG. MINIMUM     36.5              35.7     0.8     38.5
MEAN             49.4              46.0     3.4     49.2
DAYS MAX >= 90      0               0.0     0.0        0
DAYS MAX <= 32      0               0.2    -0.2        0
DAYS MIN <= 32     10              11.8    -1.8        9
DAYS MIN <= 0       0               0.0     0.0        0

PRECIPITATION (INCHES)
RECORD
 MAXIMUM         9.29   1921
 MINIMUM         0.35   1901
TOTALS           1.49              3.73   -2.24     3.88
DAILY AVG.       0.05              0.12   -0.07     0.13
DAYS >= .01         8                MM      MM       14
DAYS >= .10         4                MM      MM        6
DAYS >= .50         1                MM      MM        4
DAYS >= 1.00        0                MM      MM        1
GREATEST
 24 HR. TOTAL    0.73   11/28 TO 11/28
                        11/28 TO 11/29

SNOWFALL (INCHES)
RECORDS
 TOTAL             MM   MM
TOTALS             MM                MM      MM       MM
SINCE 7/1          MM                MM      MM       MM
SNOWDEPTH AVG.     MM                MM      MM       MM
DAYS >= 1.0        MM                MM      MM       MM
GREATEST
 SNOW DEPTH        MM                                 MM  MM
 24 HR TOTAL       MM

DEGREE_DAYS
HEATING TOTAL     473               570     -97      468
 SINCE 7/1        618               911    -293      734
COOLING TOTAL      12                 1      11        3
 SINCE 1/1       1639              1155     484     1232
.................................................................

WIND (MPH)
AVERAGE WIND SPEED              4.9
HIGHEST WIND SPEED/DIRECTION    28/230    DATE  11/28
HIGHEST GUST SPEED/DIRECTION    35/240    DATE  11/28

SKY COVER
POSSIBLE SUNSHINE (PERCENT)   MM
AVERAGE SKY COVER           0.30
NUMBER OF DAYS FAIR           19
NUMBER OF DAYS PC              7
NUMBER OF DAYS CLOUDY          4

AVERAGE RH (PERCENT)     63

WEATHER CONDITIONS. NUMBER OF DAYS WITH
THUNDERSTORM              0     MIXED PRECIP               0
HEAVY RAIN                0     RAIN                       3
LIGHT RAIN                8     FREEZING RAIN              0
LT FREEZING RAIN          0     HAIL                       0
HEAVY SNOW                0     SNOW                       0
LIGHT SNOW                0     SLEET                      0
FOG                      13     FOG W/VIS <= 1/4 MILE      1
HAZE                     10

-  INDICATES NEGATIVE NUMBERS.
R  INDICATES RECORD WAS SET OR TIED.
MM INDICATES DATA IS MISSING.
T  INDICATES TRACE AMOUNT.

$$
