000
CXUS53 KFGF 101919 RRA
CLMFGF

CLIMATE REPORT...CORRECTED
NATIONAL WEATHER SERVICE EASTERN NORTH DAKOTA/GRAND FORKS
404 AM CDT SAT AUG 1 2015

...................................

...THE GRAND FORKS UNIV. (NWS) CLIMATE SUMMARY FOR THE MONTH OF JULY 2015...

CLIMATE NORMAL PERIOD 1981 TO 2010
CLIMATE RECORD PERIOD 1890 TO 2015

WEATHER         OBSERVED          NORMAL  DEPART  LAST YEAR`S
                 VALUE   DATE(S)  VALUE   FROM    VALUE
                                          NORMAL
.............................................................
TEMPERATURE (F)
RECORD
 HIGH             109   07/12/1936
 LOW               34   07/03/1972
HIGHEST            89   07/12        82       7
LOWEST             46   07/07        58     -12
AVG. MAXIMUM     81.5              81.2     0.3
AVG. MINIMUM     61.4              58.4     3.0
MEAN             71.5              69.8     1.7
DAYS MAX >= 90      0               2.9    -2.9
DAYS MAX <= 32      0               0.0     0.0
DAYS MIN <= 32      0               0.0     0.0
DAYS MIN <= 0       0               0.0     0.0

PRECIPITATION (INCHES)
RECORD
 MAXIMUM         8.10   2001
 MINIMUM         0.38   1976
TOTALS           4.95              3.17    1.78
DAILY AVG.       0.16              0.10    0.06
DAYS >= .01        10               9.8     0.2
DAYS >= .10         6               6.0     0.0
DAYS >= .50         4               2.0     2.0
DAYS >= 1.00        2               0.8     1.2
GREATEST
 24 HR. TOTAL    1.70   07/05 TO 07/05              2.71
 STORM TOTAL       MM                                 MM
 (MM/DD(HH))            MM

SNOWFALL (INCHES)
RECORDS
 TOTAL             MM   MM
TOTALS            0.0               0.0     0.0
 LIQUID EQUIV    0.00              0.00    0.00
SINCE 7/1         0.0               0.0     0.0
 LIQUID 7/1      0.00
DAYS >= TRACE       0               0.0     0.0
DAYS >= 1.0         0               0.0     0.0
GREATEST
 SNOW DEPTH         0   MM

DEGREE_DAYS
HEATING TOTAL      12                23     -11
 SINCE 7/1         12                23     -11
COOLING TOTAL     219               171      48
 SINCE 1/1        331               288      43
..............................................................

SKY COVER
POSSIBLE SUNSHINE (PERCENT)   MM
AVERAGE SKY COVER             MM
NUMBER OF DAYS FAIR            0
NUMBER OF DAYS PC              0
NUMBER OF DAYS CLOUDY          0


WEATHER CONDITIONS. NUMBER OF DAYS WITH
THUNDERSTORM              0     MIXED PRECIP               0
HEAVY RAIN                1     RAIN                       1
LIGHT RAIN                2     FREEZING RAIN              0
LT FREEZING RAIN          0     HAIL                       0
HEAVY SNOW                0     SNOW                       0
LIGHT SNOW                0     SLEET                      0
FOG                       6     FOG W/VIS <= 1/4 MILE      1
HAZE                      3

-  INDICATES NEGATIVE NUMBERS.
R  INDICATES RECORD WAS SET OR TIED.
MM INDICATES DATA IS MISSING.
T  INDICATES TRACE AMOUNT.

&&

THE MONTH OF JULY 2015 WAS SLIGHTLY WARMER THAN NORMAL WITH AN
AVERAGE TEMPERATURE OF 71.5 DEGREES...WHICH IS 1.7 DEGREES ABOVE
NORMAL. IT WAS ALSO WETTER THAN NORMAL WITH RAINFALL FOR THE MONTH
OF 4.95 INCHES...WHICH IS 1.78 INCHES ABOVE NORMAL.

REMEMBER...THIS DATA IS PROVISIONAL AND SUBJECT TO CHANGE. THE FINAL
AND OFFICIAL RECORDS WILL BE AVAILABLE FROM THE NATIONAL CENTERS FOR
ENVIRONMENTAL INFORMATION (FORMERLY THE NATIONAL CLIMATE DATA
CENTER).

$$

KNUTSVIG
