000
CXUS53 KUNR 011622
CLMGCC


CLIMATE REPORT
NATIONAL WEATHER SERVICE RAPID CITY SD
1022 AM MDT SUN MAY 1 2016

...................................

...THE GILLETTE AIRPORT WY CLIMATE SUMMARY FOR THE MONTH OF APRIL 2016...

CLIMATE NORMAL PERIOD 1981 TO 2010
CLIMATE RECORD PERIOD 9999 TO 9999

WEATHER         OBSERVED          NORMAL  DEPART  LAST YEAR`S
                 VALUE   DATE(S)  VALUE   FROM    VALUE  DATE(S)
                                          NORMAL
................................................................
TEMPERATURE (F)
HIGHEST            79   04/22                         80  04/14
LOWEST             19   04/11                         14  04/03
                        04/01                             04/02
AVG. MAXIMUM     56.7              55.8     0.9     59.1
AVG. MINIMUM     32.3              29.6     2.7     29.6
MEAN             44.5              42.7     1.8     44.4
DAYS MAX >= 90      0                                  0
DAYS MAX <= 32      0                                  0
DAYS MIN <= 32     16                                 17
DAYS MIN <= 0       0                                  0

PRECIPITATION (INCHES)
TOTALS           2.55              1.47    1.08     1.20
DAILY AVG.       0.09              0.05    0.04     0.04
DAYS >= .01        12                                  7
DAYS >= .10         8                                  3
DAYS >= .50         2                                  1
DAYS >= 1.00        0                                  0
GREATEST
 24 HR. TOTAL    0.56   04/24 TO 04/25              0.65

DEGREE_DAYS
HEATING TOTAL     607               669     -62      612
 SINCE 7/1       6126              7016    -890     6399
COOLING TOTAL       0                 0       0        0
 SINCE 1/1          0                 0       0        0
.................................................................

WIND (MPH)
AVERAGE WIND SPEED              11.9
HIGHEST WIND SPEED/DIRECTION    49/310    DATE  04/05
HIGHEST GUST SPEED/DIRECTION    64/310    DATE  04/05

AVERAGE RH (PERCENT)     66

WEATHER CONDITIONS. NUMBER OF DAYS WITH
THUNDERSTORM              0     MIXED PRECIP               0
HEAVY RAIN                1     RAIN                       3
LIGHT RAIN                5     FREEZING RAIN              0
LT FREEZING RAIN          0     HAIL                       0
HEAVY SNOW                1     SNOW                       3
LIGHT SNOW                8     SLEET                      0
FOG                      13     FOG W/VIS <= 1/4 MILE      1
HAZE                      2

-  INDICATES NEGATIVE NUMBERS.
R  INDICATES RECORD WAS SET OR TIED.
MM INDICATES DATA IS MISSING.
T  INDICATES TRACE AMOUNT.

$$
