000
CXUS53 KUNR 011624
CLMGCC


CLIMATE REPORT
NATIONAL WEATHER SERVICE RAPID CITY SD
1007 AM MDT TUE APR 1 2014

...................................

...THE GILLETTE AIRPORT WY CLIMATE SUMMARY FOR THE MONTH OF MARCH 2014...

CLIMATE NORMAL PERIOD 1981 TO 2010
CLIMATE RECORD PERIOD 9999 TO 9999

WEATHER         OBSERVED          NORMAL  DEPART  LAST YEAR`S
                 VALUE   DATE(S)  VALUE   FROM    VALUE  DATE(S)
                                          NORMAL
................................................................
TEMPERATURE (F)
HIGHEST            64   03/29                         68  03/14
LOWEST            -18R  03/01                          0  03/25
AVG. MAXIMUM     44.6              47.0    -2.4     47.4
AVG. MINIMUM     22.6              22.4     0.2     19.9
MEAN             33.6              34.7    -1.1     33.7
DAYS MAX >= 90      0                                  0
DAYS MAX <= 32      6                                  5
DAYS MIN <= 32     28                                 26
DAYS MIN <= 0       2                                  1

PRECIPITATION (INCHES)
TOTALS           1.09              0.96    0.13     0.28
DAILY AVG.       0.04              0.03    0.01     0.01
DAYS >= .01        12                                  8
DAYS >= .10         7                                  1
DAYS >= .50         0                                  0
DAYS >= 1.00        0                                  0
GREATEST
 24 HR. TOTAL    0.23   03/27 TO 03/27              0.10

DEGREE_DAYS
HEATING TOTAL     964               939      25      964
 SINCE 7/1       6609              6347     262     6087
COOLING TOTAL       0                 0       0        0
 SINCE 1/1          0                 0       0        0
.................................................................

WIND (MPH)
AVERAGE WIND SPEED              12.5
HIGHEST WIND SPEED/DIRECTION    36/230    DATE  03/08
HIGHEST GUST SPEED/DIRECTION    53/050    DATE  03/18

AVERAGE RH (PERCENT)     65

WEATHER CONDITIONS. NUMBER OF DAYS WITH
THUNDERSTORM              0     MIXED PRECIP               0
HEAVY RAIN                0     RAIN                       0
LIGHT RAIN                5     FREEZING RAIN              0
LT FREEZING RAIN          0     HAIL                       0
HEAVY SNOW                1     SNOW                       5
LIGHT SNOW               15     SLEET                      0
FOG                      14     FOG W/VIS <= 1/4 MILE      2
HAZE                      7

-  INDICATES NEGATIVE NUMBERS.
R  INDICATES RECORD WAS SET OR TIED.
MM INDICATES DATA IS MISSING.
T  INDICATES TRACE AMOUNT.

$$
