251
CXUS53 KDDC 011357
CLMGCK


CLIMATE REPORT
NATIONAL WEATHER SERVICE DODGE CITY KS
851 AM CDT FRI SEP 1 2017

...................................

...THE GARDEN CITY REGIONAL ARPT KS CLIMATE SUMMARY FOR THE MONTH OF AUGUST 2017...

CLIMATE NORMAL PERIOD 1981 TO 2010
CLIMATE RECORD PERIOD 1948 TO 2017

WEATHER         OBSERVED          NORMAL  DEPART  LAST YEAR`S
                 VALUE   DATE(S)  VALUE   FROM    VALUE  DATE(S)
                                          NORMAL
................................................................
TEMPERATURE (F)
RECORD
 HIGH             109   08/10/1964
 LOW               46   08/28/1976
                        08/20/1950
HIGHEST            95   08/19        MM      MM       97  08/23
                                                          08/04
LOWEST             52   08/29        MM      MM       53  08/21
AVG. MAXIMUM     85.6              89.7    -4.1     87.1
AVG. MINIMUM     60.8              63.7    -2.9     63.0
MEAN             73.2              76.7    -3.5     75.1
DAYS MAX >= 90      5              16.7   -11.7       11
DAYS MAX <= 32      0               0.0     0.0        0
DAYS MIN <= 32      0               0.0     0.0        0
DAYS MIN <= 0       0               0.0     0.0        0

PRECIPITATION (INCHES)
RECORD
 MAXIMUM         6.91   1979
 MINIMUM         0.10   1984
TOTALS           2.49              2.45    0.04     1.72
DAYS >= .01         6               7.7    -1.7        9
DAYS >= .10         4               4.8    -0.8        4
DAYS >= .50         2               1.7     0.3        1
DAYS >= 1.00        1               0.5     0.5        1
GREATEST
 24 HR. TOTAL    1.24   08/07 TO 08/07           08/06 TO 08/06

DEGREE_DAYS
HEATING TOTAL       0                 3      -3        0
 SINCE 7/1          0                 4      -4        0
COOLING TOTAL     263               365    -102      320
 SINCE 1/1       1147              1116      31     1156
.......................................................

WIND (MPH)
AVERAGE WIND SPEED              9.6
HIGHEST WIND SPEED/DIRECTION    40/350    DATE  08/17
HIGHEST GUST SPEED/DIRECTION    55/350    DATE  08/17


WEATHER CONDITIONS. NUMBER OF DAYS WITH
THUNDERSTORM              8     MIXED PRECIP               0
HEAVY RAIN                3     RAIN                       4
LIGHT RAIN                6     FREEZING RAIN              0
LT FREEZING RAIN          0     HAIL                       0
HEAVY SNOW                0     SNOW                       0
LIGHT SNOW                0     SLEET                      0
FOG                      17     FOG W/VIS <= 1/4 MILE      1
HAZE                      4

-  INDICATES NEGATIVE NUMBERS.
R  INDICATES RECORD WAS SET OR TIED.
MM INDICATES DATA IS MISSING.
T  INDICATES TRACE AMOUNT.

$$
