198
CXUS53 KDDC 011618
CLMGCK


CLIMATE REPORT
NATIONAL WEATHER SERVICE DODGE CITY KS
1117 AM CDT FRI APR 1 2016

...................................

...THE GARDEN CITY REGIONAL ARPT KS CLIMATE SUMMARY FOR THE MONTH OF MARCH 2016...

CLIMATE NORMAL PERIOD 1981 TO 2010
CLIMATE RECORD PERIOD 1948 TO 2016

WEATHER         OBSERVED          NORMAL  DEPART  LAST YEAR`S
                 VALUE   DATE(S)  VALUE   FROM    VALUE  DATE(S)
                                          NORMAL
................................................................
TEMPERATURE (F)
RECORD
 HIGH              93   03/10/1989
                        03/19/1972
 LOW               -6   03/07/1996
HIGHEST            88   03/22        MM      MM       91  03/16
LOWEST             10   03/20        MM      MM       12  03/05
AVG. MAXIMUM     65.2              57.8     7.4     62.9
AVG. MINIMUM     30.6              29.4     1.2     30.4
MEAN             47.9              43.6     4.3     46.7
DAYS MAX >= 90      0               0.0     0.0        1
DAYS MAX <= 32      0               1.5    -1.5        2
DAYS MIN <= 32     17              18.9    -1.9       14
DAYS MIN <= 0       0               0.1    -0.1        0

PRECIPITATION (INCHES)
RECORD
 MAXIMUM           MM   MM
 MINIMUM           MM   MM
TOTALS              T              1.46   -1.46     0.32
DAYS >= .01         0               5.3    -5.3        2
DAYS >= .10         0               2.7    -2.7        1
DAYS >= .50         0               0.8    -0.8        0
DAYS >= 1.00        0               0.2    -0.2        0
GREATEST
 24 HR. TOTAL       T   03/26 TO 03/26           03/19 TO 03/19
                                                          03/19 TO 03/19
                                                          03/19 TO 03/19

DEGREE_DAYS
HEATING TOTAL     519               664    -145      563
 SINCE 7/1       3932              4688    -756     4471
COOLING TOTAL       0                 0       0        0
 SINCE 1/1          1                 0       1        0
..........................................................

WIND (MPH)
AVERAGE WIND SPEED              13.5
HIGHEST WIND SPEED/DIRECTION    47/350    DATE  03/23
HIGHEST GUST SPEED/DIRECTION    58/350    DATE  03/23


WEATHER CONDITIONS. NUMBER OF DAYS WITH
THUNDERSTORM              0     MIXED PRECIP               0
HEAVY RAIN                0     RAIN                       0
LIGHT RAIN                1     FREEZING RAIN              0
LT FREEZING RAIN          0     HAIL                       0
HEAVY SNOW                0     SNOW                       1
LIGHT SNOW                3     SLEET                      0
FOG                       4     FOG W/VIS <= 1/4 MILE      1
HAZE                      4

-  INDICATES NEGATIVE NUMBERS.
R  INDICATES RECORD WAS SET OR TIED.
MM INDICATES DATA IS MISSING.
T  INDICATES TRACE AMOUNT.

$$
