000
CXUS51 KPHI 011202
CLMGED


CLIMATE REPORT
NATIONAL WEATHER SERVICE MOUNT HOLLY NJ
802 AM EDT WED JUL 1 2015

...................................

...THE GEORGETOWN CLIMATE SUMMARY FOR THE MONTH OF JUNE 2015...

CLIMATE NORMAL PERIOD 1981 TO 2010
CLIMATE RECORD PERIOD 1948 TO 2015

WEATHER         OBSERVED          NORMAL  DEPART  LAST YEAR`S
                 VALUE   DATE(S)  VALUE   FROM    VALUE  DATE(S)
                                          NORMAL
................................................................
TEMPERATURE (F)
RECORD
 HIGH             101   06/29/2012
                        06/30/1959
                        07/09/1936
 LOW               39   06/01/1967
HIGHEST            95                MM      MM       97
LOWEST             54                MM      MM       46
AVG. MAXIMUM     82.6              82.5     0.1     83.8
AVG. MINIMUM     65.2              62.6     2.6     62.5
MEAN             73.9              72.5     1.4     73.2
DAYS MAX >= 90      7               4.9     2.1        2
DAYS MAX <= 32      0               0.0     0.0        0
DAYS MIN <= 32      0               0.0     0.0        0
DAYS MIN <= 0       0               0.0     0.0        0

PRECIPITATION (INCHES)
RECORD
 MAXIMUM           MM   MM
 MINIMUM           MM   MM
TOTALS           4.83              4.61    0.22     1.77
DAILY AVG.       0.16              0.15    0.01     0.06
DAYS >= .01        19              14.2     4.8       11
DAYS >= .10        13               7.2     5.8        7
DAYS >= .50         2               2.6    -0.6        1
DAYS >= 1.00        0               1.0    -1.0        0
GREATEST
 24 HR. TOTAL    1.06   06/01 TO 06/02              0.70

SNOWFALL (INCHES)
RECORDS
 TOTAL             MM   5
 24 HR TOTAL       MM
TOTALS             MM                MM      MM       MM
SINCE 7/1          MM                MM      MM       MM
SNOWDEPTH AVG.     MM                MM      MM       MM
DAYS >= 1.0         0                MM      MM        0
GREATEST
 SNOW DEPTH        MM                                 MM  MM
 24 HR TOTAL       MM                                 MM

DEGREE_DAYS
HEATING TOTAL      21                13       8        5
 SINCE 7/1       4637              4406     231     4505
COOLING TOTAL     293               239      54      254
 SINCE 1/1        468               333     135      355
.................................................................

WIND (MPH)
AVERAGE WIND SPEED              7.6
HIGHEST WIND SPEED/DIRECTION    30/040    DATE  06/06
HIGHEST GUST SPEED/DIRECTION    41/040    DATE  06/06

SKY COVER
POSSIBLE SUNSHINE (PERCENT)   MM
AVERAGE SKY COVER           0.40
NUMBER OF DAYS FAIR           16
NUMBER OF DAYS PC              8
NUMBER OF DAYS CLOUDY          6

AVERAGE RH (PERCENT)     76

WEATHER CONDITIONS. NUMBER OF DAYS WITH
THUNDERSTORM              0     MIXED PRECIP               0
HEAVY RAIN               11     RAIN                      12
LIGHT RAIN               17     FREEZING RAIN              0
LT FREEZING RAIN          0     HEAVY SNOW                 0
SNOW                      0     LIGHT SNOW                 0
SLEET                     0     FOG                       21
FOG W/VIS <= 1/4 MILE     1     HAZE                       3

-  INDICATES NEGATIVE NUMBERS.
R  INDICATES RECORD WAS SET OR TIED.
MM INDICATES DATA IS MISSING.
T  INDICATES TRACE AMOUNT.

$$
