000
CXUS55 KGGW 020852
CLMGGW

CLIMATE REPORT
NATIONAL WEATHER SERVICE GLASGOW MT
209 AM MDT TUE MAY 2 2017

...................................

...THE GLASGOW CLIMATE SUMMARY FOR THE MONTH OF APRIL 2017...

CLIMATE NORMAL PERIOD 1981 TO 2010
CLIMATE RECORD PERIOD 1893 TO 2017

WEATHER         OBSERVED          NORMAL  DEPART  LAST YEAR`S
                 VALUE   DATE(S)  VALUE   FROM    VALUE  DATE(S)
                                          NORMAL
................................................................
TEMPERATURE (F)
RECORD
 HIGH              93   04/26/1952
 LOW              -19   04/01/1899
HIGHEST            76   04/13                         80  04/22
LOWEST             18   04/17                         19  04/11
AVG. MAXIMUM     57.8              57.8     0.0     59.3
AVG. MINIMUM     32.9              32.1     0.8     33.4
MEAN             45.4              44.9     0.5     46.4
DAYS MAX >= 90      0                                  0
DAYS MAX <= 32      0                                  0
DAYS MIN <= 32     15                                 12
DAYS MIN <= 0       0                                  0

PRECIPITATION (INCHES)
RECORD
 MAXIMUM         5.03   1940
 MINIMUM            T   1949
TOTALS           0.52              0.85   -0.33     2.61
DAILY AVG.       0.02              0.03   -0.01     0.09
DAYS >= .01         7                                  9
DAYS >= .10         2                                  7
DAYS >= .50         0                                  2
DAYS >= 1.00        0                                  0
GREATEST
 24 HR. TOTAL    0.17   04/19 TO 04/19
                        04/02 TO 04/02

SNOWFALL (INCHES)
RECORDS
 TOTAL           28.5   1896
 SNOW DEPTH        12   04/10/1995
                        04/09/1995
TOTALS            0.0               1.9    -1.9      3.2
 LIQUID EQUIV    0.00              0.20   -0.20     0.32
SINCE 7/1        37.7              33.6     4.1     27.6
 LIQUID 7/1      3.77              3.40    0.37     2.76
SNOWDEPTH AVG.      0                                  0
DAYS >= TRACE       0                                  4
DAYS >= 1.0         0                                  2
GREATEST
 SNOW DEPTH         0   MM                            -1  04/26
 24 HR TOTAL      0.0   04/30 TO 04/30

DEGREE_DAYS
HEATING TOTAL     582               603     -21      551
 SINCE 7/1       7644              8007    -363     6788
COOLING TOTAL       0                 1      -1        0
 SINCE 1/1          0                 1      -1        0
.................................................................

WIND (MPH)
AVERAGE WIND SPEED              11.9
RESULTANT WIND SPEED/DIRECTION   3/116
HIGHEST WIND SPEED/DIRECTION    36/130    DATE  04/13
HIGHEST GUST SPEED/DIRECTION    45/130    DATE  04/13

SKY COVER
POSSIBLE SUNSHINE (PERCENT)   MM
AVERAGE SKY COVER           0.40
NUMBER OF DAYS FAIR           13
NUMBER OF DAYS PC             13
NUMBER OF DAYS CLOUDY          4

AVERAGE RH (PERCENT)     59

WEATHER CONDITIONS. NUMBER OF DAYS WITH
THUNDERSTORM              0     MIXED PRECIP               0
HEAVY RAIN                0     RAIN                       2
LIGHT RAIN               12     FREEZING RAIN              0
LT FREEZING RAIN          1     HAIL                       0
HEAVY SNOW                0     SNOW                       0
LIGHT SNOW                0     SLEET                      0
FOG                      10     FOG W/VIS <= 1/4 MILE      2
HAZE                      1

-  INDICATES NEGATIVE NUMBERS.
R  INDICATES RECORD WAS SET OR TIED.
MM INDICATES DATA IS MISSING.
T  INDICATES TRACE AMOUNT.

$$

THE MONTH OF APRIL WAS WARMER AND DRIER THAN NORMAL. THE AVERAGE
TEMPERATURE FOR THE MONTH WAS 45.4 DEGREES, WHICH WAS 0.5 DEGREES
ABOVE NORMAL. THE AVERAGE HIGH AND LOW WERE 57.8 DEGREES AND 32.9
DEGREES, RESPECTIVELY. THE HIGH TEMPERATURE CLIMBED INTO THE 70S ON
3 DAYS, WITH THE WARMEST BEING 76 DEGREES ON THE 13TH. THE LOW
DIPPED BELOW 20 DEGREES ON 2 DAYS, WITH THE COLDEST BEING 18 DEGREES
ON THE 17TH.

A TOTAL OF 0.52 INCHES OF LIQUID PRECIPITATION FELL IN GLASGOW IN
APRIL, WHICH WAS 0.33 INCHES BELOW NORMAL. THE GREATEST 24 HOUR
TOTAL FOR LIQUID PRECIPITATION OF 0.17 INCHES FELL ON BOTH THE 2ND
AND THE 19TH. NO SNOW WAS OBSERVED DURING THE MONTH, WHICH IS 1.9
INCHES BELOW NORMAL.

THE WIND GUSTED TO 30 MPH OR GREATER ON 15 DAYS, AND OVER 40 MPH ON
4 DAYS. THE PEAK WIND FOR THE MONTH WAS 45 MPH, WHICH OCCURRED ON
THE 13TH.

LOOKING AHEAD TO MAY, THE AVERAGE TEMPERATURE IS 56.4 DEGREES.
NORMAL HIGH TEMPERATURES AT THE BEGINNING OF THE MONTH ARE IN THE
MID 60S WITH LOWS IN THE UPPER 30S. BY THE END OF THE MONTH, NORMAL
HIGHS ARE IN THE LOW 70S WITH LOWS IN THE UPPER 40S. THE AVERAGE
LIQUID PRECIPITATION FOR THE MONTH IS 1.92 INCHES AND THE AVERAGE
SNOWFALL FOR THE MONTH IS 1.2 INCHES.

$$

HICKFORD
