000
CXUS55 KGGW 011821
CLMGGW

CLIMATE REPORT
NATIONAL WEATHER SERVICE GLASGOW MT
1220 PM MDT SUN OCT 1 2017

...................................

...THE GLASGOW CLIMATE SUMMARY FOR THE MONTH OF SEPTEMBER 2017...

CLIMATE NORMAL PERIOD 1981 TO 2010
CLIMATE RECORD PERIOD 1893 TO 2017

WEATHER         OBSERVED          NORMAL  DEPART  LAST YEAR`S
                 VALUE   DATE(S)  VALUE   FROM    VALUE  DATE(S)
                                          NORMAL
................................................................
TEMPERATURE (F)
RECORD
 HIGH             103   09/01/1983
 LOW               14   09/25/1928
HIGHEST            93   09/08                         94  09/01
LOWEST             36   09/26                         27  09/13
AVG. MAXIMUM     71.4              71.8    -0.4     70.3
AVG. MINIMUM     46.4              44.6     1.8     46.3
MEAN             58.9              58.2     0.7     58.3
DAYS MAX >= 90      4                                  2
DAYS MAX <= 32      0                                  0
DAYS MIN <= 32      0                                  2
DAYS MIN <= 0       0                                  0

PRECIPITATION (INCHES)
RECORD
 MAXIMUM         4.72   1938
 MINIMUM         0.00   1899
TOTALS           1.12              0.94    0.18     1.67
DAILY AVG.       0.04              0.03    0.01     0.06
DAYS >= .01         5                                  8
DAYS >= .10         3                                  7
DAYS >= .50         0                                  0
DAYS >= 1.00        0                                  0
GREATEST
 24 HR. TOTAL    0.53   09/15 TO 09/16

SNOWFALL (INCHES)
RECORDS
 TOTAL            4.6   1926
 SNOW DEPTH         2   09/24/1984
TOTALS            0.0               0.2    -0.2      0.0
 LIQUID EQUIV    0.00              0.00    0.00     0.00
SINCE 7/1         0.0               0.2    -0.2      0.0
 LIQUID 7/1      0.00              0.00    0.00     0.00
SNOWDEPTH AVG.      0                                  0
DAYS >= TRACE       0                                  0
DAYS >= 1.0         0                                  0
GREATEST
 SNOW DEPTH         0   MM                             0  MM
 24 HR TOTAL      0.0   09/30 TO 09/30

DEGREE_DAYS
HEATING TOTAL     226               241     -15      224
 SINCE 7/1        233               294     -61      258
COOLING TOTAL      54                37      17       29
 SINCE 1/1        684               532     152      434
.................................................................

WIND (MPH)
AVERAGE WIND SPEED              8.9
RESULTANT WIND SPEED/DIRECTION   2/093
HIGHEST WIND SPEED/DIRECTION    28/160    DATE  09/29
HIGHEST GUST SPEED/DIRECTION    36/320    DATE  09/04

SKY COVER
POSSIBLE SUNSHINE (PERCENT)   MM
AVERAGE SKY COVER           0.30
NUMBER OF DAYS FAIR           20
NUMBER OF DAYS PC              3
NUMBER OF DAYS CLOUDY          7

AVERAGE RH (PERCENT)     55

WEATHER CONDITIONS. NUMBER OF DAYS WITH
THUNDERSTORM              0     MIXED PRECIP               0
HEAVY RAIN                0     RAIN                       2
LIGHT RAIN                9     FREEZING RAIN              0
LT FREEZING RAIN          0     HAIL                       0
HEAVY SNOW                0     SNOW                       0
LIGHT SNOW                0     SLEET                      0
FOG                       4     FOG W/VIS <= 1/4 MILE      0
HAZE                      4

-  INDICATES NEGATIVE NUMBERS.
R  INDICATES RECORD WAS SET OR TIED.
MM INDICATES DATA IS MISSING.
T  INDICATES TRACE AMOUNT.

&&

SEPTEMBER WAS A LITTLE WETTER THAN NORMAL, ENDING A STRING OF FIVE
STRAIGHT MONTHS OF DRIER THAN NORMAL WEATHER. FOR THE MONTH, 1.12
INCHES OF RAIN FELL, WHICH WAS 0.18 INCHES ABOVE NORMAL. 1.01 INCHES
OF THAT FELL DURING A THREE-DAY EVENT THAT LASTED FROM THE 14TH
THROUGH 16TH.

GLASGOW IS STILL WELL BELOW NORMAL FOR THE YEAR, HOWEVER, WITH ONLY
4.84 INCHES MEASURED THROUGH THE END OF SEPTEMBER, WHICH IS 5.27
INCHES BELOW THE NORMAL OF 10.11 INCHES. FOR THE WATER YEAR THAT
JUST ENDED, WHICH RUNS FROM OCTOBER 1ST THROUGH SEPTEMBER 30TH, 8.37
INCHES OF MOISTURE WAS RECORDED, WHICH IS 3.29 INCHES BELOW THE
NORMAL OF 11.66 INCHES.

SEPTEMBER WAS ALSO SLIGHTLY WARMER THAN NORMAL WITH AN AVERAGE
TEMPERATURE OF 58.9 DEGREES, WHICH WAS 0.7 DEGREES ABOVE NORMAL. THE
AVERAGE HIGH TEMPERATURE FOR THE MONTH WAS 71.4 DEGREES. FOUR DAYS
REACHED 90 DEGREES OR WARMER, WITH A HIGH OF 93 DEGREES OCCURING ON
THE 8TH. THE AVERAGE LOW TEMPERATURE WAS 46.4 DEGREES. FIVE DAYS
DIPPED INTO THE 30S, WITH THE COOLEST BEING ON THE 26TH WHEN THE
TEMPERATURE DROPPED TO 36 DEGREES.

THE WIND GUSTED TO 30 MPH OR GREATER ON SEVEN DAYS. THE PEAK WIND
GUST FOR THE MONTH WAS 36 MPH ON THE 4TH.

LOOKING AHEAD TO OCTOBER, NORMAL HIGH TEMPERATURES TO BEGIN THE
MONTH ARE IN THE MID 60S WITH NORMAL LOWS IN THE UPPER 30S. BY THE
END OF THE MONTH, NORMAL HIGHS ARE IN THE UPPER 40S WITH NORMAL LOWS
IN THE MID 20S. THE NORMAL MOISTURE FOR OCTOBER IS 0.75 INCHES, WITH
AN AVERAGE SNOWFALL TOTAL FOR THE MONTH OF 1.3 INCHES.

$$

BB
