000
CXUS55 KGGW 011937
CLMGGW

CLIMATE REPORT
NATIONAL WEATHER SERVICE GLASGOW MT
137 PM MDT FRI AUG 1 2014

...................................

...THE GLASGOW CLIMATE SUMMARY FOR THE MONTH OF JULY 2014...

CLIMATE NORMAL PERIOD 1981 TO 2010
CLIMATE RECORD PERIOD 1893 TO 2014

WEATHER         OBSERVED          NORMAL  DEPART  LAST YEAR`S
                 VALUE   DATE(S)  VALUE   FROM    VALUE  DATE(S)
                                          NORMAL
................................................................
TEMPERATURE (F)
RECORD
 HIGH             113   07/31/1900
 LOW               34   07/08/1904
HIGHEST            99   07/31                         96  07/15
                                                          07/03
LOWEST             45   07/14                         47  07/26
AVG. MAXIMUM     87.2              85.1     2.1     83.3
AVG. MINIMUM     56.1              57.1    -1.0     56.6
MEAN             71.6              71.1     0.5     70.0
DAYS MAX >= 90     14                                  5
DAYS MAX <= 32      0                                  0
DAYS MIN <= 32      0                                  0
DAYS MIN <= 0       0                                  0

PRECIPITATION (INCHES)
RECORD
 MAXIMUM         5.93   1993
 MINIMUM            T   1894
TOTALS           0.58              1.78   -1.20     0.95
DAILY AVG.       0.02              0.06   -0.04     0.03
DAYS >= .01         4                                 10
DAYS >= .10         2                                  5
DAYS >= .50         0                                  0
DAYS >= 1.00        0                                  0
GREATEST
 24 HR. TOTAL    0.31   07/11 TO 07/11

SNOWFALL (INCHES)
RECORDS
 TOTAL             MM   MM
 SNOW DEPTH        MM   MM
TOTALS            0.0               0.0     0.0      0.0
 LIQUID EQUIV    0.00              0.00    0.00     0.00
SINCE 7/1         0.0               0.0     0.0      0.0
 LIQUID 7/1      0.00              0.00    0.00     0.00
SNOWDEPTH AVG.      0                                  0
DAYS >= TRACE       0                                  0
DAYS >= 1.0         0                                  0
GREATEST
 SNOW DEPTH         0   MM                             0  MM
 24 HR TOTAL      0.0   07/31 TO 07/31

DEGREE_DAYS
HEATING TOTAL       4                18     -14       10
 SINCE 7/1          4                18     -14       10
COOLING TOTAL     217               207      10      172
 SINCE 1/1        271               299     -28      230
.................................................................

WIND (MPH)
AVERAGE WIND SPEED              10.7
RESULTANT WIND SPEED/DIRECTION   2/069
HIGHEST WIND SPEED/DIRECTION    49/320    DATE  07/24
HIGHEST GUST SPEED/DIRECTION    60/310    DATE  07/24

SKY COVER
POSSIBLE SUNSHINE (PERCENT)   MM
AVERAGE SKY COVER           0.10
NUMBER OF DAYS FAIR           28
NUMBER OF DAYS PC              3
NUMBER OF DAYS CLOUDY          0

AVERAGE RH (PERCENT)     54

WEATHER CONDITIONS. NUMBER OF DAYS WITH
THUNDERSTORM              0     MIXED PRECIP               0
HEAVY RAIN                1     RAIN                       1
LIGHT RAIN                3     FREEZING RAIN              0
LT FREEZING RAIN          0     HAIL                       0
HEAVY SNOW                0     SNOW                       0
LIGHT SNOW                0     SLEET                      0
FOG                       3     FOG W/VIS <= 1/4 MILE      0
HAZE                      5

-  INDICATES NEGATIVE NUMBERS.
R  INDICATES RECORD WAS SET OR TIED.
MM INDICATES DATA IS MISSING.
T  INDICATES TRACE AMOUNT.

&&

JULY ENDED THE FIVE CONSECUTIVE MONTH RUN OF COOLER THAN NORMAL
TEMPERATURES. THE AVERAGE TEMPERATURE FOR THE MONTH WAS 71.6
DEGREES...WHICH WAS 0.5 DEGREES WARMER THAN NORMAL. THE AVERAGE HIGH
FOR THE MONTH WAS 87.2 DEGREES WHILE THE AVERAGE LOW WAS 56.1
DEGREES. TWENTY-EIGHT DAYS REACHED 80 DEGREES OR WARMER DURING THE
MONTH...WITH FOURTEEN DAYS ABOVE 90 DEGREES. ONLY ONE DAY DID THE
OVERNIGHT TEMPERATURE DROP BELOW 50 DEGREES. THE WARMEST DAY OF THE
MONTH WAS THE 31TH WHEN THE HIGH REACHED 99 DEGREES...WHILE A LOW OF
45 DEGREES WAS REPORTED ON THE 14TH.

JULY WAS DRIER THAN NORMAL. A TOTAL OF 0.58 INCHES OF RAIN WAS
RECORDED...WHICH WAS 1.20 INCHES BELOW THE NORMAL OF 1.78 INCHES.
THERE WERE ONLY TWO DAYS IN JULY IN WHICH A TENTH OF AN INCH OR MORE
OF RAIN FELL. 0.31 INCHES FELL ON THE 11TH...WHILE 0.22 WAS RECORDED
ON THE 7TH.

SO FAR FOR 2014...GLASGOW HAS BEEN 1.83 DEGREES COOLER THAN
NORMAL...AND 1.70 INCHES DRIER THAN NORMAL.

THE WIND GUSTED 30 MPH OR GREATER ON FOURTEEN DAYS DURING THE
MONTH...AND 45 MPH OR GREATER ON THREE DAYS. THE PEAK WIND FOR THE
MONTH WAS 60 MPH ON THE 24TH.

THE NORMAL TEMPERATURES FOR THE MONTH OF AUGUST BEGIN WITH HIGHS IN
THE UPPER 80S AND LOWS IN THE UPPER 50S...ENDING THE MONTH WITH HIGHS
IN THE LOWER 80S AND LOWS IN THE LOWER 50S. AVERAGE RAINFALL FOR THE
THE MONTH IS 1.23 INCHES.

$$

AEC
