000
CXUS54 KJAN 021919
CLMGLH


CLIMATE REPORT
NATIONAL WEATHER SERVICE JACKSON MS
206 PM CDT SAT APR 2 2016

...................................

...THE GREENVILLE CLIMATE SUMMARY FOR THE MONTH OF MARCH 2016...

CLIMATE NORMAL PERIOD 1981 TO 2010
CLIMATE RECORD PERIOD 1920 TO 2016

WEATHER         OBSERVED          NORMAL  DEPART  LAST YEAR`S
                 VALUE   DATE(S)  VALUE   FROM    VALUE  DATE(S)
                                          NORMAL
................................................................
TEMPERATURE (F)
RECORD
 HIGH              91   03/24/1929
 LOW               15   03/03/1943
HIGHEST            83   03/31        MM      MM       79  03/31
LOWEST             35   03/21        MM      MM       23  03/06
AVG. MAXIMUM     69.5              65.3     4.2     63.4
AVG. MINIMUM     50.3              44.1     6.2     45.7
MEAN             59.9              54.7     5.2     54.6
DAYS MAX >= 90      0               0.0     0.0        0
DAYS MAX <= 32      0               0.0     0.0        0
DAYS MIN <= 32      0               2.2    -2.2        4
DAYS MIN <= 0       0               0.0     0.0        0

PRECIPITATION (INCHES)
RECORD
 MAXIMUM        15.83   1973
 MINIMUM         0.31   2007
TOTALS          17.32R             4.55   12.77     4.61
DAILY AVG.       0.56              0.15    0.41     0.15
DAYS >= .01        13                MM      MM       14
DAYS >= .10        12                MM      MM       12
DAYS >= .50         7                MM      MM        3
DAYS >= 1.00        5                MM      MM        0
GREATEST
 24 HR. TOTAL    7.73   03/09 TO 03/10              0.81

SNOWFALL (INCHES)
TOTALS            0.0

DEGREE_DAYS
HEATING TOTAL     186               336    -150      321
 SINCE 7/1       1866              2645    -779     2808
COOLING TOTAL      35                17      18        7
 SINCE 1/1         39                22      17        7
.................................................................

WIND (MPH)
AVERAGE WIND SPEED              10.5
HIGHEST WIND SPEED/DIRECTION    35/260    DATE  03/30
HIGHEST GUST SPEED/DIRECTION    47/260    DATE  03/30

SKY COVER
POSSIBLE SUNSHINE (PERCENT)   MM
AVERAGE SKY COVER           0.40
NUMBER OF DAYS FAIR           16
NUMBER OF DAYS PC             11
NUMBER OF DAYS CLOUDY          4

AVERAGE RH (PERCENT)     67

WEATHER CONDITIONS. NUMBER OF DAYS WITH
THUNDERSTORM             12     MIXED PRECIP               0
HEAVY RAIN               12     RAIN                      12
LIGHT RAIN               14     FREEZING RAIN              0
LT FREEZING RAIN          0     HAIL                       0
HEAVY SNOW                0     SNOW                       0
LIGHT SNOW                0     SLEET                      0
FOG                      16     FOG W/VIS <= 1/4 MILE      3
HAZE                      8

-  INDICATES NEGATIVE NUMBERS.
R  INDICATES RECORD WAS SET OR TIED.
MM INDICATES DATA IS MISSING.
T  INDICATES TRACE AMOUNT.

$$
