000
CXUS55 KMSO 020029
CLMGPI


CLIMATE REPORT
NATIONAL WEATHER SERVICE MISSOULA, MT
528 PM MST FRI DEC 1 2017

...................................

...THE KALISPELL MT CLIMATE SUMMARY FOR THE MONTH OF NOVEMBER 2017...

CLIMATE NORMAL PERIOD 1981 TO 2010
CLIMATE RECORD PERIOD 1894 TO 2017

WEATHER         OBSERVED          NORMAL  DEPART  LAST YEAR`S
                 VALUE   DATE(S)  VALUE   FROM    VALUE
                                          NORMAL
.............................................................
TEMPERATURE (F)
RECORD
 HIGH              69   11/12/1999
 LOW              -28   11/16/1959
HIGHEST            58   11/23        MM      MM       61
LOWEST             15   11/03        MM      MM       18
AVG. MAXIMUM     39.8              39.6     0.2     47.6
AVG. MINIMUM     27.0              24.0     3.0     28.3
MEAN             33.4              31.8     1.6
DAYS MAX >= 90      0               0.0     0.0        0
DAYS MAX <= 32      6               5.2     0.8        0
DAYS MIN <= 32     24              24.6    -0.6       22
DAYS MIN <= 0       0               0.7    -0.7        0

PRECIPITATION (INCHES)
RECORD
 MAXIMUM         4.44   1959
 MINIMUM         0.17   1929
TOTALS           1.55              1.43    0.12
DAILY AVG.       0.05              0.05    0.00     0.02
DAYS >= .01        20              13.0     7.0       10
DAYS >= .10         7               4.9     2.1        2
DAYS >= .50         0               0.3    -0.3        0
DAYS >= 1.00        0               0.0     0.0        0
GREATEST
 24 HR. TOTAL    0.23   11/20 TO 11/20              0.62
                        11/19 TO 11/20
                        11/20 TO 11/20

SNOWFALL (INCHES)
TOTALS            9.2               9.3    -0.1      0.7
SINCE 7/1         9.2              10.4    -1.2      1.7
DAYS >= TRACE      12               7.4     4.6        7
DAYS >= 1.0         4               3.0     1.0        0
GREATEST
 SNOW DEPTH         6   11/06
 24 HR TOTAL      3.0   11/03 TO 11/03               0.7

DEGREE_DAYS
HEATING TOTAL     938               996     -58
 SINCE 7/1       2013              2204    -191
COOLING TOTAL       0                 0       0
 SINCE 1/1        228               147      81
..............................................................

WIND (MPH)
AVERAGE WIND SPEED              5.9
HIGHEST WIND SPEED/DIRECTION    31/020    DATE  11/05
HIGHEST GUST SPEED/DIRECTION    37/020    DATE  11/05

SKY COVER
POSSIBLE SUNSHINE (PERCENT)   MM
AVERAGE SKY COVER           0.80
NUMBER OF DAYS FAIR            1
NUMBER OF DAYS PC              8
NUMBER OF DAYS CLOUDY         21

AVERAGE RH (PERCENT)     81

WEATHER CONDITIONS. NUMBER OF DAYS WITH
THUNDERSTORM              0     MIXED PRECIP               1
HEAVY RAIN                0     RAIN                       1
LIGHT RAIN               13     FREEZING RAIN              0
LT FREEZING RAIN          1     HAIL                       0
HEAVY SNOW                1     SNOW                       3
LIGHT SNOW               12     SLEET                      0
FOG                      24     FOG W/VIS <= 1/4 MILE      6
HAZE                      7

-  INDICATES NEGATIVE NUMBERS.
R  INDICATES RECORD WAS SET OR TIED.
MM INDICATES DATA IS MISSING.
T  INDICATES TRACE AMOUNT.

$$
