000
CXUS53 KGRB 011141
CLMGRB


CLIMATE REPORT
NATIONAL WEATHER SERVICE GREEN BAY
535 AM CST SUN FEB 1 2015

...................................

...THE GREEN BAY WI CLIMATE SUMMARY FOR THE MONTH OF JANUARY 2015...

CLIMATE NORMAL PERIOD 1981 TO 2010
CLIMATE RECORD PERIOD 1886 TO 2015

WEATHER         OBSERVED          NORMAL  DEPART  LAST YEAR`S
                 VALUE   DATE(S)  VALUE   FROM    VALUE  DATE(S)
                                          NORMAL
................................................................
TEMPERATURE (F)
RECORD
 HIGH              56   01/26/1944
 LOW              -36   01/21/1888
HIGHEST            40   01/17        40       0       39  01/12
LOWEST            -12   01/05       -16       4      -21  01/09
AVG. MAXIMUM     24.3              24.3     0.0     18.4
AVG. MINIMUM     10.8               9.0     1.8     -0.9
MEAN             17.5              16.6     0.9      8.7
DAYS MAX >= 90      0               0.0     0.0        0
DAYS MAX <= 32     25              22.8     2.2       27
DAYS MIN <= 32     31              30.3     0.7       31
DAYS MIN <= 0      10               8.1     1.9       19

PRECIPITATION (INCHES)
RECORD
 MAXIMUM         3.75   1889
 MINIMUM         0.12   1981
TOTALS           0.56              1.13   -0.57     1.33
DAILY AVG.       0.02              0.04   -0.02     0.04
DAYS >= .01         6               9.9    -3.9       10
DAYS >= .10         3               3.7    -0.7        4
DAYS >= .50         0               0.2    -0.2        0
DAYS >= 1.00        0               0.0     0.0        0
GREATEST
 24 HR. TOTAL    0.16   01/03 TO 01/03

SNOWFALL (INCHES)
RECORDS
 TOTAL           32.5   1889
TOTALS            8.8              13.0    -4.2     17.0
SINCE 7/1        20.5              30.3    -9.8     44.6
SNOWDEPTH AVG.      3                 6      -3       11
DAYS >= 1.0         3               4.1    -1.1        6
GREATEST
 SNOW DEPTH         5   01/10                         15  01/31
                        01/09                             01/30
                        01/08
 24 HR TOTAL      3.1   MM

DEGREE_DAYS
HEATING TOTAL    1462              1499     -37     1738
 SINCE 7/1       4507              4589     -82     4893
COOLING TOTAL       0                 0       0        0
 SINCE 1/1          0                 0       0        0
.................................................................

WIND (MPH)
AVERAGE WIND SPEED              9.5
HIGHEST WIND SPEED/DIRECTION    29/050    DATE  01/31
HIGHEST GUST SPEED/DIRECTION    37/350    DATE  01/29

SKY COVER
POSSIBLE SUNSHINE (PERCENT)   MM
AVERAGE SKY COVER           0.60
NUMBER OF DAYS FAIR            6
NUMBER OF DAYS PC             11
NUMBER OF DAYS CLOUDY         14

AVERAGE RH (PERCENT)     73

WEATHER CONDITIONS. NUMBER OF DAYS WITH
THUNDERSTORM              0     MIXED PRECIP               0
HEAVY RAIN                0     RAIN                       0
LIGHT RAIN                0     FREEZING RAIN              0
LT FREEZING RAIN          1     HAIL                       0
HEAVY SNOW                1     SNOW                       1
LIGHT SNOW               20     SLEET                      0
FOG                      16     FOG W/VIS <= 1/4 MILE      1
HAZE                     15

-  INDICATES NEGATIVE NUMBERS.
R  INDICATES RECORD WAS SET OR TIED.
MM INDICATES DATA IS MISSING.
T  INDICATES TRACE AMOUNT.

$$
