212
CXUS52 KGSP 022355
CLMGSP

CLIMATE REPORT
NATIONAL WEATHER SERVICE GREENVILLE-SPARTANBURG SC
756 PM EDT THU NOV 2  2017

...................................

...THE GREENVILLE-SPARTANBURG CLIMATE SUMMARY FOR THE MONTH OF OCTOBER 2017...

CLIMATE NORMAL PERIOD 1981 TO 2010
CLIMATE RECORD PERIOD 1884 TO 2017

WEATHER         OBSERVED          NORMAL  DEPART  LAST YEAR`S
                 VALUE   DATE(S)  VALUE   FROM    VALUE  DATE(S)
                                          NORMAL
................................................................
TEMPERATURE (F)
RECORD
 HIGH              97   10/06/1954
 LOW               25   10/29/1976
                        10/30/1910
                        10/31/1893
HIGHEST            88   10/11        MM      MM       89  10/19
LOWEST             31   10/30        MM      MM       42  10/23
AVG. MAXIMUM     74.6              72.8     1.8     78.5
AVG. MINIMUM     52.5              50.4     2.1     53.5
MEAN             63.5              61.6     1.9     66.0
DAYS MAX >= 90      0               0.1    -0.1        0
DAYS MAX <= 32      0               0.0     0.0        0
DAYS MIN <= 32      1               0.4     0.6        0
DAYS MIN <= 0       0               0.0     0.0        0

PRECIPITATION (INCHES)
RECORD
 MAXIMUM        12.68   1932
 MINIMUM         0.00   2000
TOTALS           7.28              3.44    3.84     0.44
DAILY AVG.       0.23              0.11    0.12     0.01
DAYS >= .01         8               7.2     0.8        1
DAYS >= .10         6               4.6     1.4        1
DAYS >= .50         3               1.9     1.1        0
DAYS >= 1.00        3               0.9     2.1        0
GREATEST
 24 HR. TOTAL    2.90   10/23 TO 10/23


 STORM TOTAL       MM                                 MM
 (MM/DD(HH))            MM



SNOWFALL (INCHES)
RECORDS
 TOTAL              T   1926
                        1913
 24 HR TOTAL        T   10/23/1937 TO 10/23/1937
                        10/26/1926 TO 10/26/1926
 SNOW DEPTH        MM   MM
TOTALS            0.0               0.0     0.0      0.0
 LIQUID EQUIV    0.00              0.00    0.00     0.00
SINCE 7/1         0.0               0.0     0.0      0.0
 LIQUID 7/1      0.00              0.00    0.00     0.00
SNOWDEPTH AVG.      0                MM      MM        0
DAYS >= TRACE       0               0.0     0.0        0
DAYS >= 1.0         0               0.0     0.0        0
GREATEST
 SNOW DEPTH         0   MM                             0
 24 HR TOTAL      0.0   MM                            MM
 STORM TOTAL       MM                                 MM
 (MM/DD(HH))            MM



DEGREE_DAYS
HEATING TOTAL     134               153     -19       42
 SINCE 7/1        145               170     -25       42
COOLING TOTAL      96                48      48       85
 SINCE 1/1       1794              1710      84     2176

FREEZE DATES
RECORD
 EARLIEST     MM
 LATEST       MM
EARLIEST      10/30             MM
LATEST                          MM
.................................................................

WIND (MPH)
AVERAGE WIND SPEED              5.3
HIGHEST WIND SPEED/DIRECTION    23/160    DATE  10/23
HIGHEST GUST SPEED/DIRECTION    33/150    DATE  10/23

SKY COVER
POSSIBLE SUNSHINE (PERCENT)   MM
AVERAGE SKY COVER           0.30
NUMBER OF DAYS FAIR           18
NUMBER OF DAYS PC              8
NUMBER OF DAYS CLOUDY          4

AVERAGE RH (PERCENT)     73

WEATHER CONDITIONS. NUMBER OF DAYS WITH
THUNDERSTORM              1     MIXED PRECIP               0
HEAVY RAIN                6     RAIN                       4
LIGHT RAIN               10     FREEZING RAIN              0
LT FREEZING RAIN          0     HAIL                       0
HEAVY SNOW                0     SNOW                       0
LIGHT SNOW                0     SLEET                      0
FOG                      15     FOG W/VIS <= 1/4 MILE      2
HAZE                      3

-  INDICATES NEGATIVE NUMBERS.
R  INDICATES RECORD WAS SET OR TIED.
MM INDICATES DATA IS MISSING.
T  INDICATES TRACE AMOUNT.

$$

OUTLAW
