000
CXGM50 PGUM 041520
CLMGUM


CLIMATE REPORT
NATIONAL WEATHER SERVICE TIYAN, GUAM
120 AM CHST TUE DEC 5 2017

...................................

...THE GUAM INTERNATIONAL AIRPORT GU CLIMATE SUMMARY FOR THE MONTH OF NOVEMBER 2017...

CLIMATE NORMAL PERIOD 1981 TO 2010
CLIMATE RECORD PERIOD 1945 TO 2017

WEATHER         OBSERVED          NORMAL  DEPART  LAST YEAR`S
                 VALUE   DATE(S)  VALUE   FROM    VALUE  DATE(S)
                                          NORMAL
................................................................
TEMPERATURE (F)
RECORD
 HIGH              92   11/16/2016
                        11/09/1989
                        11/07/1989
 LOW               68   11/09/1967
HIGHEST            90   11/26        MM      MM       92  11/16
                        11/19
                        11/17
LOWEST             74   11/28        MM      MM       75  11/06
AVG. MAXIMUM     88.7              86.5     2.2     89.0
AVG. MINIMUM     78.5              77.2     1.3     79.0
MEAN             83.6              81.8     1.8     84.0
DAYS MAX >= 90      6               0.3     5.7       13
DAYS MAX <= 32      0               0.0     0.0        0
DAYS MIN <= 32      0               0.0     0.0        0
DAYS MIN <= 0       0               0.0     0.0        0

PRECIPITATION (INCHES)
RECORD
 MAXIMUM        13.29   2007
 MINIMUM         4.13   2013
TOTALS           4.23              9.17   -4.94    10.13
DAILY AVG.       0.14              0.31   -0.17     0.34
DAYS >= .01        23              24.9    -1.9       22
DAYS >= .10        11              15.8    -4.8       12
DAYS >= .50         1               5.3    -4.3        8
DAYS >= 1.00        1               2.5    -1.5        4
GREATEST
 24 HR. TOTAL    1.56   11/09 TO 11/09           11/06 TO 11/06
                                                          11/30 TO 11/30
                                                          11/30 TO 11/30
 STORM TOTAL       MM                                 MM
 (MM/DD(HH))            MM                    11/06(00) TO 11/06(00)
                                                 11/30(00) TO 11/30(00)0
                                                 11/30(00) TO 11/30(00)0

DEGREE_DAYS
COOLING TOTAL     566               505      61      577
 SINCE 1/1       6011              5501     510     6208

FREEZE DATES
RECORD
 EARLIEST     MM
 LATEST       MM
EARLIEST                        MM
LATEST                          MM
.................................................

WIND (MPH)
AVERAGE WIND SPEED              11.4
RESULTANT WIND SPEED/DIRECTION  11/074
HIGHEST WIND SPEED/DIRECTION    28/050    DATE  11/26
HIGHEST GUST SPEED/DIRECTION    37/080    DATE  11/14

SKY COVER
POSSIBLE SUNSHINE (PERCENT)   MM
AVERAGE SKY COVER           0.20
NUMBER OF DAYS FAIR           26
NUMBER OF DAYS PC              4
NUMBER OF DAYS CLOUDY          0

AVERAGE RH (PERCENT)     82

WEATHER CONDITIONS. NUMBER OF DAYS WITH
THUNDERSTORM              0     MIXED PRECIP               0
HEAVY RAIN                8     RAIN                       9
LIGHT RAIN               19     FREEZING RAIN              0
LT FREEZING RAIN          0     HAIL                       0
HEAVY SNOW                0     SNOW                       0
LIGHT SNOW                0     SLEET                      0
FOG                      19     FOG W/VIS <= 1/4 MILE      1
HAZE                      5

-  INDICATES NEGATIVE NUMBERS.
R  INDICATES RECORD WAS SET OR TIED.
MM INDICATES DATA IS MISSING.
T  INDICATES TRACE AMOUNT.

$$
