000
CXUS54 KJAN 021919
CLMGWO


CLIMATE REPORT
NATIONAL WEATHER SERVICE JACKSON MS
206 PM CDT SAT APR 2 2016

...................................

...THE GREENWOOD CLIMATE SUMMARY FOR THE MONTH OF MARCH 2016...

CLIMATE NORMAL PERIOD 1981 TO 2010
CLIMATE RECORD PERIOD 1948 TO 2016

WEATHER         OBSERVED          NORMAL  DEPART  LAST YEAR`S
                 VALUE   DATE(S)  VALUE   FROM    VALUE  DATE(S)
                                          NORMAL
................................................................
TEMPERATURE (F)
RECORD
 HIGH              88   03/23/1995
                        03/31/1963
                        03/30/1963
 LOW               15   03/09/1996
                        03/03/1980
HIGHEST            86   03/15        MM      MM       80  03/31
                                                          03/25
LOWEST             31   03/21        MM      MM       20  03/06
AVG. MAXIMUM     71.1              67.0     4.1     66.1
AVG. MINIMUM     48.7              44.0     4.7     46.4
MEAN             59.9              55.5     4.4     56.3
DAYS MAX >= 90      0               0.0     0.0        0
DAYS MAX <= 32      0               0.0     0.0        0
DAYS MIN <= 32      1               3.7    -2.7        4
DAYS MIN <= 0       0               0.0     0.0        0

PRECIPITATION (INCHES)
RECORD
 MAXIMUM        16.84   1973
 MINIMUM         0.33   2007
TOTALS          12.50              4.31    8.19     5.14
DAILY AVG.       0.40              0.14    0.26     0.17
DAYS >= .01        15               9.8     5.2       14
DAYS >= .10        13               6.7     6.3       10
DAYS >= .50         6               2.8     3.2        3
DAYS >= 1.00        3               1.4     1.6        1
GREATEST
 24 HR. TOTAL    5.31   03/30 TO 03/31              1.23

SNOWFALL (INCHES)
TOTALS            0.0

DEGREE_DAYS
HEATING TOTAL     190               316    -126      273
 SINCE 7/1       1851              2547    -696     2794
COOLING TOTAL      39                21      18        9
 SINCE 1/1         47                26      21        9
.................................................................

WIND (MPH)
AVERAGE WIND SPEED              8.8
HIGHEST WIND SPEED/DIRECTION    32/160    DATE  03/09
HIGHEST GUST SPEED/DIRECTION    41/160    DATE  03/30

SKY COVER
POSSIBLE SUNSHINE (PERCENT)   MM
AVERAGE SKY COVER           0.30
NUMBER OF DAYS FAIR           18
NUMBER OF DAYS PC              8
NUMBER OF DAYS CLOUDY          5

AVERAGE RH (PERCENT)     66

WEATHER CONDITIONS. NUMBER OF DAYS WITH
THUNDERSTORM             12     MIXED PRECIP               0
HEAVY RAIN                9     RAIN                      12
LIGHT RAIN               15     FREEZING RAIN              0
LT FREEZING RAIN          0     HAIL                       0
HEAVY SNOW                0     SNOW                       0
LIGHT SNOW                0     SLEET                      0
FOG                      14     FOG W/VIS <= 1/4 MILE      3
HAZE                      0

-  INDICATES NEGATIVE NUMBERS.
R  INDICATES RECORD WAS SET OR TIED.
MM INDICATES DATA IS MISSING.
T  INDICATES TRACE AMOUNT.

$$
