000
CXUX51 KGYX 022129
CLMGYX

PWMCLMGYX 000
TTAA00 KGYX 021512


CLIMATE REPORT
NATIONAL WEATHER SERVICE GRAY ME
528 PM EDT FRI SEP 2 2016

...................................

...THE GRAY ME CLIMATE SUMMARY FOR THE MONTH OF AUGUST 2016...

CLIMATE NORMAL PERIOD 1981 TO 2010
CLIMATE RECORD PERIOD 1995 TO 2016

WEATHER         OBSERVED          NORMAL  DEPART  LAST YEAR`S
                 VALUE   DATE(S)  VALUE   FROM    VALUE
                                          NORMAL
.............................................................
TEMPERATURE (F)
RECORD
 HIGH              96   08/12/2016
                        08/09/2001
                        08/08/2001
 LOW               46   08/31/2002
HIGHEST            96R  08/12        90       6       87
LOWEST             55   08/23        50       5       55
AVG. MAXIMUM     82.2              78.5     3.7     78.6
AVG. MINIMUM     61.9              58.7     3.2     61.4
MEAN             72.1              68.6     3.5     70.0
DAYS MAX >= 90      4               1.4     2.6        0
DAYS MAX <= 32      0               0.0     0.0        0
DAYS MIN <= 32      0               0.0     0.0        0
DAYS MIN <= 0       0               0.0     0.0        0

PRECIPITATION (INCHES)
RECORD
 MAXIMUM         8.19   2011
 MINIMUM         0.16   1996
TOTALS           3.31              3.59   -0.28     3.92
DAILY AVG.       0.11              0.12   -0.01     0.13
DAYS >= .01        10              11.2    -1.2       12
DAYS >= .10         5               6.3    -1.3        5
DAYS >= .50         2               2.1    -0.1        3
DAYS >= 1.00        2               0.7     1.3        1
GREATEST
 24 HR. TOTAL    1.40   08/12 TO 08/13

SNOWFALL (INCHES)
RECORDS
 TOTAL            0.0
TOTALS            0.0               0.0     0.0      0.0
SINCE 7/1         0.0               0.0     0.0      0.0
SNOWDEPTH AVG.      0
DAYS >= TRACE       0               0.0     0.0        0
DAYS >= 1.0         0               0.0     0.0        0
GREATEST
 SNOW DEPTH         0                                  0
 24 HR TOTAL      0.0

DEGREE_DAYS
HEATING TOTAL       1                22     -21        3
 SINCE 7/1         19                36     -17       16
COOLING TOTAL     226               133      93      167
 SINCE 1/1        527               359     168      373
..............................................................



-  INDICATES NEGATIVE NUMBERS.
R  INDICATES RECORD WAS SET OR TIED.
MM INDICATES DATA IS MISSING.
T  INDICATES TRACE AMOUNT.

&&

THE WARM WEATHER, WHICH BEGAN IN MID JULY, CONTINUED THROUGH MUCH OF
AUGUST. THE HEAT BUILT THROUGH THE FIRST HALF OF THE MONTH, PEAKING
IN MID AUGUST WHEN THE TEMPERATURE TOPPED 95 DEGREES ON TWO
CONSECUTIVE DAYS ON AUGUST 11 AND 12. THE HIGH TEMPERATURE OF 96
DEGREES ON AUGUST 12 TIED FOR THE HOTTEST TEMPERATURE RECORDED IN
THE MONTH OF AUGUST IN THE SHORT 21-YEAR HISTORY OF OBSERVATIONS AT
THE NATIONAL WEATHER SERVICE OFFICE IN GRAY. THE HEAT AND HUMIDITY
CONTRIBUTED TO A STRONG THUNDERSTORM WHICH PRODUCED 48 MPH WIND
GUSTS AND MORE THAN 1.5 INCHES OF RAINFALL. ALTHOUGH THE EXTREME
HEAT ABATED, TEMPERATURES REMAINED ABOVE NORMAL FOR MUCH OF THE REST
OF THE MONTH. MORE WELCOME RAIN ARRIVED ON AUGUST 21 AND 22 WHEN
MORE THAN 1 INCH WAS MEASURED.

THE AVERAGE TEMPERATURE WAS 72.1 DEGREES WHICH WAS 3.5 DEGREES ABOVE
NORMAL. THE WARMEST AUGUST WAS 2001 WHEN THE AVERAGE TEMPERATURE WAS
72.2 DEGREES. THE COOLEST WAS 2008 AT ONLY 66.0 DEGREES. THE HIGH
TEMPERATURE OF 96 DEGREES ON AUGUST 12 TIED FOR THE 3RD HOTTEST
TEMPERATURE YET RECORDED AT NWS GRAY AND THE HOTTEST IN THE MONTH OF
AUGUST. THE FOLLOWING TABLE LISTS THE HOTTEST TEMPERATURES RECORDED
AT NWS GRAY.

HOTTEST TEMPERATURES (1995 TO PRESENT)
RANK  TEMP  DATE
1      99   JUL 22, 2011
2      97   JUL 17, 1999
3      96   AUG 12, 2016 <===
       96   SEP 9, 2002
       96   JUL 3, 2002
       96   AUG 9, 2001
       96   AUG 8, 2001
       96   AUG 7, 2001
9      95   AUG 11, 2016 <===
       95   SEVERAL OTHER OCCURRENCES, MOST RECENTLY ON JUL 21, 2011

A TOTAL OF 3.31 INCHES OF RAIN FELL WHICH WAS 0.28 INCHES BELOW
NORMAL. THE HEAVIEST RAIN FELL ON THE 12TH AND 13TH WHEN 1.56 INCHES
WAS MEASURED. THE DRIEST AUGUST WAS 1996 WITH ONLY 0.16 INCHES OF
RAIN. THE WETTEST WAS 2011 WITH 8.19 INCHES.

$$

KIMBLE
