000
CXUS55 KTFX 011915
CLMHLN


CLIMATE REPORT
NATIONAL WEATHER SERVICE GREAT FALLS MT
1212 PM MST SUN MAR 1 2015

...................................

...THE HELENA MT CLIMATE SUMMARY FOR THE MONTH OF FEBRUARY 2015...

CLIMATE NORMAL PERIOD 1981 TO 2010
CLIMATE RECORD PERIOD 1866 TO 2015

WEATHER         OBSERVED          NORMAL  DEPART  LAST YEAR`S
                 VALUE   DATE(S)  VALUE   FROM    VALUE  DATE(S)
                                          NORMAL
................................................................
TEMPERATURE (F)
RECORD
 HIGH              69   02/24/1995
                        02/27/1932
 LOW              -42   02/02/1996
HIGHEST            67   02/06        41      26       51  02/17
LOWEST                  02/22        12     -13      -26  02/06
AVG. MAXIMUM     45.1              38.6     6.5     25.6
AVG. MINIMUM     23.5              16.9     6.6      7.2
MEAN             34.3              27.7     6.6     16.4
DAYS MAX >= 90      0               0.0     0.0        0
DAYS MAX <= 32      7               6.8     0.2       17
DAYS MIN <= 32     21              25.8    -4.8       28
DAYS MIN <= 0       1               3.5    -2.5        9

PRECIPITATION (INCHES)
RECORD
 MAXIMUM         1.98   2014
 MINIMUM         0.02   1991
TOTALS           0.38              0.30    0.08     1.98
DAYS >= .01         6               5.9     0.1
DAYS >= .10         1               1.0     0.0
DAYS >= .50         0               0.0     0.0
DAYS >= 1.00        0               0.0     0.0
GREATEST
 24 HR. TOTAL    0.23   02/09 TO 02/10

SNOWFALL (INCHES)
RECORDS
 TOTAL             MM   5
 24 HR TOTAL       MM
TOTALS            1.7               5.0    -3.3     26.5
SINCE 7/1        24.3              27.3    -3.0
SNOWDEPTH AVG.      0
DAYS >= TRACE       9               5.2     3.8
DAYS >= 1.0         0               1.8    -1.8
GREATEST
 SNOW DEPTH         1   02/26
                        02/22
 24 HR TOTAL      0.5   02/26 TO 02/26

DEGREE_DAYS
HEATING TOTAL     850              1043    -193     1352
 SINCE 7/1       5008              5561    -553     5516
COOLING TOTAL       0                 0       0        0
 SINCE 1/1          0                 0       0        0
.................................................................

WIND (MPH)
AVERAGE WIND SPEED              6.3
HIGHEST WIND SPEED/DIRECTION    31/220    DATE  02/07
HIGHEST GUST SPEED/DIRECTION    45/210    DATE  02/07

SKY COVER
AVERAGE SKY COVER           0.50

AVERAGE RH (PERCENT)     60

WEATHER CONDITIONS. NUMBER OF DAYS WITH
THUNDERSTORM              0     MIXED PRECIP               0
HEAVY RAIN                0     RAIN                       1
LIGHT RAIN                3     FREEZING RAIN              0
LT FREEZING RAIN          0     HAIL                       0
HEAVY SNOW                0     SNOW                       1
LIGHT SNOW                9     SLEET                      0
FOG                       7     FOG W/VIS <= 1/4 MILE      1
HAZE                      4

-  INDICATES NEGATIVE NUMBERS.
R  INDICATES RECORD WAS SET OR TIED.
MM INDICATES DATA IS MISSING.
T  INDICATES TRACE AMOUNT.

&&

A PERSISTENT UPPER LEVEL RIDGE OF HIGH PRESSURE POSITIONED OVER THE
PACIFIC NORTHWEST COASTLINE RESULTED IN WARMER THAN AVERAGE
TEMPERATURES FOR HELENA IN FEBRUARY 2015. TEMPERATURES WERE WARMEST
DURING THE SECOND WEEK OF THE MONTH. NEW DAILY RECORD HIGH
TEMPERATURES WERE SET ON THE 6TH...13TH AND 14TH...AND TIED ON THE
8TH. THE DAILY RECORD HIGH OF 67 DEGREES ON THE 6TH IS THE 4TH
WARMEST DAY OF RECORD FOR THE MONTH OF FEBRUARY. THE DAILY RECORD
WARM MINIMUM TEMPERATURE OF 43 DEGREES SET ON THE 7TH IS THE 10TH
WARMEST MINIMUM TEMPERATURE FOR FEBRUARY. A SERIES OF ARCTIC COLD
FRONTS DURING THE LAST WEEK OF THE MONTH BROUGHT THE AVERAGE MONTHLY
TEMPERATURE DOWN TO 34.3 FAHRENHEIT...YIELDING THE 12TH WARMEST
FEBRUARY OF RECORD. MONTHLY TOTAL PRECIPITATION WAS SLIGHTLY ABOVE
AVERAGE WHILE SNOWFALL WAS BELOW AVERAGE.

$$
