000
CXUS54 KLZK 020251
CLMHRO


CLIMATE REPORT
NATIONAL WEATHER SERVICE LITTLE ROCK AR
848 PM CST MON JAN 1 2018

...................................

...THE HARRISON CLIMATE SUMMARY FOR THE MONTH OF DECEMBER 2017...

CLIMATE NORMAL PERIOD 1981 TO 2010
CLIMATE RECORD PERIOD 1891 TO 2017

WEATHER         OBSERVED          NORMAL  DEPART  LAST YEAR`S
                 VALUE   DATE(S)  VALUE   FROM    VALUE  DATE(S)
                                          NORMAL
................................................................
TEMPERATURE (F)
RECORD
 HIGH              82   12/24/1955
 LOW              -11   12/23/1989
HIGHEST            71   12/03        47      24       68  12/26
                                                          12/25
LOWEST              7   12/31        29     -22        5  12/19
AVG. MAXIMUM     48.6              47.7     0.9     48.8
AVG. MINIMUM     30.7              28.4     2.3     28.4
MEAN             39.7              38.1     1.6     38.6
DAYS MAX >= 90      0               0.0     0.0        0
DAYS MAX <= 32      4               2.6     1.4        3
DAYS MIN <= 32     18              19.7    -1.7       19
DAYS MIN <= 0       0               0.3    -0.3        0

PRECIPITATION (INCHES)
RECORD
 MAXIMUM        11.64   1982
 MINIMUM         0.22   1919
TOTALS           1.88              3.20   -1.32     1.32
DAILY AVG.       0.06              0.10   -0.04     0.04
DAYS >= .01         5               7.9    -2.9        8
DAYS >= .10         4                                  4
DAYS >= .50         1                                  1
DAYS >= 1.00        1               0.5     0.5        0
GREATEST
 24 HR. TOTAL    1.13   12/22 TO 12/23

SNOWFALL (INCHES)
RECORDS
 TOTAL           13.2   1917
 24 HR TOTAL     12.9   12/22/1966 TO 12/23/1966
 SNOW DEPTH        13   12/08/1917
TOTALS            0.3               1.3    -1.0      0.5
 LIQUID EQUIV    0.03              0.10   -0.07     0.05
SINCE 7/1         0.3               1.8    -1.5      0.5
 LIQUID 7/1      0.03              0.10   -0.07     0.05
SNOWDEPTH AVG.      0
DAYS >= TRACE       3               4.0    -1.0        2
DAYS >= 1.0         0                                  0
GREATEST
 SNOW DEPTH         T   12/31
                        12/24
                        12/23
 24 HR TOTAL      0.3   12/23 TO 12/23

DEGREE_DAYS
HEATING TOTAL     779               835     -56      809
 SINCE 7/1       1375              1599    -224     1259
COOLING TOTAL       0                 0       0        0
 SINCE 1/1       1406              1416     -10     1647

FREEZE DATES
RECORD
 EARLIEST     09/13/1902
 LATEST       05/17/1912
EARLIEST                        10/29
LATEST                          04/04
....................................................

WIND (MPH)
AVERAGE WIND SPEED              7.4
HIGHEST WIND SPEED/DIRECTION    25/270    DATE  12/11
HIGHEST GUST SPEED/DIRECTION    35/280    DATE  12/11

SKY COVER
POSSIBLE SUNSHINE (PERCENT)   MM
AVERAGE SKY COVER           0.40
NUMBER OF DAYS FAIR           15
NUMBER OF DAYS PC             10
NUMBER OF DAYS CLOUDY          6

AVERAGE RH (PERCENT)     63

WEATHER CONDITIONS. NUMBER OF DAYS WITH
THUNDERSTORM              0     MIXED PRECIP               0
HEAVY RAIN                2     RAIN                       4
LIGHT RAIN                6     FREEZING RAIN              0
LT FREEZING RAIN          1     HAIL                       0
HEAVY SNOW                0     SNOW                       0
LIGHT SNOW                2     SLEET                      0
FOG                       8     FOG W/VIS <= 1/4 MILE      1
HAZE                      1

-  INDICATES NEGATIVE NUMBERS.
R  INDICATES RECORD WAS SET OR TIED.
MM INDICATES DATA IS MISSING.
T  INDICATES TRACE AMOUNT.

&&

...Data for Harrison for December 2017...

.Summary...
The month finished a degree and a half above average. This was
due to anomalously warm weather the first week, and during the 3rd
week of the month, when temperatures were running 15-20 degrees
above average. However, very cold weather moved in during the last
nine days of the month, and this kept the averages out of record
territory.

For the fifth month in a row, rainfall was below average. All
measurable precipitation fell between the 16th and 23rd. Even with
rainfall over an inch below average, it was still the most rain in
December in two years.

Measurable snow fell for the 2nd December in a row, though it was
below average.

.Monthly Temperatures...
The average high temperature was the coolest since 2014. However,
the average low and monthly temperatures were the warmest since
2015.

.Daily Temperatures...
Daily temperatures were above average on 16 days, average on two
days, and below average on 13 days.

.Daily Record Temperatures Tied or Broken During the Month...
Date   Record Type                     New Record    Previous Record
19th   Warmest Low Temperature         52 in 2017      52 in 1952
21st   Warmest Low Temperature         48 in 2017      46 in 1949

.Monthly Rainfall...
Rainfall was below average for the month. However, it was still the
wettest December since 2015.

.Daily Rainfall Records Tied or Broken During the Month...
None.

.Monthly Snowfall...
Measurable snow fell for the second December in a row, though it was
below average, and less than last year.

$$

57
