000
CXUS53 KAPX 010954
CLMHTL


CLIMATE REPORT
NATIONAL WEATHER SERVICE GAYLORD MI
553 AM EDT THU JUN 1 2017

...................................

...THE HOUGHTON LAKE MI CLIMATE SUMMARY FOR THE MONTH OF MAY 2017...

CLIMATE NORMAL PERIOD 1981 TO 2010
CLIMATE RECORD PERIOD 1913 TO 2017

WEATHER         OBSERVED          NORMAL  DEPART  LAST YEAR`S
                 VALUE   DATE(S)  VALUE   FROM    VALUE  DATE(S)
                                          NORMAL
................................................................
TEMPERATURE (F)
RECORD
 HIGH              96   05/31/1939
                        05/20/1921
 LOW               12   05/04/1926
HIGHEST            85   05/17        MM      MM       86  05/25
LOWEST             25   05/09        MM      MM       30  05/15
                                                          05/02
AVG. MAXIMUM     65.0              66.3    -1.3     69.5
AVG. MINIMUM     41.9              41.5     0.4     42.0
MEAN             53.5              53.9    -0.4     55.7
DAYS MAX >= 90      0               0.0     0.0        0
DAYS MAX <= 32      0               0.0     0.0        0
DAYS MIN <= 32      3               4.7    -1.7        6
DAYS MIN <= 0       0               0.0     0.0        0

PRECIPITATION (INCHES)
RECORD
 MAXIMUM           MM   MM
 MINIMUM           MM   MM
TOTALS           2.53              2.82   -0.29     4.08
DAILY AVG.       0.08              0.09   -0.01     0.13
DAYS >= .01        13              11.0     2.0       11
DAYS >= .10         5               6.4    -1.4        5
DAYS >= .50         2               2.0     0.0        2
DAYS >= 1.00        1               0.4     0.6        1
GREATEST
 24 HR. TOTAL    1.09   05/01 TO 05/01
 STORM TOTAL       MM
 (MM/DD(HH))            MM

SNOWFALL (INCHES)
RECORDS
 TOTAL             MM   MM
 24 HR TOTAL       MM
 SNOW DEPTH        MM   MM
TOTALS            0.0               0.1    -0.1        T
SINCE 7/1        76.1              66.6     9.5     58.4
SNOWDEPTH AVG.      0                MM      MM        0
DAYS >= TRACE       0               0.2    -0.2        1
DAYS >= 1.0         0               0.0     0.0        0
GREATEST
 SNOW DEPTH         0   MM                            -1  05/15
 24 HR TOTAL      0.0   05/31 TO 05/31                 T

DEGREE_DAYS
HEATING TOTAL     363               358       5      308
 SINCE 7/1       6832              8019   -1187     6904
COOLING TOTAL      13                14      -1       29
 SINCE 1/1         14                16      -2       29
.................................................................

WIND (MPH)
AVERAGE WIND SPEED              8.7
HIGHEST WIND SPEED/DIRECTION    31/260    DATE  05/18
HIGHEST GUST SPEED/DIRECTION    50/240    DATE  05/18

SKY COVER
POSSIBLE SUNSHINE (PERCENT)   MM
AVERAGE SKY COVER           0.50
NUMBER OF DAYS FAIR           12
NUMBER OF DAYS PC             13
NUMBER OF DAYS CLOUDY          6

AVERAGE RH (PERCENT)     65

WEATHER CONDITIONS. NUMBER OF DAYS WITH
THUNDERSTORM              0     MIXED PRECIP               0
HEAVY RAIN                3     RAIN                       3
LIGHT RAIN               15     FREEZING RAIN              0
LT FREEZING RAIN          0     HAIL                       0
HEAVY SNOW                0     SNOW                       0
LIGHT SNOW                0     SLEET                      0
FOG                      13     FOG W/VIS <= 1/4 MILE      1
HAZE                      1

-  INDICATES NEGATIVE NUMBERS.
R  INDICATES RECORD WAS SET OR TIED.
MM INDICATES DATA IS MISSING.
T  INDICATES TRACE AMOUNT.

$$
