000
CXUS51 KRLX 012050
CLMHTS


CLIMATE REPORT
NATIONAL WEATHER SERVICE CHARLESTON WV
450 PM EDT TUE SEP 1 2015

...................................

...THE HUNTINGTON CLIMATE SUMMARY FOR THE MONTH OF AUGUST 2015...

CLIMATE NORMAL PERIOD 1981 TO 2010
CLIMATE RECORD PERIOD 1897 TO 2015

WEATHER         OBSERVED          NORMAL  DEPART  LAST YEAR`S
                 VALUE   DATE(S)  VALUE   FROM    VALUE  DATE(S)
                                          NORMAL
................................................................
TEMPERATURE (F)
RECORD
 HIGH             107   08/04/1930
 LOW               43   08/29/1986
                        08/30/1946
HIGHEST            89   08/31        MM      MM       89  08/30
                        08/16
LOWEST             52   08/27        MM      MM       50  08/16
AVG. MAXIMUM     83.5              85.5    -2.0     82.0
AVG. MINIMUM     60.9              64.2    -3.3     63.4
MEAN             72.2              74.8    -2.6     72.7
DAYS MAX >= 90      0               7.6    -7.6        0
DAYS MAX <= 32      0               0.0     0.0        0
DAYS MIN <= 32      0               0.0     0.0        0
DAYS MIN <= 0       0               0.0     0.0        0

PRECIPITATION (INCHES)
RECORD
 MAXIMUM         8.32   1905
 MINIMUM         0.68   1962
TOTALS           1.20              3.74   -2.54     6.28
DAILY AVG.       0.04              0.12   -0.08     0.20
DAYS >= .01         6               9.5    -3.5       14
DAYS >= .10         4               6.3    -2.3       10
DAYS >= .50         1               2.4    -1.4        2
DAYS >= 1.00        0               1.1    -1.1        2
GREATEST
 24 HR. TOTAL    0.53   08/10 TO 08/10              2.86

SNOWFALL (INCHES)
RECORDS
 TOTAL             MM   MM
TOTALS            0.0               0.0     0.0      0.0
SINCE 7/1         0.0               0.0     0.0      0.0
DAYS >= 1.0         0               0.0     0.0        0
GREATEST
 SNOW DEPTH         0   MM                             0  MM
 24 HR TOTAL      0.0   08/31 TO 08/31           08/31 TO 08/31
                                                          08/22 TO 08/22
                                                          08/22 TO 08/22

DEGREE_DAYS
HEATING TOTAL       0                 2      -2        0
 SINCE 7/1          0                 2      -2        3
COOLING TOTAL     232               307     -75      246
 SINCE 1/1        968               977      -9      841
...................................................

WIND (MPH)
AVERAGE WIND SPEED              3.2
HIGHEST WIND SPEED/DIRECTION    25/190    DATE  08/19
HIGHEST GUST SPEED/DIRECTION    32/200    DATE  08/19

SKY COVER
POSSIBLE SUNSHINE (PERCENT)   MM
AVERAGE SKY COVER           0.30
NUMBER OF DAYS FAIR           19
NUMBER OF DAYS PC              7
NUMBER OF DAYS CLOUDY          5

AVERAGE RH (PERCENT)     74

WEATHER CONDITIONS. NUMBER OF DAYS WITH
THUNDERSTORM              0     MIXED PRECIP               0
HEAVY RAIN                3     RAIN                       4
LIGHT RAIN                8     FREEZING RAIN              0
LT FREEZING RAIN          0     HAIL                       0
HEAVY SNOW                0     SNOW                       0
LIGHT SNOW                0     SLEET                      0
FOG                      22     FOG W/VIS <= 1/4 MILE      8
HAZE                      3

-  INDICATES NEGATIVE NUMBERS.
R  INDICATES RECORD WAS SET OR TIED.
MM INDICATES DATA IS MISSING.
T  INDICATES TRACE AMOUNT.

$$
