000
CXUS53 KIND 011617
CLMHUF


CLIMATE REPORT
NATIONAL WEATHER SERVICE INDIANAPOLIS IN
1111 AM EST SUN MAR 1 2015

...................................

...THE TERRE HAUTE IN CLIMATE SUMMARY FOR THE MONTH OF FEBRUARY 2015...

CLIMATE NORMAL PERIOD 1981 TO 2010
CLIMATE RECORD PERIOD 9999 TO 9999

WEATHER         OBSERVED          NORMAL  DEPART  LAST YEAR`S
                 VALUE   DATE(S)  VALUE   FROM    VALUE  DATE(S)
                                          NORMAL
................................................................
TEMPERATURE (F)
HIGHEST            58   02/08                         64  02/20
LOWEST            -15   02/24                        -16  02/11
AVG. MAXIMUM     30.4              41.1   -10.7     31.8
AVG. MINIMUM      9.9              23.7   -13.8     12.1
MEAN             20.2              32.4   -12.2     22.0
DAYS MAX >= 90      0               0.0     0.0        0
DAYS MAX <= 32     17               5.4    11.6       17
DAYS MIN <= 32     27              23.1     3.9       26
DAYS MIN <= 0       5               0.7     4.3        6

PRECIPITATION (INCHES)
TOTALS           1.17              1.93   -0.76     2.26
DAILY AVG.       0.04              0.07   -0.03     0.08
DAYS >= .01         7                MM      MM       10
DAYS >= .10         3                MM      MM        5
DAYS >= .50         0                MM      MM        1
DAYS >= 1.00        0                MM      MM        1
GREATEST
 24 HR. TOTAL    0.44   01/31 TO 02/01

DEGREE_DAYS
HEATING TOTAL    1246               913     333     1196
 SINCE 7/1       4634              4163     471     4735
COOLING TOTAL       0                 0       0        0
 SINCE 1/1          0                 0       0        0
.................................................................

WIND (MPH)
AVERAGE WIND SPEED              8.7
HIGHEST WIND SPEED/DIRECTION    32/330    DATE  02/14
HIGHEST GUST SPEED/DIRECTION    46/310    DATE  02/14

SKY COVER
POSSIBLE SUNSHINE (PERCENT)   MM
AVERAGE SKY COVER           0.50
NUMBER OF DAYS FAIR            9
NUMBER OF DAYS PC             11
NUMBER OF DAYS CLOUDY          8

AVERAGE RH (PERCENT)     69

WEATHER CONDITIONS. NUMBER OF DAYS WITH
THUNDERSTORM              0     MIXED PRECIP               0
HEAVY RAIN                0     RAIN                       1
LIGHT RAIN                1     FREEZING RAIN              0
LT FREEZING RAIN          0     HAIL                       0
HEAVY SNOW                1     SNOW                       3
LIGHT SNOW               13     SLEET                      0
FOG                      16     FOG W/VIS <= 1/4 MILE      3
HAZE                     10

-  INDICATES NEGATIVE NUMBERS.
R  INDICATES RECORD WAS SET OR TIED.
MM INDICATES DATA IS MISSING.
T  INDICATES TRACE AMOUNT.

$$
