000
CXUS53 KIND 011510
CLMHUF


CLIMATE REPORT
NATIONAL WEATHER SERVICE INDIANAPOLIS IN
1110 AM EDT TUE APR 1 2014

...................................

...THE TERRE HAUTE IN CLIMATE SUMMARY FOR THE MONTH OF MARCH 2014...

CLIMATE NORMAL PERIOD 1981 TO 2010
CLIMATE RECORD PERIOD 9999 TO 9999

WEATHER         OBSERVED          NORMAL  DEPART  LAST YEAR`S
                 VALUE   DATE(S)  VALUE   FROM    VALUE  DATE(S)
                                          NORMAL
................................................................
TEMPERATURE (F)
HIGHEST            71   03/11                         63  03/10
LOWEST              6   03/04                         18  03/22
AVG. MAXIMUM     48.5              53.2    -4.7     43.8
AVG. MINIMUM     25.5              32.3    -6.8     28.7
MEAN             37.0              42.8    -5.8     36.3
DAYS MAX >= 90      0               0.0     0.0        0
DAYS MAX <= 32      3               1.2     1.8        3
DAYS MIN <= 32     23              16.0     7.0       26
DAYS MIN <= 0       0               0.0     0.0        0

PRECIPITATION (INCHES)
TOTALS           1.75              3.37   -1.62     1.53
DAILY AVG.       0.06              0.11   -0.05     0.05
DAYS >= .01         7                MM      MM       12
DAYS >= .10         6                MM      MM        5
DAYS >= .50         1                MM      MM        1
DAYS >= 1.00        0                MM      MM        0
GREATEST
 24 HR. TOTAL    0.70   03/12 TO 03/12

DEGREE_DAYS
HEATING TOTAL     862               691     171      884
 SINCE 7/1       5597              4854     743     4805
COOLING TOTAL       0                 1      -1        0
 SINCE 1/1          0                 1      -1        0
.................................................................

WIND (MPH)
AVERAGE WIND SPEED              9.2
HIGHEST WIND SPEED/DIRECTION    31/160    DATE  03/28
HIGHEST GUST SPEED/DIRECTION    44/190    DATE  03/28

SKY COVER
POSSIBLE SUNSHINE (PERCENT)   MM
AVERAGE SKY COVER           0.30
NUMBER OF DAYS FAIR           18
NUMBER OF DAYS PC              8
NUMBER OF DAYS CLOUDY          5

AVERAGE RH (PERCENT)     64

WEATHER CONDITIONS. NUMBER OF DAYS WITH
THUNDERSTORM              2     MIXED PRECIP               0
HEAVY RAIN                1     RAIN                       4
LIGHT RAIN                8     FREEZING RAIN              0
LT FREEZING RAIN          1     HAIL                       0
HEAVY SNOW                1     SNOW                       3
LIGHT SNOW                4     SLEET                      0
FOG                      11     FOG W/VIS <= 1/4 MILE      2
HAZE                     10

-  INDICATES NEGATIVE NUMBERS.
R  INDICATES RECORD WAS SET OR TIED.
MM INDICATES DATA IS MISSING.
T  INDICATES TRACE AMOUNT.

$$
