000
CXUS55 KTFX 011257
CLMHVR


CLIMATE REPORT
NATIONAL WEATHER SERVICE GREAT FALLS MT
555 AM MST THU DEC 1 2016

...................................

...THE HAVRE MT CLIMATE SUMMARY FOR THE MONTH OF NOVEMBER 2016...

CLIMATE NORMAL PERIOD 1981 TO 2010
CLIMATE RECORD PERIOD 1880 TO 2016

WEATHER         OBSERVED          NORMAL  DEPART  LAST YEAR`S
                 VALUE   DATE(S)  VALUE   FROM    VALUE
                                          NORMAL
.............................................................
TEMPERATURE (F)
RECORD
 HIGH              78   11/12/1999
                        11/05/1975
 LOW              -33   11/20/1896
HIGHEST            70   11/12        49      21       66
                        11/09
LOWEST             13   11/29        12       1       -9
AVG. MAXIMUM     53.0              41.6    11.4     42.6
AVG. MINIMUM     29.1              18.8    10.3     20.4
MEAN             41.1              30.2    10.9     31.5
DAYS MAX >= 90      0               0.0     0.0        0
DAYS MAX <= 32      1               6.7    -5.7        7
DAYS MIN <= 32     20              26.5    -6.5       24
DAYS MIN <= 0       0               3.3    -3.3        4

PRECIPITATION (INCHES)
RECORD
 MAXIMUM         2.42   1958
 MINIMUM            T   2009
                        1969
                        1925
TOTALS              TR             0.43   -0.43     0.45
DAYS >= .01         0               5.9    -5.9
DAYS >= .10         0               1.4    -1.4
DAYS >= .50         0               0.0     0.0
DAYS >= 1.00        0               0.0     0.0
GREATEST
 24 HR. TOTAL    0.69   10/31 TO 11/01

SNOWFALL (INCHES)
RECORDS
 TOTAL           26.4   5
                        0
                        -26215
 24 HR TOTAL       MM
 SNOW DEPTH        14   11/30/1896
                        11/29/1896
                        11/28/1896
TOTALS              T               5.3    -5.3      3.0
SNOWDEPTH AVG.      0
DAYS >= TRACE       2               4.8    -2.8
DAYS >= 1.0         0               1.7    -1.7
GREATEST
 SNOW DEPTH         0   MM                             3
 24 HR TOTAL        T   11/17 TO 11/17

DEGREE_DAYS
HEATING TOTAL     688              1044    -356      997
 SINCE 7/1       1701              2043    -342     1853
COOLING TOTAL       0                 0       0        0
 SINCE 1/1        344               387     -43      418
..............................................................

WIND (MPH)
AVERAGE WIND SPEED              9.0
HIGHEST WIND SPEED/DIRECTION    32/280    DATE  11/06
HIGHEST GUST SPEED/DIRECTION    44/310    DATE  11/25

SKY COVER
AVERAGE SKY COVER           0.20

AVERAGE RH (PERCENT)     69

WEATHER CONDITIONS. NUMBER OF DAYS WITH
THUNDERSTORM              0     MIXED PRECIP               0
HEAVY RAIN                0     RAIN                       0
LIGHT RAIN                1     FREEZING RAIN              0
LT FREEZING RAIN          0     HAIL                       0
HEAVY SNOW                0     SNOW                       0
LIGHT SNOW                2     SLEET                      0
FOG                       3     FOG W/VIS <= 1/4 MILE      0
HAZE                      0

-  INDICATES NEGATIVE NUMBERS.
R  INDICATES RECORD WAS SET OR TIED.
MM INDICATES DATA IS MISSING.
T  INDICATES TRACE AMOUNT.

$$
