912
CXUS55 KVEF 011652
CLMIGM

CLIMATE REPORT
NATIONAL WEATHER SERVICE LAS VEGAS, NV
836 AM PST MON JAN 1 2018

...................................

...THE KINGMAN AZ CLIMATE SUMMARY FOR THE MONTH OF DECEMBER 2017...

CLIMATE NORMAL PERIOD 1981 TO 2010
CLIMATE RECORD PERIOD 1901 TO 2017

WEATHER         OBSERVED          NORMAL  DEPART  LAST YEAR`S
                 VALUE   DATE(S)  VALUE   FROM    VALUE  DATE(S)
                                          NORMAL
................................................................
TEMPERATURE (F)
RECORD
 HIGH              77   MM
 LOW               13   12/06/2013
HIGHEST            75   12/01        MM      MM       69  12/15
                                                          12/14
LOWEST             18   12/22        MM      MM       20  12/20
                                                          12/18
AVG. MAXIMUM     62.6              54.4     8.2     55.2
AVG. MINIMUM     29.6              31.5    -1.9     33.0
MEAN             46.1              43.0     3.1     44.1
DAYS MAX >= 90      0               0.0     0.0        0
DAYS MAX <= 32      0               0.1    -0.1        0
DAYS MIN <= 32     23              17.0     6.0       14
DAYS MIN <= 0       0               0.0     0.0        0

PRECIPITATION (INCHES)
RECORD
 MAXIMUM         6.28   1919
 MINIMUM         0.00   2006
                        1992
                        1989
TOTALS           0.00R             0.74   -0.74     2.63
DAILY AVG.       0.00              0.02   -0.02     0.08
DAYS >= .01         0                MM      MM        6
DAYS >= .10         0                MM      MM        4
DAYS >= .50         0                MM      MM        2
DAYS >= 1.00        0                MM      MM        1
GREATEST
 24 HR. TOTAL    0.00   12/31 TO 12/31
                        12/30 TO 12/30
                        12/29 TO 12/29

SNOWFALL (INCHES)
RECORDS
 TOTAL           14.0   1932
 24 HR TOTAL     10.0
TOTALS            0.0                MM      MM      0.0
SINCE 7/1         0.0
SNOWDEPTH AVG.      0
DAYS >= TRACE       0
DAYS >= 1.0         0
GREATEST
 SNOW DEPTH         0
 24 HR TOTAL      0.0   12/31 TO 12/31
 STORM TOTAL       MM
 (MM/DD(HH))

DEGREE_DAYS
HEATING TOTAL     577               683    -106      641
 SINCE 7/1        868              1249    -381      963
COOLING TOTAL       0                 0       0        0
 SINCE 1/1       2183              2093      90     2244

FREEZE DATES
RECORD
 EARLIEST     10/22/1996
 LATEST       05/21/1975
EARLIEST                        11/14
LATEST                          04/04
.................................................................

WIND (MPH)
AVERAGE WIND SPEED              7.6
HIGHEST WIND SPEED/DIRECTION    32/190    DATE  12/20
HIGHEST GUST SPEED/DIRECTION    41/190    DATE  12/20

SKY COVER
POSSIBLE SUNSHINE (PERCENT)   MM
AVERAGE SKY COVER           0.00
NUMBER OF DAYS FAIR           31
NUMBER OF DAYS PC              0
NUMBER OF DAYS CLOUDY          0

AVERAGE RH (PERCENT)     27

WEATHER CONDITIONS. NUMBER OF DAYS WITH
THUNDERSTORM              0     MIXED PRECIP               0
HEAVY RAIN                0     RAIN                       0
LIGHT RAIN                0     FREEZING RAIN              0
LT FREEZING RAIN          0     HAIL                       0
HEAVY SNOW                0     SNOW                       0
LIGHT SNOW                0     SLEET                      0
FOG                       0     FOG W/VIS <= 1/4 MILE      0
HAZE                      1

-  INDICATES NEGATIVE NUMBERS.
R  INDICATES RECORD WAS SET OR TIED.
MM INDICATES DATA IS MISSING.
T  INDICATES TRACE AMOUNT.

$$
