000
CXUS51 KPHI 011805
CLMILG


CLIMATE REPORT
NATIONAL WEATHER SERVICE MOUNT HOLLY NJ
154 PM EDT SAT APR 1 2017

...................................

...THE WILMINGTON CLIMATE SUMMARY FOR THE MONTH OF MARCH 2017...

CLIMATE NORMAL PERIOD 1981 TO 2010
CLIMATE RECORD PERIOD 1894 TO 2017

WEATHER         OBSERVED          NORMAL  DEPART  LAST YEAR`S
                 VALUE   DATE(S)  VALUE   FROM    VALUE  DATE(S)
                                          NORMAL
................................................................
TEMPERATURE (F)
RECORD
 HIGH              86   03/30/1998
                        03/21/1948
 LOW                2   03/10/1984
HIGHEST            79                73       6       81
LOWEST             14                18      -4       24
AVG. MAXIMUM     51.2              52.4    -1.2     59.4
AVG. MINIMUM     32.0              33.6    -1.6     37.9
MEAN             41.6              43.0    -1.4     48.6
DAYS MAX >= 90      0               0.0     0.0        0
DAYS MAX <= 32      1               0.6     0.4        0
DAYS MIN <= 32     17              13.1     3.9        9
DAYS MIN <= 0       0               0.0     0.0        0

PRECIPITATION (INCHES)
RECORD
 MAXIMUM         9.17   2000
 MINIMUM         0.29   2006
TOTALS           4.98              3.92    1.06     1.80
DAILY AVG.       0.16              0.13    0.03     0.06
DAYS >= .01        11              10.7     0.3       10
DAYS >= .10         7               6.7     0.3        6
DAYS >= .50         2               2.8    -0.8        1
DAYS >= 1.00        2               1.1     0.9        0
GREATEST
 24 HR. TOTAL    1.95   03/14 TO 03/14              0.88

SNOWFALL (INCHES)
RECORDS
 TOTAL             MM   5
 24 HR TOTAL       MM
TOTALS            3.4               1.9     1.5      2.7
SINCE 7/1         9.0              19.9   -10.9     25.4
SNOWDEPTH AVG.      0                MM      MM        0
DAYS >= 1.0         2               0.5     1.5        1
GREATEST
 SNOW DEPTH         1   03/16                          2  03/04
                        03/15
                        03/14
 24 HR TOTAL      1.6   03/13 TO 03/13               2.3

DEGREE_DAYS
HEATING TOTAL     717               683      34      502
 SINCE 7/1       3719              4306    -587     3510
COOLING TOTAL       0                 1      -1        2
 SINCE 1/1          0                 1      -1        2
.................................................................

WIND (MPH)
AVERAGE WIND SPEED              11.8
HIGHEST WIND SPEED/DIRECTION    40/300    DATE  03/08
HIGHEST GUST SPEED/DIRECTION    48/310    DATE  03/08

SKY COVER
POSSIBLE SUNSHINE (PERCENT)   MM
AVERAGE SKY COVER           0.40
NUMBER OF DAYS FAIR           16
NUMBER OF DAYS PC              8
NUMBER OF DAYS CLOUDY          7

AVERAGE RH (PERCENT)     60

WEATHER CONDITIONS. NUMBER OF DAYS WITH
THUNDERSTORM              0     MIXED PRECIP               0
HEAVY RAIN                4     RAIN                       5
LIGHT RAIN               14     FREEZING RAIN              1
LT FREEZING RAIN          0     HEAVY SNOW                 0
SNOW                      2     LIGHT SNOW                 5
SLEET                     0     FOG                       12
FOG W/VIS <= 1/4 MILE     3     HAZE                       1

-  INDICATES NEGATIVE NUMBERS.
R  INDICATES RECORD WAS SET OR TIED.
MM INDICATES DATA IS MISSING.
T  INDICATES TRACE AMOUNT.

$$
