000
CXUS53 KLBF 010955
CLMIML


CLIMATE REPORT
NATIONAL WEATHER SERVICE NORTH PLATTE
454 AM CDT THU SEP 1 2016

...................................

...THE IMPERIAL NE CLIMATE SUMMARY FOR THE MONTH OF AUGUST 2016...

CLIMATE NORMAL PERIOD 1981 TO 2010
CLIMATE RECORD PERIOD 1893 TO 2016

WEATHER         OBSERVED          NORMAL  DEPART  LAST YEAR`S
                 VALUE   DATE(S)  VALUE   FROM    VALUE  DATE(S)
                                          NORMAL
................................................................
TEMPERATURE (F)
RECORD
 HIGH             111   08/02/2008
 LOW               34   08/25/1910
HIGHEST            98   08/09        99      -1      102  08/26
LOWEST             45   08/21        50      -5       44  08/23
AVG. MAXIMUM     85.5              87.8    -2.3     88.1
AVG. MINIMUM     59.0              59.9    -0.9     58.5
MEAN             72.2              73.8    -1.6     73.3
DAYS MAX >= 90     14              13.2     0.8       15
DAYS MAX <= 32      0               0.0     0.0        0
DAYS MIN <= 32      0               0.0     0.0        0
DAYS MIN <= 0       0               0.0     0.0        0

PRECIPITATION (INCHES)
RECORD
 MAXIMUM         9.59   1933
 MINIMUM         0.12   1995
TOTALS           1.60              2.59   -0.99     2.88
DAILY AVG.       0.05              0.08   -0.03     0.09
DAYS >= .01         8                MM      MM        2
DAYS >= .10         3                MM      MM        2
DAYS >= .50         2                MM      MM        2
DAYS >= 1.00        0                MM      MM        1
GREATEST
 24 HR. TOTAL    0.67   08/31 TO 08/31           08/07 TO 08/07
                        08/30 TO 08/31                    08/06 TO 08/07
                        08/31 TO 08/31                    08/07 TO 08/07

SNOWFALL (INCHES)
TOTALS             MM

DEGREE_DAYS
HEATING TOTAL       6                 7      -1       11
 SINCE 7/1          7                 9      -2       13
COOLING TOTAL     237               282     -45      277
 SINCE 1/1        912               866      46      841
........................................................

WIND (MPH)
HIGHEST WIND SPEED/DIRECTION    32/360    DATE  08/19
HIGHEST GUST SPEED/DIRECTION    44/MM     DATE   MM

AVERAGE RH (PERCENT)     62

WEATHER CONDITIONS. NUMBER OF DAYS WITH
THUNDERSTORM              0     MIXED PRECIP               0
HEAVY RAIN                2     RAIN                       2
LIGHT RAIN               10     FREEZING RAIN              0
LT FREEZING RAIN          0     HAIL                       0
HEAVY SNOW                0     SNOW                       0
LIGHT SNOW                0     SLEET                      0
FOG                      12     FOG W/VIS <= 1/4 MILE      5
HAZE                      4

-  INDICATES NEGATIVE NUMBERS.
R  INDICATES RECORD WAS SET OR TIED.
MM INDICATES DATA IS MISSING.
T  INDICATES TRACE AMOUNT.

$$
