000
CXUS53 KLBF 011817
CLMIML

CLIMATE REPORT
NATIONAL WEATHER SERVICE NORTH PLATTE
1207 PM CST SUN FEB 1 2015

...................................

...THE IMPERIAL NE CLIMATE SUMMARY FOR THE MONTH OF JANUARY 2015...

CLIMATE NORMAL PERIOD 1981 TO 2010
CLIMATE RECORD PERIOD 1893 TO 2015

WEATHER         OBSERVED          NORMAL  DEPART  LAST YEAR`S
                 VALUE   DATE(S)  VALUE   FROM    VALUE  DATE(S)
                                          NORMAL
................................................................
TEMPERATURE (F)
RECORD
 HIGH              77   01/27/2015
 LOW              -32   01/02/1911
HIGHEST            77R  01/27        61      16       66  01/19
LOWEST             -7   01/04        -7       0      -10  01/06
AVG. MAXIMUM     42.9              41.1     1.8     44.4
AVG. MINIMUM     17.8              15.5     2.3     14.5
MEAN             30.3              28.3     2.0     29.5
DAYS MAX >= 90      0               0.0     0.0        0
DAYS MAX <= 32      8               8.4    -0.4        7
DAYS MIN <= 32     29              30.6    -1.6       30
DAYS MIN <= 0       3               2.1     0.9        3

PRECIPITATION (INCHES)
RECORD
 MAXIMUM         1.73   1944
 MINIMUM         0.00   1986
                        1964
                        1961
TOTALS           0.13              0.30   -0.17     0.24
DAILY AVG.       0.00              0.01   -0.01     0.01
DAYS >= .01         2                MM      MM        3
DAYS >= .10         1                MM      MM        1
DAYS >= .50         0                MM      MM        0
DAYS >= 1.00        0                MM      MM        0
GREATEST
 24 HR. TOTAL    0.12   01/31 TO 01/31           01/30 TO 01/31
                                                          01/31 TO 01/31
                                                          01/31 TO 01/31

SNOWFALL (INCHES)
TOTALS             MM

DEGREE_DAYS
HEATING TOTAL    1069              1138     -69     1095
 SINCE 7/1       3524              3653    -129     3596
COOLING TOTAL       0                 0       0        0
 SINCE 1/1          0                 0       0        0
..................................................

WIND (MPH)
HIGHEST WIND SPEED/DIRECTION    43/310    DATE  01/24
HIGHEST GUST SPEED/DIRECTION    56/300    DATE  01/24

AVERAGE RH (PERCENT)     62

WEATHER CONDITIONS. NUMBER OF DAYS WITH
THUNDERSTORM              0     MIXED PRECIP               0
HEAVY RAIN                0     RAIN                       0
LIGHT RAIN                1     FREEZING RAIN              0
LT FREEZING RAIN          0     HAIL                       0
HEAVY SNOW                1     SNOW                       1
LIGHT SNOW                3     SLEET                      0
FOG                       3     FOG W/VIS <= 1/4 MILE      2
HAZE                      3

-  INDICATES NEGATIVE NUMBERS.
R  INDICATES RECORD WAS SET OR TIED.
MM INDICATES DATA IS MISSING.
T  INDICATES TRACE AMOUNT.

$$
