846
CXUS53 KLBF 011003
CLMIML


CLIMATE REPORT
NATIONAL WEATHER SERVICE NORTH PLATTE
501 AM CDT SUN MAY 1 2016

...................................

...THE IMPERIAL NE CLIMATE SUMMARY FOR THE MONTH OF APRIL 2016...

CLIMATE NORMAL PERIOD 1981 TO 2010
CLIMATE RECORD PERIOD 1893 TO 2016

WEATHER         OBSERVED          NORMAL  DEPART  LAST YEAR`S
                 VALUE   DATE(S)  VALUE   FROM    VALUE  DATE(S)
                                          NORMAL
................................................................
TEMPERATURE (F)
RECORD
 HIGH              95   04/30/1992
                        04/22/1989
 LOW                    04/01/1936
HIGHEST            80   04/23        85      -5       82  04/30
LOWEST             27   04/09        19       8       23  04/14
                                                          04/13
AVG. MAXIMUM     62.8              62.4     0.4     64.4
AVG. MINIMUM     36.6              34.6     2.0     36.3
MEAN             49.7              48.5     1.2     50.4
DAYS MAX >= 90      0               0.0     0.0        0
DAYS MAX <= 32      0               0.1    -0.1        0
DAYS MIN <= 32      6              10.9    -4.9       10
DAYS MIN <= 0       0               0.0     0.0        0

PRECIPITATION (INCHES)
RECORD
 MAXIMUM         6.73   1971
 MINIMUM         0.10   1992
TOTALS           5.15              1.97    3.18     2.10
DAILY AVG.       0.17              0.07    0.10     0.07
DAYS >= .01         8                MM      MM       13
DAYS >= .10         5                MM      MM        6
DAYS >= .50         3                MM      MM        1
DAYS >= 1.00        2                MM      MM        0
GREATEST
 24 HR. TOTAL    3.11   04/15 TO 04/16           04/17 TO 04/17
                                                          04/17 TO 04/17
                                                          04/17 TO 04/17

SNOWFALL (INCHES)
TOTALS             MM

DEGREE_DAYS
HEATING TOTAL     452               496     -44      430
 SINCE 7/1       5119              5865    -746     5478
COOLING TOTAL       0                 1      -1        0
 SINCE 1/1          0                 1      -1        0
........................................................

WIND (MPH)
HIGHEST WIND SPEED/DIRECTION    44/030    DATE  04/16
HIGHEST GUST SPEED/DIRECTION    51/030    DATE  04/16

AVERAGE RH (PERCENT)     63

WEATHER CONDITIONS. NUMBER OF DAYS WITH
THUNDERSTORM              0     MIXED PRECIP               0
HEAVY RAIN                2     RAIN                       4
LIGHT RAIN               10     FREEZING RAIN              0
LT FREEZING RAIN          0     HAIL                       0
HEAVY SNOW                0     SNOW                       0
LIGHT SNOW                2     SLEET                      0
FOG                       5     FOG W/VIS <= 1/4 MILE      0
HAZE                      1

-  INDICATES NEGATIVE NUMBERS.
R  INDICATES RECORD WAS SET OR TIED.
MM INDICATES DATA IS MISSING.
T  INDICATES TRACE AMOUNT.

&&

...SNOWFALL AND SNOW DEPTH ARE UNAVAILABLE FOR THIS LOCATION...

$$
