000
CXUS53 KIND 011511
CLMIND


CLIMATE REPORT
NATIONAL WEATHER SERVICE INDIANAPOLIS IN
1111 AM EDT MON AUG 1 2016

...................................

...THE INDIANAPOLIS IN CLIMATE SUMMARY FOR THE MONTH OF JULY 2016...

CLIMATE NORMAL PERIOD 1981 TO 2010
CLIMATE RECORD PERIOD 1871 TO 2016

WEATHER         OBSERVED          NORMAL  DEPART  LAST YEAR`S
                 VALUE   DATE(S)  VALUE   FROM    VALUE  DATE(S)
                                          NORMAL
................................................................
TEMPERATURE (F)
RECORD
 HIGH             106   07/14/1936
                        07/21/1934
                        07/22/1901
 LOW               46   07/23/1947
                        07/21/1944
HIGHEST            92   07/24                         92  07/28
LOWEST             53   07/02                         59  07/22
                                                          07/11
                                                          07/08
AVG. MAXIMUM     85.1              85.0     0.1     83.6
AVG. MINIMUM     67.9              65.8     2.1     65.6
MEAN             76.5              75.4     1.1     74.6
DAYS MAX >= 90      7               5.2     1.8        4
DAYS MAX <= 32      0               0.0     0.0        0
DAYS MIN <= 32      0               0.0     0.0        0
DAYS MIN <= 0       0               0.0     0.0        0

PRECIPITATION (INCHES)
RECORD
 MAXIMUM        13.14   2015
 MINIMUM         0.47   2011
TOTALS           5.66              4.55    1.11    13.14
DAILY AVG.       0.18              0.15    0.03     0.42
DAYS >= .01        12              10.5     1.5       13
DAYS >= .10         7               7.0     0.0        8
DAYS >= .50         4               3.0     1.0        5
DAYS >= 1.00        1               1.4    -0.4        5
GREATEST
 24 HR. TOTAL    2.72   07/17 TO 07/18

SNOWFALL (INCHES)
RECORDS
 TOTAL             MM   MM
 SNOW DEPTH        MM   MM
TOTALS            0.0               0.0     0.0      0.0
SINCE 7/1         0.0               0.0     0.0      0.0
SNOWDEPTH AVG.      0
DAYS >= 1.0         0               0.0     0.0        0
DAYS >= 0.1         0                                  0
GREATEST
 SNOW DEPTH         0   MM                             0  MM
 24 HR TOTAL      0.0   MM                           0.0  MM

DEGREE_DAYS
HEATING TOTAL       2                 1       1        0
 SINCE 7/1          2                 1       1        0
COOLING TOTAL     368               323      45      304
 SINCE 1/1        764               633     131      703
..................................................

WIND (MPH)
AVERAGE WIND SPEED              7.3
HIGHEST WIND SPEED/DIRECTION    40/250    DATE  07/13
HIGHEST GUST SPEED/DIRECTION    61/250    DATE  07/13

SKY COVER
POSSIBLE SUNSHINE (PERCENT)   MM
AVERAGE SKY COVER           0.60
NUMBER OF DAYS FAIR            2
NUMBER OF DAYS PC             23
NUMBER OF DAYS CLOUDY          6

AVERAGE RH (PERCENT)     74

WEATHER CONDITIONS. NUMBER OF DAYS WITH
THUNDERSTORM              6     MIXED PRECIP               0
HEAVY RAIN                4     RAIN                       5
LIGHT RAIN               13     FREEZING RAIN              0
LT FREEZING RAIN          0     HAIL                       0
HEAVY SNOW                0     SNOW                       0
LIGHT SNOW                0     SLEET                      0
FOG                      14     FOG W/VIS <= 1/4 MILE      2
HAZE                      2

-  INDICATES NEGATIVE NUMBERS.
R  INDICATES RECORD WAS SET OR TIED.
MM INDICATES DATA IS MISSING.
T  INDICATES TRACE AMOUNT.

$$
