000
CXUS53 KIND 011612
CLMIND


CLIMATE REPORT
NATIONAL WEATHER SERVICE INDIANAPOLIS IN
1112 AM EST SUN JAN 1 2017

...................................

...THE INDIANAPOLIS IN CLIMATE SUMMARY FOR THE MONTH OF DECEMBER 2016...

CLIMATE NORMAL PERIOD 1981 TO 2010
CLIMATE RECORD PERIOD 1871 TO 2016

WEATHER         OBSERVED          NORMAL  DEPART  LAST YEAR`S
                 VALUE   DATE(S)  VALUE   FROM    VALUE  DATE(S)
                                          NORMAL
................................................................
TEMPERATURE (F)
RECORD
 HIGH              74   12/02/1982
 LOW              -23   12/22/1989
HIGHEST            66   12/26                         70  12/12
LOWEST             -1   12/19                         21  12/19
AVG. MAXIMUM     37.0              38.9    -1.9     49.3
AVG. MINIMUM     23.7              24.4    -0.7     35.9
MEAN             30.3              31.6    -1.3     42.6
DAYS MAX >= 90      0               0.0     0.0        0
DAYS MAX <= 32      9               8.1     0.9        1
DAYS MIN <= 32     24              23.0     1.0       12
DAYS MIN <= 0       1               1.0     0.0        0

PRECIPITATION (INCHES)
RECORD
 MAXIMUM         7.72   1990
 MINIMUM         0.45   1976
TOTALS           1.52              3.17   -1.65     5.59
DAILY AVG.       0.05              0.10   -0.05     0.18
DAYS >= .01        12              12.5    -0.5       12
DAYS >= .10         6               6.8    -0.8        7
DAYS >= .50         0               2.1    -2.1        4
DAYS >= 1.00        0               0.6    -0.6        1
GREATEST
 24 HR. TOTAL    0.44   12/16 TO 12/17

SNOWFALL (INCHES)
RECORDS
 TOTAL           27.5   1973
 SNOW DEPTH        13   12/20/1973
TOTALS            4.9               6.9    -2.0      0.6
SINCE 7/1         4.9               8.0    -3.1      1.9
SNOWDEPTH AVG.      0
DAYS >= 1.0         1               2.2    -1.2        0
DAYS >= 0.1         3                                  1
GREATEST
 SNOW DEPTH         3   12/14                          1  12/03
 24 HR TOTAL      3.9   12/13 TO 12/14               0.6  12/01 TO 12/02

DEGREE_DAYS
HEATING TOTAL    1067              1034      33      685
 SINCE 7/1       1760              2076    -316     1472
COOLING TOTAL       0                 0       0        0
 SINCE 1/1       1443              1066     377     1164
...................................................

WIND (MPH)
AVERAGE WIND SPEED              10.4
HIGHEST WIND SPEED/DIRECTION    35/270    DATE  12/29
HIGHEST GUST SPEED/DIRECTION    42/280    DATE  12/29

SKY COVER
POSSIBLE SUNSHINE (PERCENT)   MM
AVERAGE SKY COVER           0.70
NUMBER OF DAYS FAIR            2
NUMBER OF DAYS PC             10
NUMBER OF DAYS CLOUDY         19

AVERAGE RH (PERCENT)     74

WEATHER CONDITIONS. NUMBER OF DAYS WITH
THUNDERSTORM              0     MIXED PRECIP               0
HEAVY RAIN                0     RAIN                       1
LIGHT RAIN               13     FREEZING RAIN              0
LT FREEZING RAIN          3     HAIL                       0
HEAVY SNOW                1     SNOW                       2
LIGHT SNOW                7     SLEET                      0
FOG                      16     FOG W/VIS <= 1/4 MILE      3
HAZE                      3

-  INDICATES NEGATIVE NUMBERS.
R  INDICATES RECORD WAS SET OR TIED.
MM INDICATES DATA IS MISSING.
T  INDICATES TRACE AMOUNT.

$$
