000
CXUS53 KIND 011510
CLMIND


CLIMATE REPORT
NATIONAL WEATHER SERVICE INDIANAPOLIS IN
1110 AM EDT MON MAY 1 2017

...................................

...THE INDIANAPOLIS IN CLIMATE SUMMARY FOR THE MONTH OF APRIL 2017...

CLIMATE NORMAL PERIOD 1981 TO 2010
CLIMATE RECORD PERIOD 1871 TO 2017

WEATHER         OBSERVED          NORMAL  DEPART  LAST YEAR`S
                 VALUE   DATE(S)  VALUE   FROM    VALUE  DATE(S)
                                          NORMAL
................................................................
TEMPERATURE (F)
RECORD
 HIGH              90   04/30/1942
                        04/24/1925
 LOW               18   04/09/1997
                        04/08/1972
                        04/13/1950
HIGHEST            83   04/26                         83  04/18
LOWEST             33   04/08                         26  04/05
                                                          04/03
AVG. MAXIMUM     69.6              63.4     6.2     64.8
AVG. MINIMUM     49.0              42.7     6.3     42.6
MEAN             59.3              53.0     6.3     53.7
DAYS MAX >= 90      0               0.0     0.0        0
DAYS MAX <= 32      0               0.0     0.0        0
DAYS MIN <= 32      0               3.8    -3.8        8
DAYS MIN <= 0       0               0.0     0.0        0

PRECIPITATION (INCHES)
RECORD
 MAXIMUM         8.60   1893
 MINIMUM         0.98   1976
TOTALS           5.60              3.81    1.79     5.86
DAILY AVG.       0.19              0.13    0.06     0.20
DAYS >= .01        11              12.0    -1.0       12
DAYS >= .10         8               7.6     0.4        9
DAYS >= .50         3               2.8     0.2        5
DAYS >= 1.00        2               0.8     1.2        2
GREATEST
 24 HR. TOTAL    2.51   04/28 TO 04/29

SNOWFALL (INCHES)
RECORDS
 TOTAL            6.9   1886
 SNOW DEPTH         3   04/18/1953
                        04/06/1920
TOTALS            0.0               0.2    -0.2        T
SINCE 7/1         9.7              25.9   -16.2     13.3
SNOWDEPTH AVG.      0
DAYS >= 1.0         0               0.1    -0.1        0
DAYS >= 0.1         0                                  0
GREATEST
 SNOW DEPTH         0   MM                             0  MM
 24 HR TOTAL      0.0   MM                             T  04/09 TO 04/09
                                                          04/08 TO 04/08
                                                          04/07 TO 04/07

DEGREE_DAYS
HEATING TOTAL     190               372    -182      350
 SINCE 7/1       4125              5222   -1097     4285
COOLING TOTAL      30                13      17       18
 SINCE 1/1         32                15      17       18
........................................................

WIND (MPH)
AVERAGE WIND SPEED              11.4
HIGHEST WIND SPEED/DIRECTION    41/330    DATE  04/06
HIGHEST GUST SPEED/DIRECTION    48/330    DATE  04/06

SKY COVER
POSSIBLE SUNSHINE (PERCENT)   MM
AVERAGE SKY COVER           0.70
NUMBER OF DAYS FAIR            2
NUMBER OF DAYS PC             15
NUMBER OF DAYS CLOUDY         12

AVERAGE RH (PERCENT)     65

WEATHER CONDITIONS. NUMBER OF DAYS WITH
THUNDERSTORM             11     MIXED PRECIP               0
HEAVY RAIN                7     RAIN                       3
LIGHT RAIN               13     FREEZING RAIN              0
LT FREEZING RAIN          0     HAIL                       0
HEAVY SNOW                0     SNOW                       0
LIGHT SNOW                0     SLEET                      0
FOG                      11     FOG W/VIS <= 1/4 MILE      0
HAZE                      1

-  INDICATES NEGATIVE NUMBERS.
R  INDICATES RECORD WAS SET OR TIED.
MM INDICATES DATA IS MISSING.
T  INDICATES TRACE AMOUNT.

$$
