000
CXUS53 KDVN 011138
CLMIOW


CLIMATE REPORT
NATIONAL WEATHER SERVICE QUAD CITIES IA IL
529 AM CST THU JAN 1 2015

...................................

...THE IOWA CITY IA CLIMATE SUMMARY FOR THE MONTH OF DECEMBER 2014...

CLIMATE NORMAL PERIOD 1981 TO 2010
CLIMATE RECORD PERIOD 9999 TO 9999

WEATHER         OBSERVED          NORMAL  DEPART
                 VALUE   DATE(S)  VALUE   FROM
                                          NORMAL
................................................
TEMPERATURE (F)
HIGHEST            54   12/14        39      15
LOWEST              0   12/31        14     -14
AVG. MAXIMUM     36.9              33.0     3.9
AVG. MINIMUM     24.1              17.5     6.6
MEAN             30.5              25.2     5.3
DAYS MAX >= 90      0
DAYS MAX <= 32      8
DAYS MIN <= 32     24
DAYS MIN <= 0       1

PRECIPITATION (INCHES)
TOTALS           1.06              1.52   -0.46
DAILY AVG.       0.03              0.05   -0.02
DAYS >= .01         7
DAYS >= .10         4
DAYS >= .50         0
DAYS >= 1.00        0
GREATEST
 24 HR. TOTAL    0.50   12/22 TO 12/23

DEGREE_DAYS
HEATING TOTAL    1064              1232    -168
 SINCE 7/1       2624              2539      85
COOLING TOTAL       0                 0       0
 SINCE 1/1        779               912    -133
.................................................

WIND (MPH)
AVERAGE WIND SPEED              7.7
HIGHEST WIND SPEED/DIRECTION    28/320    DATE  12/16
HIGHEST GUST SPEED/DIRECTION    38/320    DATE  12/16

SKY COVER
POSSIBLE SUNSHINE (PERCENT)   MM
AVERAGE SKY COVER           0.60
NUMBER OF DAYS FAIR            8
NUMBER OF DAYS PC              6
NUMBER OF DAYS CLOUDY         17

AVERAGE RH (PERCENT)     79

WEATHER CONDITIONS. NUMBER OF DAYS WITH
THUNDERSTORM              0     HAIL                       0
SLEET                     0     FOG                       20
FOG W/VIS <= 1/4 MILE     4     HAZE                       7

-  INDICATES NEGATIVE NUMBERS.
R  INDICATES RECORD WAS SET OR TIED.
MM INDICATES DATA IS MISSING.
T  INDICATES TRACE AMOUNT.

$$
