000
CXCA52 TJSJ 021839
CLMIST


CLIMATE REPORT
NATIONAL WEATHER SERVICE SAN JUAN, PR
238 PM AST SAT JUL 2 2016

...................................

...THE CYRIL E. KING AP/ST THOMAS  CLIMATE SUMMARY FOR THE MONTH OF JUNE 2016...

CLIMATE NORMAL PERIOD 1981 TO 2010
CLIMATE RECORD PERIOD 1953 TO 2016

WEATHER         OBSERVED          NORMAL  DEPART  LAST YEAR`S
                 VALUE   DATE(S)  VALUE   FROM    VALUE  DATE(S)
                                          NORMAL
................................................................
TEMPERATURE (F)
RECORD
 HIGH              99   06/23/1996
 LOW               67   06/21/1972
                        06/20/1972
HIGHEST            93   06/21        90       3       93  06/29
LOWEST             74   06/08        78      -4       77  06/25
                                                          06/11
                                                          06/10
AVG. MAXIMUM     89.6              89.3     0.3     88.6
AVG. MINIMUM     80.7              77.7     3.0     78.9
MEAN             85.2              83.5     1.7     83.7
DAYS MAX >= 90     14               9.5     4.5        8
DAYS MAX <= 32      0               0.0     0.0        0
DAYS MIN <= 32      0               0.0     0.0        0
DAYS MIN <= 0       0               0.0     0.0        0

PRECIPITATION (INCHES)
RECORD
 MAXIMUM         9.51   2010
 MINIMUM         0.07   2007
TOTALS           2.32              2.53   -0.21     1.07
DAILY AVG.       0.08              0.08    0.00     0.04
DAYS >= .01         7              11.4    -4.4       13
DAYS >= .10         3               4.8    -1.8        4
DAYS >= .50         1               1.5    -0.5        0
DAYS >= 1.00        1               0.5     0.5        0
GREATEST
 24 HR. TOTAL    1.54   06/08 TO 06/08
                        06/07 TO 06/08
                        06/08 TO 06/08

SNOWFALL (INCHES)
TOTALS            0.0               0.0     0.0      0.0

DEGREE_DAYS
HEATING TOTAL       0                 0       0        0
COOLING TOTAL     612               555      57      569
.................................................................

WIND (MPH)
AVERAGE WIND SPEED              11.3
HIGHEST WIND SPEED/DIRECTION    29/120    DATE  06/19
HIGHEST GUST SPEED/DIRECTION    38/120    DATE  06/19

SKY COVER
AVERAGE SKY COVER           0.20

AVERAGE RH (PERCENT)     74

WEATHER CONDITIONS. NUMBER OF DAYS WITH
THUNDERSTORM              0     MIXED PRECIP               0
HEAVY RAIN                3     RAIN                       5
LIGHT RAIN                9     FREEZING RAIN              0
LT FREEZING RAIN          0     HAIL                       0
HEAVY SNOW                0     SNOW                       0
LIGHT SNOW                0     SLEET                      0
FOG                       6     FOG W/VIS <= 1/4 MILE      0
HAZE                      1

-  INDICATES NEGATIVE NUMBERS.
R  INDICATES RECORD WAS SET OR TIED.
MM INDICATES DATA IS MISSING.
T  INDICATES TRACE AMOUNT.

$$
