000
CXCA52 TJSJ 010440
CLMISX


CLIMATE REPORT
NATIONAL WEATHER SERVICE SAN JUAN, PR
1239 AM AST SAT JUL 1 2017

...................................

...THE HENRY E. ROHLSEN AP/ST CROIX CLIMATE SUMMARY FOR THE MONTH OF JUNE 2017...

CLIMATE NORMAL PERIOD 1981 TO 2010
CLIMATE RECORD PERIOD 1951 TO 2017

WEATHER         OBSERVED          NORMAL  DEPART  LAST YEAR`S
                 VALUE   DATE(S)  VALUE   FROM    VALUE  DATE(S)
                                          NORMAL
................................................................
TEMPERATURE (F)
RECORD
 HIGH              97   06/18/1993
 LOW               62   06/11/2007
HIGHEST            91   06/27        92      -1       91  06/30
                        06/25                             06/29
                        06/19                             06/24
LOWEST             71   06/12        81     -10       75  06/27
AVG. MAXIMUM     89.2              87.9     1.3     89.2
AVG. MINIMUM     77.2              78.1    -0.9     78.7
MEAN             83.2              83.0     0.2     83.9
DAYS MAX >= 90     11               4.2     6.8       13
DAYS MAX <= 32      0               0.0     0.0        0
DAYS MIN <= 32      0               0.0     0.0        0
DAYS MIN <= 0       0               0.0     0.0        0

PRECIPITATION (INCHES)
RECORD
 MAXIMUM         7.83   1987
 MINIMUM         0.10   2001
TOTALS           2.51              2.31    0.20     0.86
DAILY AVG.       0.08              0.08    0.00     0.03
DAYS >= .01        13              11.2     1.8        7
DAYS >= .10         4               5.2    -1.2        4
DAYS >= .50         2               1.1     0.9        0
DAYS >= 1.00        1               0.3     0.7        0
GREATEST
 24 HR. TOTAL    1.11   06/29 TO 06/29

SNOWFALL (INCHES)
TOTALS            0.0               0.0     0.0      0.0

DEGREE_DAYS
HEATING TOTAL       0                 0       0        0
COOLING TOTAL     423               540    -117      573
.................................................................

WIND (MPH)
AVERAGE WIND SPEED              12.0
HIGHEST WIND SPEED/DIRECTION    31/080    DATE  06/29
HIGHEST GUST SPEED/DIRECTION    37/080    DATE  06/29

SKY COVER
AVERAGE SKY COVER           0.40

AVERAGE RH (PERCENT)     78

WEATHER CONDITIONS. NUMBER OF DAYS WITH
THUNDERSTORM              0     MIXED PRECIP               0
HEAVY RAIN                4     RAIN                       3
LIGHT RAIN               16     FREEZING RAIN              0
LT FREEZING RAIN          0     HAIL                       0
HEAVY SNOW                0     SNOW                       0
LIGHT SNOW                0     SLEET                      0
FOG                      13     FOG W/VIS <= 1/4 MILE      0
HAZE                      2

-  INDICATES NEGATIVE NUMBERS.
R  INDICATES RECORD WAS SET OR TIED.
MM INDICATES DATA IS MISSING.
T  INDICATES TRACE AMOUNT.

$$
