000
CXHW53 PHFO 012113
CLMITO


CLIMATE REPORT
NATIONAL WEATHER SERVICE HONOLULU HI
1103 AM HST WED FEB 1 2017

...................................

...THE HILO HI CLIMATE SUMMARY FOR THE MONTH OF JANUARY 2017...

CLIMATE NORMAL PERIOD 1981 TO 2010
CLIMATE RECORD PERIOD 1946 TO 2017

WEATHER         OBSERVED          NORMAL  DEPART  LAST YEAR`S
                 VALUE   DATE(S)  VALUE   FROM    VALUE  DATE(S)
                                          NORMAL
................................................................
TEMPERATURE (F)
RECORD
 HIGH              92   01/28/1997
 LOW               54   01/10/1995
                        01/19/1980
                        01/21/1980
HIGHEST            82   01/18        79       3       88  01/25
                        01/16
                        01/13
LOWEST             60   01/07        64      -4       59  01/16
AVG. MAXIMUM     78.7              79.0    -0.3     84.2
AVG. MINIMUM     64.5              63.8     0.7     64.0
MEAN             71.6              71.4     0.2     74.1
DAYS MAX >= 90      0               0.0     0.0        0
DAYS MAX <= 32      0               0.0     0.0        0
DAYS MIN <= 32      0               0.0     0.0        0
DAYS MIN <= 0       0               0.0     0.0        0

PRECIPITATION (INCHES)
RECORD
 MAXIMUM        32.24   1979
 MINIMUM         0.13   1998
TOTALS          12.34              9.26    3.08     1.29
DAILY AVG.       0.40              0.30    0.10     0.04
DAYS >= .01        17              16.3     0.7       10
DAYS >= .10         7              11.2    -4.2        7
DAYS >= .50         4               5.1    -1.1        0
DAYS >= 1.00        1               2.7    -1.7        0
GREATEST
 24 HR. TOTAL    9.19   01/24 TO 01/24              0.33

SNOWFALL (INCHES)
RECORDS
 TOTAL            0.0   5
                        0
                        -26215
TOTALS            0.0               0.0     0.0      0.0
SINCE 7/1         0.0               0.0     0.0      0.0
SNOWDEPTH AVG.      0                MM      MM        0
DAYS >= 1.0         0               0.0     0.0        0
GREATEST
 SNOW DEPTH         0   MM                             0  MM
 24 HR TOTAL      0.0   01/31 TO 01/31               0.0

DEGREE_DAYS
HEATING TOTAL       0                 0       0        0
 SINCE 7/1          0                 0       0        0
COOLING TOTAL     210               198      12      287
 SINCE 1/1        210               197      13      287
.................................................................

WIND (MPH)
AVERAGE WIND SPEED              7.3
HIGHEST WIND SPEED/DIRECTION    23/010    DATE  01/29
HIGHEST GUST SPEED/DIRECTION    29/010    DATE  01/29

SKY COVER
POSSIBLE SUNSHINE (PERCENT)   MM
AVERAGE SKY COVER           0.60
NUMBER OF DAYS FAIR            7
NUMBER OF DAYS PC             15
NUMBER OF DAYS CLOUDY          9

AVERAGE RH (PERCENT)     74

WEATHER CONDITIONS. NUMBER OF DAYS WITH
THUNDERSTORM              0     MIXED PRECIP               0
HEAVY RAIN                5     RAIN                       8
LIGHT RAIN               19     FREEZING RAIN              0
LT FREEZING RAIN          0     HAIL                       0
HEAVY SNOW                0     SNOW                       0
LIGHT SNOW                0     SLEET                      0
FOG                      18     FOG W/VIS <= 1/4 MILE      0
HAZE                     10

-  INDICATES NEGATIVE NUMBERS.
R  INDICATES RECORD WAS SET OR TIED.
MM INDICATES DATA IS MISSING.
T  INDICATES TRACE AMOUNT.

$$
