000
CXUS53 KGLD 041553
CLMITR

CLIMATE REPORT
NATIONAL WEATHER SERVICE GOODLAND
833 AM MST WED JAN 4 2017

...................................

...THE BURLINGTON CLIMATE SUMMARY FOR THE MONTH OF DECEMBER 2016...

CLIMATE NORMAL PERIOD 1981 TO 2010
CLIMATE RECORD PERIOD 1896 TO 2016

WEATHER         OBSERVED          NORMAL  DEPART  LAST YEAR`S
                 VALUE   DATE(S)  VALUE   FROM    VALUE  DATE(S)
                                          NORMAL
................................................................
TEMPERATURE (F)
RECORD
 HIGH              81   12/06/1939
 LOW              -22   12/09/1919
HIGHEST            66   12/30        66       0       72  12/09
LOWEST            -15   12/17               -14        6  12/29
                                                          12/24
                                                          12/17
AVG. MAXIMUM     41.5              41.9    -0.4     45.5
AVG. MINIMUM     12.1              15.9    -3.8     19.7
MEAN             26.8              28.9    -2.1     32.6
DAYS MAX >= 90      0               0.0     0.0        0
DAYS MAX <= 32      5               6.6    -1.6        5
DAYS MIN <= 32     31              30.5     0.5       29
DAYS MIN <= 0       5               1.4     3.6        0

PRECIPITATION (INCHES)
RECORD
 MAXIMUM         3.83   1913
 MINIMUM         0.00   2002
TOTALS           0.34              0.43   -0.09     0.26
DAILY AVG.       0.01              0.01    0.00     0.01
DAYS >= .01         3                MM      MM        4
DAYS >= .10         2                MM      MM        2
DAYS >= .50         0                MM      MM        0
DAYS >= 1.00        0                MM      MM        0
GREATEST
 24 HR. TOTAL    0.16   12/25                       0.12  12/24


.................................................................



-  INDICATES NEGATIVE NUMBERS.
R  INDICATES RECORD WAS SET OR TIED.
MM INDICATES DATA IS MISSING.
T  INDICATES TRACE AMOUNT.

$$
