000
CXUS51 KCTP 011017
CLMJST

PHLCLMJST 000
TTAA00 KCTP 010932


CLIMATE REPORT
NATIONAL WEATHER SERVICE STATE COLLEGE PA
615 AM EDT THU SEP 1 2016

...................................

...THE JOHNSTOWN CLIMATE SUMMARY FOR THE MONTH OF AUGUST 2016...

CLIMATE NORMAL PERIOD 1981 TO 2010
CLIMATE RECORD PERIOD 1892 TO 2016

WEATHER         OBSERVED          NORMAL  DEPART  LAST YEAR`S
                 VALUE   DATE(S)  VALUE   FROM    VALUE  DATE(S)
                                          NORMAL
................................................................
TEMPERATURE (F)
RECORD
 HIGH             103   08/07/1918
                        08/06/1918
 LOW               32   08/31/1894
HIGHEST            88   08/13                         86  08/17
LOWEST             55   08/23                         49  08/28
AVG. MAXIMUM     80.7              76.3     4.4     76.8
AVG. MINIMUM     64.2              59.4     4.8     59.2
MEAN             72.5              67.8     4.7     68.0
DAYS MAX >= 90      0                MM      MM        0
DAYS MAX <= 32      0                MM      MM        0
DAYS MIN <= 32      0                MM      MM        0
DAYS MIN <= 0       0                MM      MM        0

PRECIPITATION (INCHES)
RECORD
 MAXIMUM        10.14   1975
 MINIMUM         0.89   1894
TOTALS           4.65              3.80    0.85     2.70
DAILY AVG.       0.15              0.12    0.03     0.09
DAYS >= .01        12                MM      MM        7
DAYS >= .10         9                MM      MM        6
DAYS >= .50         5                MM      MM        2
DAYS >= 1.00        0                MM      MM        0
GREATEST
 24 HR. TOTAL    0.94   08/28 TO 08/28
                        08/27 TO 08/28
                        08/28 TO 08/28

DEGREE_DAYS
HEATING TOTAL       0                29     -29       23
 SINCE 7/1         11                42     -31       30
COOLING TOTAL     239               118     121      125
 SINCE 1/1        603               360     243      455
.....................................................

WIND (MPH)
AVERAGE WIND SPEED              6.7
HIGHEST WIND SPEED/DIRECTION    29/270    DATE  08/16
HIGHEST GUST SPEED/DIRECTION    41/280    DATE  08/16

SKY COVER
POSSIBLE SUNSHINE (PERCENT)   MM
AVERAGE SKY COVER           0.40
NUMBER OF DAYS FAIR           13
NUMBER OF DAYS PC             16
NUMBER OF DAYS CLOUDY          2

AVERAGE RH (PERCENT)     75

WEATHER CONDITIONS. NUMBER OF DAYS WITH
THUNDERSTORM              9     MIXED PRECIP               0
HEAVY RAIN                7     RAIN                       7
LIGHT RAIN               14     FREEZING RAIN              0
LT FREEZING RAIN          0     HAIL                       0
HEAVY SNOW                0     SNOW                       0
LIGHT SNOW                0     SLEET                      0
FOG                      19     FOG W/VIS <= 1/4 MILE      4
HAZE                      5

-  INDICATES NEGATIVE NUMBERS.
R  INDICATES RECORD WAS SET OR TIED.
MM INDICATES DATA IS MISSING.
T  INDICATES TRACE AMOUNT.

&&

$$

MARTIN
