000
CXUS54 KLUB 011631
CLMLBB


CLIMATE REPORT
NATIONAL WEATHER SERVICE LUBBOCK, TX
1131 AM CDT THU JUN 1 2017

...................................

...THE LUBBOCK CLIMATE SUMMARY FOR THE MONTH OF MAY 2017...

CLIMATE NORMAL PERIOD 1981 TO 2010
CLIMATE RECORD PERIOD 1911 TO 2017

WEATHER         OBSERVED          NORMAL  DEPART  LAST YEAR`S
                 VALUE   DATE(S)  VALUE   FROM    VALUE  DATE(S)
                                          NORMAL
................................................................
TEMPERATURE (F)
RECORD
 HIGH             109   05/24/2000
 LOW               27   05/03/2013
HIGHEST           102   05/25                         95  05/07
LOWEST             40   05/01                         39  05/02
AVG. MAXIMUM     85.5              83.8     1.7     81.2
AVG. MINIMUM     53.6              55.9    -2.3     54.5
MEAN             69.6              69.8    -0.2     67.8
DAYS MAX >= 90      9               8.5     0.5        6
DAYS MAX <= 32      0               0.0     0.0        0
DAYS MIN <= 32      0               0.0     0.0        0
DAYS MIN <= 0       0               0.0     0.0        0

PRECIPITATION (INCHES)
RECORD
 MAXIMUM        12.69   1941
 MINIMUM            T   1927
TOTALS           0.58              2.30   -1.72     3.66
DAILY AVG.       0.02              0.07   -0.05     0.12
DAYS >= .01         3                                 10
DAYS >= .10         2                                  6
DAYS >= .50         0                                  2
DAYS >= 1.00        0                                  1
GREATEST
 24 HR. TOTAL    0.45   05/10 TO 05/10

DEGREE_DAYS
HEATING TOTAL      23                40     -17       83
 SINCE 7/1       2468              3377    -909     2854
COOLING TOTAL     173               190     -17      176
 SINCE 1/1        302               246      56      227
.................................................................

WIND (MPH)
AVERAGE WIND SPEED              13.8
HIGHEST WIND SPEED/DIRECTION    41/290    DATE  05/16
HIGHEST GUST SPEED/DIRECTION    51/290    DATE  05/16

SKY COVER
POSSIBLE SUNSHINE (PERCENT)   MM
AVERAGE SKY COVER           0.40
NUMBER OF DAYS FAIR           15
NUMBER OF DAYS PC             15
NUMBER OF DAYS CLOUDY          1

AVERAGE RH (PERCENT)     44

WEATHER CONDITIONS. NUMBER OF DAYS WITH
THUNDERSTORM              0     MIXED PRECIP               0
HEAVY RAIN                2     RAIN                       1
LIGHT RAIN                8     FREEZING RAIN              0
LT FREEZING RAIN          0     HAIL                       0
HEAVY SNOW                0     SNOW                       0
LIGHT SNOW                0     SLEET                      0
FOG                       4     FOG W/VIS <= 1/4 MILE      0
HAZE                      7

-  INDICATES NEGATIVE NUMBERS.
R  INDICATES RECORD WAS SET OR TIED.
MM INDICATES DATA IS MISSING.
T  INDICATES TRACE AMOUNT.

$$
