000
CXUS54 KLUB 011525
CLMLBB


CLIMATE REPORT
NATIONAL WEATHER SERVICE LUBBOCK, TX
918 AM CST THU FEB 1 2018

...................................

...THE LUBBOCK CLIMATE SUMMARY FOR THE MONTH OF JANUARY 2018...

CLIMATE NORMAL PERIOD 1981 TO 2010
CLIMATE RECORD PERIOD 1911 TO 2018

WEATHER         OBSERVED          NORMAL  DEPART  LAST YEAR`S
                 VALUE   DATE(S)  VALUE   FROM    VALUE  DATE(S)
                                          NORMAL
................................................................
TEMPERATURE (F)
RECORD
 HIGH              87   01/17/1914
 LOW              -16   01/13/1963
HIGHEST            83   01/31                         81  01/09
LOWEST              4   01/01                          7  01/07
AVG. MAXIMUM     56.9              54.1     2.8     56.9
AVG. MINIMUM     22.7              26.4    -3.7     30.6
MEAN             39.8              40.2    -0.4     43.8
DAYS MAX >= 90      0               0.0     0.0        0
DAYS MAX <= 32      2               1.9     0.1        1
DAYS MIN <= 32     27              24.4     2.6       18
DAYS MIN <= 0       0               0.1    -0.1        0

PRECIPITATION (INCHES)
RECORD
 MAXIMUM         4.05   1949
 MINIMUM         0.00   2014
                        1986
                        1971
TOTALS              T              0.65   -0.65     2.03
DAILY AVG.          T              0.02   -0.02     0.07
DAYS >= .01         0                                  6
DAYS >= .10         0                                  3
DAYS >= .50         0                                  2
DAYS >= 1.00        0                                  0
GREATEST
 24 HR. TOTAL       T   01/10 TO 01/10

SNOWFALL (INCHES)
RECORDS
 TOTAL           25.3   1983
 24 HR TOTAL     16.3   01/20/1983 TO 01/21/1983
 SNOW DEPTH        17   01/21/1983
                        01/22/1983
TOTALS              T               2.6    -2.6      0.2
SINCE 7/1         0.3               5.8    -5.5      0.2
SNOWDEPTH AVG.      0                MM      MM        0
DAYS >= TRACE       1               1.9    -0.9        1
DAYS >= 1.0         0               0.7    -0.7        0
GREATEST
 SNOW DEPTH         T   01/01                          0  MM
 24 HR TOTAL        T   01/02 TO 01/02           01/15 TO 01/15
                                                          01/15 TO 01/15
                                                          01/15 TO 01/15

DEGREE_DAYS
HEATING TOTAL     774               767       7      653
 SINCE 7/1       1986              2165    -179     1723
COOLING TOTAL       0                 0       0        0
 SINCE 1/1          0                 0       0        0
......................................................

WIND (MPH)
AVERAGE WIND SPEED              11.1
HIGHEST WIND SPEED/DIRECTION    39/250    DATE  01/21
HIGHEST GUST SPEED/DIRECTION    49/230    DATE  01/21

SKY COVER
POSSIBLE SUNSHINE (PERCENT)   MM
AVERAGE SKY COVER           0.40
NUMBER OF DAYS FAIR           15
NUMBER OF DAYS PC             15
NUMBER OF DAYS CLOUDY          1

AVERAGE RH (PERCENT)     41

WEATHER CONDITIONS. NUMBER OF DAYS WITH
THUNDERSTORM              0     MIXED PRECIP               0
HEAVY RAIN                0     RAIN                       0
LIGHT RAIN                2     FREEZING RAIN              0
LT FREEZING RAIN          0     HAIL                       0
HEAVY SNOW                0     SNOW                       0
LIGHT SNOW                1     SLEET                      0
FOG                       1     FOG W/VIS <= 1/4 MILE      0
HAZE                      8

-  INDICATES NEGATIVE NUMBERS.
R  INDICATES RECORD WAS SET OR TIED.
MM INDICATES DATA IS MISSING.
T  INDICATES TRACE AMOUNT.

$$
