000
CXUS53 KLBF 011057
CLMLBF


CLIMATE REPORT
NATIONAL WEATHER SERVICE NORTH PLATTE
556 AM CDT SAT AUG 1 2015

...................................

...THE NORTH PLATTE NE CLIMATE SUMMARY FOR THE MONTH OF JULY 2015...

CLIMATE NORMAL PERIOD 1981 TO 2010
CLIMATE RECORD PERIOD 1874 TO 2015

WEATHER         OBSERVED          NORMAL  DEPART  LAST YEAR`S
                 VALUE   DATE(S)  VALUE   FROM    VALUE  DATE(S)
                                          NORMAL
................................................................
TEMPERATURE (F)
RECORD
 HIGH             112   07/11/1954
 LOW               39   07/04/1997
HIGHEST            98   07/17       100      -2      100  07/24
                        07/14
                        07/12
LOWEST             49   07/07        48       1       44  07/15
AVG. MAXIMUM     87.9              88.2    -0.3     86.1
AVG. MINIMUM     60.4              60.4     0.0     57.6
MEAN             74.2              74.3    -0.1     71.8
DAYS MAX >= 90     12              13.0    -1.0        8
DAYS MAX <= 32      0               0.0     0.0        0
DAYS MIN <= 32      0               0.0     0.0        0
DAYS MIN <= 0       0               0.0     0.0        0

PRECIPITATION (INCHES)
RECORD
 MAXIMUM         8.47   1879
 MINIMUM         0.14   2014
TOTALS           2.55              3.07   -0.52     0.14
DAILY AVG.       0.08              0.10   -0.02     0.00
DAYS >= .01        10              10.3    -0.3        3
DAYS >= .10         5               6.0    -1.0        0
DAYS >= .50         1               2.3    -1.3        0
DAYS >= 1.00        1               0.8     0.2        0
GREATEST
 24 HR. TOTAL    1.80   07/15 TO 07/15           07/09 TO 07/09
                        07/14 TO 07/15                    07/09 TO 07/09
                        07/15 TO 07/15                    07/09 TO 07/09

SNOWFALL (INCHES)
RECORDS
 TOTAL              T   2010
                        2009
                        2008
TOTALS            0.0               0.0     0.0      0.0
SINCE 7/1         0.0               0.0     0.0      0.0
SNOWDEPTH AVG.      0                MM      MM        0
DAYS >= 1.0         0               0.0     0.0        0
GREATEST
 SNOW DEPTH         0   MM                             0  MM
 24 HR TOTAL      0.0   07/31 TO 07/31

DEGREE_DAYS
HEATING TOTAL       6                 5       1       17
 SINCE 7/1          6                 5       1       17
COOLING TOTAL     298               293       5      235
 SINCE 1/1        478               459      19      415
..........................................................

WIND (MPH)
AVERAGE WIND SPEED              7.2
HIGHEST WIND SPEED/DIRECTION    37/300    DATE  07/26
HIGHEST GUST SPEED/DIRECTION    49/300    DATE  07/26

SKY COVER
POSSIBLE SUNSHINE (PERCENT)   MM
AVERAGE SKY COVER           0.20
NUMBER OF DAYS FAIR           24
NUMBER OF DAYS PC              6
NUMBER OF DAYS CLOUDY          1

AVERAGE RH (PERCENT)     66

WEATHER CONDITIONS. NUMBER OF DAYS WITH
THUNDERSTORM              0     MIXED PRECIP               0
HEAVY RAIN                2     RAIN                       5
LIGHT RAIN               15     FREEZING RAIN              0
LT FREEZING RAIN          0     HAIL                       0
HEAVY SNOW                0     SNOW                       0
LIGHT SNOW                0     SLEET                      0
FOG                       8     FOG W/VIS <= 1/4 MILE      2
HAZE                      2

-  INDICATES NEGATIVE NUMBERS.
R  INDICATES RECORD WAS SET OR TIED.
MM INDICATES DATA IS MISSING.
T  INDICATES TRACE AMOUNT.

$$
